000
CDUS41 KCLE 130529
CLITOL


CLIMATE REPORT
NATIONAL WEATHER SERVICE CLEVELAND OH
128 AM EDT WED JUL 13 2016


...................................

...THE TOLEDO OH CLIMATE SUMMARY FOR JULY 12 2016...

CLIMATE NORMAL PERIOD 1981 TO 2010
CLIMATE RECORD PERIOD 1873 TO 2016


WEATHER ITEM   OBSERVED TIME   RECORD YEAR NORMAL DEPARTURE LAST
                VALUE   (LST)  VALUE       VALUE  FROM      YEAR
                                                  NORMAL
..................................................................
TEMPERATURE (F)
 YESTERDAY
  MAXIMUM         92    259 PM  99    1936  85      7       75
  MINIMUM         65    545 AM  45    1978  63      2       65
  AVERAGE         79                        74      5       70

PRECIPITATION (IN)
  YESTERDAY        0.00                      0.10  -0.10     0.25
  MONTH TO DATE    0.96                      1.19  -0.23     3.12
  SINCE JUN 1      2.58                      4.76  -2.18    10.34
  SINCE JAN 1     16.34                     18.13  -1.79    22.24

SNOWFALL (IN)
  YESTERDAY        0.0                       0.0    0.0      0.0
  MONTH TO DATE    0.0                       0.0    0.0      0.0
  SINCE JUN 1      0.0                       0.0    0.0      0.0
  SINCE JUL 1      0.0                       0.0    0.0      0.0
  SNOW DEPTH       0

DEGREE DAYS
 HEATING
  YESTERDAY        0                         0      0        0
  MONTH TO DATE    1                         0      1        2
  SINCE JUN 1     14                        35    -21       37
  SINCE JUL 1      1                         0      1        2

 COOLING
  YESTERDAY       14                         9      5        5
  MONTH TO DATE   96                       106    -10       28
  SINCE JUN 1    286                       276     10      161
  SINCE JAN 1    355                       329     26      254
..................................................................


WIND (MPH)
  HIGHEST WIND SPEED    18   HIGHEST WIND DIRECTION     S (200)
  HIGHEST GUST SPEED    26   HIGHEST GUST DIRECTION     S (200)
  AVERAGE WIND SPEED     7.4


SKY COVER
  POSSIBLE SUNSHINE  MM
  AVERAGE SKY COVER 0.1


WEATHER CONDITIONS
 THE FOLLOWING WEATHER WAS RECORDED YESTERDAY.
  NO SIGNIFICANT WEATHER WAS OBSERVED.


RELATIVE HUMIDITY (PERCENT)
 HIGHEST    87           400 AM
 LOWEST     44           500 PM
 AVERAGE    66

..........................................................


THE TOLEDO OH CLIMATE NORMALS FOR TODAY
                         NORMAL    RECORD    YEAR
 MAXIMUM TEMPERATURE (F)   85       100      1936
 MINIMUM TEMPERATURE (F)   63        47      1940


SUNRISE AND SUNSET
JULY 13 2016..........SUNRISE   613 AM EDT   SUNSET   909 PM EDT
JULY 14 2016..........SUNRISE   614 AM EDT   SUNSET   908 PM EDT


-  INDICATES NEGATIVE NUMBERS.
R  INDICATES RECORD WAS SET OR TIED.
MM INDICATES DATA IS MISSING.
T  INDICATES TRACE AMOUNT.




$$
