000
CDUS41 KCLE 192111
CLITOL


CLIMATE REPORT
NATIONAL WEATHER SERVICE CLEVELAND OH
510 PM EDT MON SEP 19 2016


...................................

...THE TOLEDO OH CLIMATE SUMMARY FOR SEPTEMBER 19 2016...
VALID TODAY AS OF 0500 PM LOCAL TIME.

CLIMATE NORMAL PERIOD 1981 TO 2010
CLIMATE RECORD PERIOD 1873 TO 2016


WEATHER ITEM   OBSERVED TIME   RECORD YEAR NORMAL DEPARTURE LAST
                VALUE   (LST)  VALUE       VALUE  FROM      YEAR
                                                  NORMAL
..................................................................
TEMPERATURE (F)
 TODAY
  MAXIMUM         84    300 PM  93    1955  74     10       72
                                      1895
  MINIMUM         58    629 AM  35    1973  51      7       52
  AVERAGE         71                        63      8       62

PRECIPITATION (IN)
  TODAY            0.00                      0.09  -0.09     0.51
  MONTH TO DATE    2.19                      1.78   0.41     1.18
  SINCE SEP 1      2.19                      1.78   0.41     1.18
  SINCE JAN 1     25.50                     25.10   0.40    29.51

SNOWFALL (IN)
  TODAY            0.0                       0.0    0.0      0.0
  MONTH TO DATE    0.0                       0.0    0.0      0.0
  SINCE SEP 1      0.0                       0.0    0.0      0.0
  SINCE JUL 1      0.0                       0.0    0.0      0.0
  SNOW DEPTH       0

DEGREE DAYS
 HEATING
  TODAY            0                         4     -4        3
  MONTH TO DATE    3                        42    -39       26
  SINCE SEP 1      3                        42    -39       26
  SINCE JUL 1      4                        56    -52       38

 COOLING
  TODAY            6                         2      4        0
  MONTH TO DATE   90                        67     23      123
  SINCE SEP 1     90                        67     23      123
  SINCE JAN 1    979                       769    210      704
..................................................................


WIND (MPH)
  HIGHEST WIND SPEED     6   HIGHEST WIND DIRECTION     S (190)
  HIGHEST GUST SPEED     8   HIGHEST GUST DIRECTION     W (290)


SKY COVER
  POSSIBLE SUNSHINE  MM
  AVERAGE SKY COVER 0.0


WEATHER CONDITIONS
 THE FOLLOWING WEATHER WAS RECORDED TODAY.
  NO SIGNIFICANT WEATHER WAS OBSERVED.


RELATIVE HUMIDITY (PERCENT)
 HIGHEST   100          1200 AM
 LOWEST     34           200 PM
 AVERAGE    67

..........................................................


THE TOLEDO OH CLIMATE NORMALS FOR TOMORROW
                         NORMAL    RECORD    YEAR
 MAXIMUM TEMPERATURE (F)   74        93      1895
 MINIMUM TEMPERATURE (F)   51        33      1962
                                             1956


SUNRISE AND SUNSET
SEPTEMBER 19 2016.....SUNRISE   720 AM EDT   SUNSET   737 PM EDT
SEPTEMBER 20 2016.....SUNRISE   721 AM EDT   SUNSET   735 PM EDT


-  INDICATES NEGATIVE NUMBERS.
R  INDICATES RECORD WAS SET OR TIED.
MM INDICATES DATA IS MISSING.
T  INDICATES TRACE AMOUNT.




$$
