000
CDUS41 KCLE 172118
CLITOL


CLIMATE REPORT
NATIONAL WEATHER SERVICE CLEVELAND OH
516 PM EDT TUE MAY 17 2016


...................................

...THE TOLEDO OH CLIMATE SUMMARY FOR MAY 17 2016...
VALID TODAY AS OF 0500 PM LOCAL TIME.

CLIMATE NORMAL PERIOD 1981 TO 2010
CLIMATE RECORD PERIOD 1873 TO 2016


WEATHER ITEM   OBSERVED TIME   RECORD YEAR NORMAL DEPARTURE LAST
                VALUE   (LST)  VALUE       VALUE  FROM      YEAR
                                                  NORMAL
..................................................................
TEMPERATURE (F)
 TODAY
  MAXIMUM         62    214 PM  95    1962  71     -9       82
  MINIMUM         51    843 AM  30    1973  49      2       63
  AVERAGE         57                        60     -3       73

PRECIPITATION (IN)
  TODAY            0.06                      0.11  -0.05     0.21
  MONTH TO DATE    1.41                      1.88  -0.47     1.52
  SINCE MAR 1     10.51                      7.55   2.96     5.55
  SINCE JAN 1     13.73                     11.67   2.06     9.17

SNOWFALL (IN)
  TODAY            0.0                       0.0    0.0      0.0
  MONTH TO DATE    0.0                       0.1   -0.1      0.0
  SINCE MAR 1     11.4                       7.1    4.3      5.4
  SINCE JUL 1     26.4                      37.6  -11.2     45.7
  SNOW DEPTH       0

DEGREE DAYS
 HEATING
  TODAY            8                         6      2        0
  MONTH TO DATE  181                       142     39       66
  SINCE MAR 1   1403                      1468    -65     1539
  SINCE JUL 1   5301                      6044   -743     6795

 COOLING
  TODAY            0                         1     -1        8
  MONTH TO DATE    2                        14    -12       46
  SINCE MAR 1      2                        22    -20       46
  SINCE JAN 1      2                        22    -20       46
..................................................................


WIND (MPH)
  HIGHEST WIND SPEED    21   HIGHEST WIND DIRECTION     N (20)
  HIGHEST GUST SPEED    25   HIGHEST GUST DIRECTION     N (20)


SKY COVER
  POSSIBLE SUNSHINE  MM
  AVERAGE SKY COVER 0.9


WEATHER CONDITIONS
 THE FOLLOWING WEATHER WAS RECORDED TODAY.
  LIGHT RAIN
  FOG


RELATIVE HUMIDITY (PERCENT)
 HIGHEST    89           900 AM
 LOWEST     51          1200 AM
 AVERAGE    70

..........................................................


THE TOLEDO OH CLIMATE NORMALS FOR TOMORROW
                         NORMAL    RECORD    YEAR
 MAXIMUM TEMPERATURE (F)   72        95      1962
 MINIMUM TEMPERATURE (F)   49        30      1973


SUNRISE AND SUNSET
MAY 17 2016...........SUNRISE   613 AM EDT   SUNSET   850 PM EDT
MAY 18 2016...........SUNRISE   613 AM EDT   SUNSET   851 PM EDT


-  INDICATES NEGATIVE NUMBERS.
R  INDICATES RECORD WAS SET OR TIED.
MM INDICATES DATA IS MISSING.
T  INDICATES TRACE AMOUNT.




$$
