000
CDUS41 KCLE 222112
CLITOL


CLIMATE REPORT
NATIONAL WEATHER SERVICE CLEVELAND OH
512 PM EDT FRI AUG 22 2014


...................................

...THE TOLEDO OH CLIMATE SUMMARY FOR AUGUST 22 2014...
VALID TODAY AS OF 0500 PM LOCAL TIME.

CLIMATE NORMAL PERIOD 1981 TO 2010
CLIMATE RECORD PERIOD 1873 TO 2014


WEATHER ITEM   OBSERVED TIME   RECORD YEAR NORMAL DEPARTURE LAST
                VALUE   (LST)  VALUE       VALUE  FROM      YEAR
                                                  NORMAL
..................................................................
TEMPERATURE (F)
 TODAY
  MAXIMUM         83   1227 PM 101    1936  82      1       83
  MINIMUM         68    208 AM  45    1923  61      7       67
  AVERAGE         76                        71      5       75

PRECIPITATION (IN)
  TODAY            0.06                      0.09  -0.03     0.05
  MONTH TO DATE    2.53                      2.26   0.27     1.55
  SINCE JUN 1      7.34                      9.06  -1.72    11.84
  SINCE JAN 1     21.19                     22.43  -1.24    26.34

SNOWFALL (IN)
  TODAY            0.0                       0.0    0.0      0.0
  MONTH TO DATE    0.0                       0.0    0.0      0.0
  SINCE JUN 1      0.0                       0.0    0.0      0.0
  SINCE JUL 1      0.0                       0.0    0.0      0.0
  SNOW DEPTH       0

DEGREE DAYS
 HEATING
  TODAY            0                         0      0        0
  MONTH TO DATE    5                         0      5       16
  SINCE JUN 1     30                        38     -8       60
  SINCE JUL 1     14                         3     11       29

 COOLING
  TODAY           11                         7      4       10
  MONTH TO DATE  120                       163    -43       91
  SINCE JUN 1    448                       598   -150      498
  SINCE JAN 1    510                       651   -141      592
..................................................................


WIND (MPH)
  HIGHEST WIND SPEED     8   HIGHEST WIND DIRECTION     N (10)
  HIGHEST GUST SPEED    12   HIGHEST GUST DIRECTION     N (360)


SKY COVER
  POSSIBLE SUNSHINE  MM
  AVERAGE SKY COVER 0.7


WEATHER CONDITIONS
 THE FOLLOWING WEATHER WAS RECORDED TODAY.
  HEAVY RAIN
  RAIN
  LIGHT RAIN
  FOG


RELATIVE HUMIDITY (PERCENT)
 HIGHEST   100          1200 AM
 LOWEST     69           100 PM
 AVERAGE    85

..........................................................


THE TOLEDO OH CLIMATE NORMALS FOR TOMORROW
                         NORMAL    RECORD    YEAR
 MAXIMUM TEMPERATURE (F)   82        96      1936
 MINIMUM TEMPERATURE (F)   60        43      1973


SUNRISE AND SUNSET
AUGUST 22 2014........SUNRISE   651 AM EDT   SUNSET   824 PM EDT
AUGUST 23 2014........SUNRISE   652 AM EDT   SUNSET   823 PM EDT


-  INDICATES NEGATIVE NUMBERS.
R  INDICATES RECORD WAS SET OR TIED.
MM INDICATES DATA IS MISSING.
T  INDICATES TRACE AMOUNT.




$$
