000
CDUS41 KCLE 260539
CLITOL


CLIMATE REPORT
NATIONAL WEATHER SERVICE CLEVELAND OH
126 AM EDT SUN JUL 26 2015


...................................

...THE TOLEDO OH CLIMATE SUMMARY FOR JULY 25 2015...

CLIMATE NORMAL PERIOD 1981 TO 2010
CLIMATE RECORD PERIOD 1873 TO 2015


WEATHER ITEM   OBSERVED TIME   RECORD YEAR NORMAL DEPARTURE LAST
                VALUE   (LST)  VALUE       VALUE  FROM      YEAR
                                                  NORMAL
..................................................................
TEMPERATURE (F)
 YESTERDAY
  MAXIMUM         86    507 PM  97    1940  84      2       78
                                      1934
  MINIMUM         62    544 AM  50    2014  62      0       50
                                      1953
  AVERAGE         74                        73      1       64

PRECIPITATION (IN)
  YESTERDAY        0.48                      0.11   0.37      T
  MONTH TO DATE    4.78                      2.58   2.20     0.81
  SINCE JUN 1     12.00                      6.15   5.85     4.79
  SINCE JAN 1     23.90                     19.52   4.38    18.64

SNOWFALL (IN)
  YESTERDAY        0.0                       0.0    0.0      0.0
  MONTH TO DATE    0.0                       0.0    0.0      0.0
  SINCE JUN 1      0.0                       0.0    0.0      0.0
  SINCE JUL 1      0.0                       0.0    0.0      0.0
  SNOW DEPTH       0

DEGREE DAYS
 HEATING
  YESTERDAY        0                         0      0        1
  MONTH TO DATE    2                         0      2        6
  SINCE JUN 1     37                        35      2       22
  SINCE JUL 1      2                         0      2        6

 COOLING
  YESTERDAY        9                         8      1        0
  MONTH TO DATE  121                       219    -98      123
  SINCE JUN 1    254                       389   -135      314
  SINCE JAN 1    347                       442    -95      376
..................................................................


WIND (MPH)
  HIGHEST WIND SPEED    24   HIGHEST WIND DIRECTION    NW (330)
  HIGHEST GUST SPEED    31   HIGHEST GUST DIRECTION     N (340)
  AVERAGE WIND SPEED     7.6


SKY COVER
  POSSIBLE SUNSHINE  MM
  AVERAGE SKY COVER 0.2


WEATHER CONDITIONS
 THE FOLLOWING WEATHER WAS RECORDED YESTERDAY.
  THUNDERSTORM
  HEAVY RAIN
  LIGHT RAIN
  FOG


RELATIVE HUMIDITY (PERCENT)
 HIGHEST   100           600 AM
 LOWEST     51           300 PM
 AVERAGE    76

..........................................................


THE TOLEDO OH CLIMATE NORMALS FOR TODAY
                         NORMAL    RECORD    YEAR
 MAXIMUM TEMPERATURE (F)   84        98      1941
                                             1916
 MINIMUM TEMPERATURE (F)   62        50      1977


SUNRISE AND SUNSET
JULY 26 2015..........SUNRISE   624 AM EDT   SUNSET   859 PM EDT
JULY 27 2015..........SUNRISE   625 AM EDT   SUNSET   858 PM EDT


-  INDICATES NEGATIVE NUMBERS.
R  INDICATES RECORD WAS SET OR TIED.
MM INDICATES DATA IS MISSING.
T  INDICATES TRACE AMOUNT.




$$
