000
CDUS41 KCLE 230530
CLITOL


CLIMATE REPORT
NATIONAL WEATHER SERVICE CLEVELAND OH
1230 AM EST MON FEB 23 2015


...................................

...THE TOLEDO OH CLIMATE SUMMARY FOR FEBRUARY 22 2015...

CLIMATE NORMAL PERIOD 1981 TO 2010
CLIMATE RECORD PERIOD 1873 TO 2015


WEATHER ITEM   OBSERVED TIME   RECORD YEAR NORMAL DEPARTURE LAST
                VALUE   (LST)  VALUE       VALUE  FROM      YEAR
                                                  NORMAL
..................................................................
TEMPERATURE (F)
 YESTERDAY
  MAXIMUM         30    123 PM  66    1930  38     -8       37
  MINIMUM          2   1208 AM  -9    1963  22    -20       29
  AVERAGE         16                        30    -14       33

PRECIPITATION (IN)
  YESTERDAY        T                         0.07  -0.07     0.00
  MONTH TO DATE    1.52                      1.58  -0.06     3.83
  SINCE DEC 1      4.66                      6.31  -1.65    10.19
  SINCE JAN 1      3.57                      3.63  -0.06     7.12

SNOWFALL (IN)
  YESTERDAY        T                         0.3   -0.3      0.0
  MONTH TO DATE   24.5                       7.6   16.9     20.8
  SINCE DEC 1     36.7                      26.6   10.1     72.2
  SINCE JUL 1     39.5                      28.7   10.8     72.7
  SNOW DEPTH       9

DEGREE DAYS
 HEATING
  YESTERDAY       49                        35     14       32
  MONTH TO DATE 1121                       824    297     1021
  SINCE DEC 1   3476                      3140    336     3682
  SINCE JUL 1   4914                      4373    541     5030

 COOLING
  YESTERDAY        0                         0      0        0
  MONTH TO DATE    0                         0      0        0
  SINCE DEC 1      0                         0      0        0
  SINCE JAN 1      0                         0      0        0
..................................................................


WIND (MPH)
  HIGHEST WIND SPEED    17   HIGHEST WIND DIRECTION    NW (330)
  HIGHEST GUST SPEED    22   HIGHEST GUST DIRECTION    NW (310)
  AVERAGE WIND SPEED     7.8


SKY COVER
  POSSIBLE SUNSHINE  MM
  AVERAGE SKY COVER 0.7


WEATHER CONDITIONS
 THE FOLLOWING WEATHER WAS RECORDED YESTERDAY.
  LIGHT SNOW
  FOG
  HAZE


RELATIVE HUMIDITY (PERCENT)
 HIGHEST    92           400 AM
 LOWEST     56           800 PM
 AVERAGE    74

..........................................................


THE TOLEDO OH CLIMATE NORMALS FOR TODAY
                         NORMAL    RECORD    YEAR
 MAXIMUM TEMPERATURE (F)   38        65      2000
 MINIMUM TEMPERATURE (F)   22        -8      1978


SUNRISE AND SUNSET
FEBRUARY 23 2015......SUNRISE   719 AM EST   SUNSET   618 PM EST
FEBRUARY 24 2015......SUNRISE   718 AM EST   SUNSET   619 PM EST


-  INDICATES NEGATIVE NUMBERS.
R  INDICATES RECORD WAS SET OR TIED.
MM INDICATES DATA IS MISSING.
T  INDICATES TRACE AMOUNT.




$$
