000
CDUS41 KCLE 200554
CLITOL


CLIMATE REPORT
NATIONAL WEATHER SERVICE CLEVELAND OH
152 AM EDT SAT MAY 20 2017


...................................

...THE TOLEDO OH CLIMATE SUMMARY FOR MAY 19 2017...

CLIMATE NORMAL PERIOD 1981 TO 2010
CLIMATE RECORD PERIOD 1873 TO 2017


WEATHER ITEM   OBSERVED TIME   RECORD YEAR NORMAL DEPARTURE LAST
                VALUE   (LST)  VALUE       VALUE  FROM      YEAR
                                                  NORMAL
..................................................................
TEMPERATURE (F)
 YESTERDAY
  MAXIMUM         68   1211 AM  92    1996  72     -4       73
                                      1964
  MINIMUM         48   1159 PM  34    1894  49     -1       40
  AVERAGE         58                        61     -3       57

PRECIPITATION (IN)
  YESTERDAY        0.25                      0.12   0.13     0.00
  MONTH TO DATE    3.48                      2.12   1.36     1.41
  SINCE MAR 1     10.59                      7.79   2.80    10.51
  SINCE JAN 1     16.36                     11.91   4.45    13.73

SNOWFALL (IN)
  YESTERDAY        0.0                       0.0    0.0      0.0
  MONTH TO DATE    0.0                       0.1   -0.1      0.0
  SINCE MAR 1      5.4                       7.1   -1.7     11.4
  SINCE JUL 1     22.4                      37.6  -15.2     26.4
  SNOW DEPTH       0

DEGREE DAYS
 HEATING
  YESTERDAY        7                         6      1        8
  MONTH TO DATE  206                       154     52      200
  SINCE MAR 1   1416                      1480    -64     1422
  SINCE JUL 1   5261                      6056   -795     5320

 COOLING
  YESTERDAY        0                         2     -2        0
  MONTH TO DATE   30                        17     13        2
  SINCE MAR 1     38                        25     13        2
  SINCE JAN 1     38                        25     13        2
..................................................................


WIND (MPH)
  HIGHEST WIND SPEED    23   HIGHEST WIND DIRECTION     E (70)
  HIGHEST GUST SPEED    28   HIGHEST GUST DIRECTION     E (70)
  AVERAGE WIND SPEED    10.6


SKY COVER
  POSSIBLE SUNSHINE  MM
  AVERAGE SKY COVER 0.7


WEATHER CONDITIONS
 THE FOLLOWING WEATHER WAS RECORDED YESTERDAY.
  HEAVY RAIN
  RAIN
  LIGHT RAIN
  FOG


RELATIVE HUMIDITY (PERCENT)
 HIGHEST    93           500 PM
 LOWEST     63          1200 AM
 AVERAGE    78

..........................................................


THE TOLEDO OH CLIMATE NORMALS FOR TODAY
                         NORMAL    RECORD    YEAR
 MAXIMUM TEMPERATURE (F)   72        92      1962
 MINIMUM TEMPERATURE (F)   50        33      1981


SUNRISE AND SUNSET
MAY 20 2017...........SUNRISE   611 AM EDT   SUNSET   853 PM EDT
MAY 21 2017...........SUNRISE   610 AM EDT   SUNSET   854 PM EDT


-  INDICATES NEGATIVE NUMBERS.
R  INDICATES RECORD WAS SET OR TIED.
MM INDICATES DATA IS MISSING.
T  INDICATES TRACE AMOUNT.




$$
