000
CDUS41 KCLE 062111
CLITOL


CLIMATE REPORT
NATIONAL WEATHER SERVICE CLEVELAND OH
511 PM EDT WED SEP 6 2017


...................................

...THE TOLEDO OH CLIMATE SUMMARY FOR SEPTEMBER 6 2017...
VALID TODAY AS OF 0500 PM LOCAL TIME.

CLIMATE NORMAL PERIOD 1981 TO 2010
CLIMATE RECORD PERIOD 1873 TO 2017


WEATHER ITEM   OBSERVED TIME   RECORD YEAR NORMAL DEPARTURE LAST
                VALUE   (LST)  VALUE       VALUE  FROM      YEAR
                                                  NORMAL
..................................................................
TEMPERATURE (F)
 TODAY
  MAXIMUM         66    145 PM  95    1990  79    -13       90
                                      1881
  MINIMUM         46    638 AM  39    1976  57    -11       69
  AVERAGE         56                        68    -12       80

PRECIPITATION (IN)
  TODAY            0.02                      0.09  -0.07     0.00
  MONTH TO DATE    0.43                      0.57  -0.14     0.00
  SINCE SEP 1      0.43                      0.57  -0.14     0.00
  SINCE JAN 1     27.23                     23.89   3.34    23.31

SNOWFALL (IN)
  TODAY            0.0                       0.0    0.0      0.0
  MONTH TO DATE    0.0                       0.0    0.0      0.0
  SINCE SEP 1      0.0                       0.0    0.0      0.0
  SINCE JUL 1      0.0                       0.0    0.0      0.0
  SNOW DEPTH       0

DEGREE DAYS
 HEATING
  TODAY            9                         1      8        0
  MONTH TO DATE   21                         6     15        0
  SINCE SEP 1     21                         6     15        0
  SINCE JUL 1     35                        20     15        1

 COOLING
  TODAY            0                         4     -4       15
  MONTH TO DATE    9                        28    -19       23
  SINCE SEP 1      9                        28    -19       23
  SINCE JAN 1    602                       730   -128      912
..................................................................


WIND (MPH)
  HIGHEST WIND SPEED    15   HIGHEST WIND DIRECTION     W (270)
  HIGHEST GUST SPEED    17   HIGHEST GUST DIRECTION     W (270)


SKY COVER
  POSSIBLE SUNSHINE  MM
  AVERAGE SKY COVER 0.5


WEATHER CONDITIONS
 THE FOLLOWING WEATHER WAS RECORDED TODAY.
  THUNDERSTORM
  LIGHT RAIN
  FOG


RELATIVE HUMIDITY (PERCENT)
 HIGHEST   100           500 AM
 LOWEST     52           200 PM
 AVERAGE    76

..........................................................


THE TOLEDO OH CLIMATE NORMALS FOR TOMORROW
                         NORMAL    RECORD    YEAR
 MAXIMUM TEMPERATURE (F)   79        99      1939
 MINIMUM TEMPERATURE (F)   56        38      1988


SUNRISE AND SUNSET
SEPTEMBER  6 2017.....SUNRISE   707 AM EDT   SUNSET   800 PM EDT
SEPTEMBER  7 2017.....SUNRISE   708 AM EDT   SUNSET   758 PM EDT


-  INDICATES NEGATIVE NUMBERS.
R  INDICATES RECORD WAS SET OR TIED.
MM INDICATES DATA IS MISSING.
T  INDICATES TRACE AMOUNT.




$$
