000
CDUS41 KCLE 260530
CLITOL


CLIMATE REPORT
NATIONAL WEATHER SERVICE CLEVELAND OH
1230 AM EST MON JAN 26 2015


...................................

...THE TOLEDO OH CLIMATE SUMMARY FOR JANUARY 25 2015...

CLIMATE NORMAL PERIOD 1981 TO 2010
CLIMATE RECORD PERIOD 1873 TO 2015


WEATHER ITEM   OBSERVED TIME   RECORD YEAR NORMAL DEPARTURE LAST
                VALUE   (LST)  VALUE       VALUE  FROM      YEAR
                                                  NORMAL
..................................................................
TEMPERATURE (F)
 YESTERDAY
  MAXIMUM         35    318 AM  71    1950  33      2       29
  MINIMUM         18   1152 PM -16    1897  18      0        5
  AVERAGE         27                        25      2       17

PRECIPITATION (IN)
  YESTERDAY        0.05                      0.06  -0.01     0.20
  MONTH TO DATE    1.90                      1.68   0.22     3.06
  SINCE DEC 1      2.99                      4.36  -1.37     6.13
  SINCE JAN 1      1.90                      1.68   0.22     3.06

SNOWFALL (IN)
  YESTERDAY        0.9                       0.4    0.5      3.3
  MONTH TO DATE   12.2                       9.3    2.9     36.4
  SINCE DEC 1     12.2                      16.7   -4.5     47.6
  SINCE JUL 1     15.0                      18.8   -3.8     48.1
  SNOW DEPTH       1

DEGREE DAYS
 HEATING
  YESTERDAY       38                        40     -2       48
  MONTH TO DATE 1099                       991    108     1202
  SINCE DEC 1   2087                      2083      4     2353
  SINCE JUL 1   3525                      3316    209     3701

 COOLING
  YESTERDAY        0                         0      0        0
  MONTH TO DATE    0                         0      0        0
  SINCE DEC 1      0                         0      0        0
  SINCE JAN 1      0                         0      0        0
..................................................................


WIND (MPH)
  HIGHEST WIND SPEED    24   HIGHEST WIND DIRECTION    NE (60)
  HIGHEST GUST SPEED    30   HIGHEST GUST DIRECTION    NE (60)
  AVERAGE WIND SPEED    13.0


SKY COVER
  POSSIBLE SUNSHINE  MM
  AVERAGE SKY COVER 1.0


WEATHER CONDITIONS
 THE FOLLOWING WEATHER WAS RECORDED YESTERDAY.
  LIGHT SNOW
  FOG


RELATIVE HUMIDITY (PERCENT)
 HIGHEST    96           400 AM
 LOWEST     67           900 PM
 AVERAGE    82

..........................................................


THE TOLEDO OH CLIMATE NORMALS FOR TODAY
                         NORMAL    RECORD    YEAR
 MAXIMUM TEMPERATURE (F)   33        68      1950
 MINIMUM TEMPERATURE (F)   18       -16      1897


SUNRISE AND SUNSET
JANUARY 26 2015.......SUNRISE   753 AM EST   SUNSET   543 PM EST
JANUARY 27 2015.......SUNRISE   752 AM EST   SUNSET   544 PM EST


-  INDICATES NEGATIVE NUMBERS.
R  INDICATES RECORD WAS SET OR TIED.
MM INDICATES DATA IS MISSING.
T  INDICATES TRACE AMOUNT.




$$
