000
CDUS41 KCLE 220532
CLITOL


CLIMATE REPORT
NATIONAL WEATHER SERVICE CLEVELAND OH
1231 AM EST THU JAN 22 2015


...................................

...THE TOLEDO OH CLIMATE SUMMARY FOR JANUARY 21 2015...

CLIMATE NORMAL PERIOD 1981 TO 2010
CLIMATE RECORD PERIOD 1873 TO 2015


WEATHER ITEM   OBSERVED TIME   RECORD YEAR NORMAL DEPARTURE LAST
                VALUE   (LST)  VALUE       VALUE  FROM      YEAR
                                                  NORMAL
..................................................................
TEMPERATURE (F)
 YESTERDAY
  MAXIMUM         28    537 PM  70    1906  32     -4       14
  MINIMUM         24    717 AM -20    1984  18      6       -5
  AVERAGE         26                        25      1        5

PRECIPITATION (IN)
  YESTERDAY        0.08                      0.06   0.02     0.02
  MONTH TO DATE    1.85                      1.44   0.41     2.77
  SINCE DEC 1      2.94                      4.12  -1.18     5.84
  SINCE JAN 1      1.85                      1.44   0.41     2.77

SNOWFALL (IN)
  YESTERDAY        0.8                       0.4    0.4      0.6
  MONTH TO DATE   11.3                       7.7    3.6     30.9
  SINCE DEC 1     11.3                      15.1   -3.8     42.1
  SINCE JUL 1     14.1                      17.2   -3.1     42.6
  SNOW DEPTH       1

DEGREE DAYS
 HEATING
  YESTERDAY       39                        40     -1       60
  MONTH TO DATE  951                       831    120      971
  SINCE DEC 1   1939                      1923     16     2122
  SINCE JUL 1   3377                      3156    221     3470

 COOLING
  YESTERDAY        0                         0      0        0
  MONTH TO DATE    0                         0      0        0
  SINCE DEC 1      0                         0      0        0
  SINCE JAN 1      0                         0      0        0
..................................................................


WIND (MPH)
  HIGHEST WIND SPEED    15   HIGHEST WIND DIRECTION     E (70)
  HIGHEST GUST SPEED    20   HIGHEST GUST DIRECTION     E (70)
  AVERAGE WIND SPEED     4.9


SKY COVER
  POSSIBLE SUNSHINE  MM
  AVERAGE SKY COVER 1.0


WEATHER CONDITIONS
 THE FOLLOWING WEATHER WAS RECORDED YESTERDAY.
  LT FREEZING RAIN
  LIGHT SNOW
  FOG


RELATIVE HUMIDITY (PERCENT)
 HIGHEST   100           900 AM
 LOWEST     81           100 AM
 AVERAGE    91

..........................................................


THE TOLEDO OH CLIMATE NORMALS FOR TODAY
                         NORMAL    RECORD    YEAR
 MAXIMUM TEMPERATURE (F)   33        65      1933
 MINIMUM TEMPERATURE (F)   18       -12      1936


SUNRISE AND SUNSET
JANUARY 22 2015.......SUNRISE   756 AM EST   SUNSET   538 PM EST
JANUARY 23 2015.......SUNRISE   755 AM EST   SUNSET   539 PM EST


-  INDICATES NEGATIVE NUMBERS.
R  INDICATES RECORD WAS SET OR TIED.
MM INDICATES DATA IS MISSING.
T  INDICATES TRACE AMOUNT.




$$
