000
CDUS41 KCLE 092116
CLITOL


CLIMATE REPORT
NATIONAL WEATHER SERVICE CLEVELAND OH
516 PM EDT TUE SEP 9 2014


...................................

...THE TOLEDO OH CLIMATE SUMMARY FOR SEPTEMBER 9 2014...
VALID TODAY AS OF 0500 PM LOCAL TIME.

CLIMATE NORMAL PERIOD 1981 TO 2010
CLIMATE RECORD PERIOD 1873 TO 2014


WEATHER ITEM   OBSERVED TIME   RECORD YEAR NORMAL DEPARTURE LAST
                VALUE   (LST)  VALUE       VALUE  FROM      YEAR
                                                  NORMAL
..................................................................
TEMPERATURE (F)
 TODAY
  MAXIMUM         76    338 PM  95    2002  78     -2       85
  MINIMUM         55    645 AM  37    1883  56     -1       56
  AVERAGE         66                        67     -1       71

PRECIPITATION (IN)
  TODAY            0.00                      0.10  -0.10     0.52
  MONTH TO DATE    1.28                      0.86   0.42     0.63
  SINCE SEP 1      1.28                      0.86   0.42     0.63
  SINCE JAN 1     22.47                     24.18  -1.71    27.42

SNOWFALL (IN)
  TODAY            0.0                       0.0    0.0      0.0
  MONTH TO DATE    0.0                       0.0    0.0      0.0
  SINCE SEP 1      0.0                       0.0    0.0      0.0
  SINCE JUL 1      0.0                       0.0    0.0      0.0
  SNOW DEPTH       0

DEGREE DAYS
 HEATING
  TODAY            0                         2     -2        0
  MONTH TO DATE    2                        12    -10        5
  SINCE SEP 1      2                        12    -10        5
  SINCE JUL 1     16                        26    -10       34

 COOLING
  TODAY            1                         4     -3        6
  MONTH TO DATE   52                        40     12       31
  SINCE SEP 1     52                        40     12       31
  SINCE JAN 1    650                       742    -92      713
..................................................................


WIND (MPH)
  HIGHEST WIND SPEED     9   HIGHEST WIND DIRECTION     W (270)
  HIGHEST GUST SPEED    10   HIGHEST GUST DIRECTION     W (280)


SKY COVER
  POSSIBLE SUNSHINE  MM
  AVERAGE SKY COVER 0.1


WEATHER CONDITIONS
 THE FOLLOWING WEATHER WAS RECORDED TODAY.
  FOG


RELATIVE HUMIDITY (PERCENT)
 HIGHEST   100           300 AM
 LOWEST     53           200 PM
 AVERAGE    77

..........................................................


THE TOLEDO OH CLIMATE NORMALS FOR TOMORROW
                         NORMAL    RECORD    YEAR
 MAXIMUM TEMPERATURE (F)   78        97      2013
 MINIMUM TEMPERATURE (F)   55        38      1969


SUNRISE AND SUNSET
SEPTEMBER  9 2014.....SUNRISE   709 AM EDT   SUNSET   755 PM EDT
SEPTEMBER 10 2014.....SUNRISE   710 AM EDT   SUNSET   753 PM EDT


-  INDICATES NEGATIVE NUMBERS.
R  INDICATES RECORD WAS SET OR TIED.
MM INDICATES DATA IS MISSING.
T  INDICATES TRACE AMOUNT.




$$
