000
CDUS41 KCLE 100531
CLITOL


CLIMATE REPORT
NATIONAL WEATHER SERVICE CLEVELAND OH
1230 AM EST FRI FEB 10 2017


...................................

...THE TOLEDO OH CLIMATE SUMMARY FOR FEBRUARY 9 2017...

CLIMATE NORMAL PERIOD 1981 TO 2010
CLIMATE RECORD PERIOD 1873 TO 2017


WEATHER ITEM   OBSERVED TIME   RECORD YEAR NORMAL DEPARTURE LAST
                VALUE   (LST)  VALUE       VALUE  FROM      YEAR
                                                  NORMAL
..................................................................
TEMPERATURE (F)
 YESTERDAY
  MAXIMUM         26    236 AM  62    1966  34     -8       32
  MINIMUM         15   1159 PM -15    1899  20     -5       23
  AVERAGE         21                        27     -6       28

PRECIPITATION (IN)
  YESTERDAY        T                         0.07  -0.07     0.09
  MONTH TO DATE    0.97                      0.61   0.36     0.42
  SINCE DEC 1      7.60                      5.34   2.26     4.87
  SINCE JAN 1      5.12                      2.66   2.46     1.89

SNOWFALL (IN)
  YESTERDAY        T                         0.3   -0.3      0.7
  MONTH TO DATE    1.0                       3.3   -2.3      0.7
  SINCE DEC 1     17.0                      22.3   -5.3      6.6
  SINCE JUL 1     17.0                      24.4   -7.4     10.1
  SNOW DEPTH       T

DEGREE DAYS
 HEATING
  YESTERDAY       44                        38      6       37
  MONTH TO DATE  306                       348    -42      275
  SINCE DEC 1   2496                      2664   -168     2197
  SINCE JUL 1   3420                      3897   -477     3207

 COOLING
  YESTERDAY        0                         0      0        0
  MONTH TO DATE    0                         0      0        0
  SINCE DEC 1      0                         0      0        0
  SINCE JAN 1      0                         0      0        0
..................................................................


WIND (MPH)
  HIGHEST WIND SPEED    24   HIGHEST WIND DIRECTION     W (290)
  HIGHEST GUST SPEED    33   HIGHEST GUST DIRECTION     W (280)
  AVERAGE WIND SPEED    13.5


SKY COVER
  POSSIBLE SUNSHINE  MM
  AVERAGE SKY COVER 0.8


WEATHER CONDITIONS
 THE FOLLOWING WEATHER WAS RECORDED YESTERDAY.
  LIGHT SNOW


RELATIVE HUMIDITY (PERCENT)
 HIGHEST    81           300 AM
 LOWEST     57           300 PM
 AVERAGE    69

..........................................................


THE TOLEDO OH CLIMATE NORMALS FOR TODAY
                         NORMAL    RECORD    YEAR
 MAXIMUM TEMPERATURE (F)   35        61      1932
 MINIMUM TEMPERATURE (F)   20       -14      1899
                                             1885


SUNRISE AND SUNSET
FEBRUARY 10 2017......SUNRISE   737 AM EST   SUNSET   603 PM EST
FEBRUARY 11 2017......SUNRISE   735 AM EST   SUNSET   604 PM EST


-  INDICATES NEGATIVE NUMBERS.
R  INDICATES RECORD WAS SET OR TIED.
MM INDICATES DATA IS MISSING.
T  INDICATES TRACE AMOUNT.




$$
