000
CDUS41 KCLE 260546
CLITOL


CLIMATE REPORT
NATIONAL WEATHER SERVICE CLEVELAND OH
145 AM EDT FRI JUN 26 2015


...................................

...THE TOLEDO OH CLIMATE SUMMARY FOR JUNE 25 2015...

CLIMATE NORMAL PERIOD 1981 TO 2010
CLIMATE RECORD PERIOD 1873 TO 2015


WEATHER ITEM   OBSERVED TIME   RECORD YEAR NORMAL DEPARTURE LAST
                VALUE   (LST)  VALUE       VALUE  FROM      YEAR
                                                  NORMAL
..................................................................
TEMPERATURE (F)
 YESTERDAY
  MAXIMUM         70    643 PM 104    1988  84    -14       81
  MINIMUM         60    554 AM  39    1979  61     -1       67
  AVERAGE         65                        72     -7       74

PRECIPITATION (IN)
  YESTERDAY        0.12                      0.11   0.01     0.01
  MONTH TO DATE    3.77                      3.03   0.74     3.97
  SINCE JUN 1      3.77                      3.03   0.74     3.97
  SINCE JAN 1     15.67                     16.40  -0.73    17.82

SNOWFALL (IN)
  YESTERDAY        0.0                       0.0    0.0      0.0
  MONTH TO DATE    0.0                       0.0    0.0      0.0
  SINCE JUN 1      0.0                       0.0    0.0      0.0
  SINCE JUL 1     45.7                      37.6    8.1     86.3
  SNOW DEPTH       0

DEGREE DAYS
 HEATING
  YESTERDAY        0                         0      0        0
  MONTH TO DATE   27                        35     -8       16
  SINCE JUN 1     27                        35     -8       16
  SINCE JUL 1   6888                      6145    743     7132

 COOLING
  YESTERDAY        0                         8     -8        9
  MONTH TO DATE  126                       130     -4      136
  SINCE JUN 1    126                       130     -4      136
  SINCE JAN 1    219                       183     36      198
..................................................................


WIND (MPH)
  HIGHEST WIND SPEED    13   HIGHEST WIND DIRECTION    SW (210)
  HIGHEST GUST SPEED    16   HIGHEST GUST DIRECTION     S (200)
  AVERAGE WIND SPEED     3.2


SKY COVER
  POSSIBLE SUNSHINE  MM
  AVERAGE SKY COVER 0.7


WEATHER CONDITIONS
 THE FOLLOWING WEATHER WAS RECORDED YESTERDAY.
  HEAVY RAIN
  RAIN
  LIGHT RAIN
  FOG


RELATIVE HUMIDITY (PERCENT)
 HIGHEST   100          1000 PM
 LOWEST     78           100 AM
 AVERAGE    89

..........................................................


THE TOLEDO OH CLIMATE NORMALS FOR TODAY
                         NORMAL    RECORD    YEAR
 MAXIMUM TEMPERATURE (F)   84       100      1952
 MINIMUM TEMPERATURE (F)   61        40      1979


SUNRISE AND SUNSET
JUNE 26 2015..........SUNRISE   603 AM EDT   SUNSET   913 PM EDT
JUNE 27 2015..........SUNRISE   603 AM EDT   SUNSET   913 PM EDT


-  INDICATES NEGATIVE NUMBERS.
R  INDICATES RECORD WAS SET OR TIED.
MM INDICATES DATA IS MISSING.
T  INDICATES TRACE AMOUNT.




$$
