000
CDUS41 KCLE 100543
CLITOL


CLIMATE REPORT
NATIONAL WEATHER SERVICE CLEVELAND OH
1241 AM EST SAT FEB 10 2018


...................................

...THE TOLEDO OH CLIMATE SUMMARY FOR FEBRUARY 9 2018...

CLIMATE NORMAL PERIOD 1981 TO 2010
CLIMATE RECORD PERIOD 1873 TO 2018


WEATHER ITEM   OBSERVED TIME   RECORD YEAR NORMAL DEPARTURE LAST
                VALUE   (LST)  VALUE       VALUE  FROM      YEAR
                                                  NORMAL
..................................................................
TEMPERATURE (F)
 YESTERDAY
  MAXIMUM         36    315 PM  62    1966  34      2       26
  MINIMUM         14    150 AM -15    1899  20     -6       15
  AVERAGE         25                        27     -2       21

PRECIPITATION (IN)
  YESTERDAY        0.32                      0.07   0.25      T
  MONTH TO DATE    0.78                      0.61   0.17     0.97
  SINCE DEC 1      3.03                      5.34  -2.31     7.60
  SINCE JAN 1      1.91                      2.66  -0.75     5.12

SNOWFALL (IN)
  YESTERDAY        3.8                       0.3    3.5       T
  MONTH TO DATE    9.2                       3.3    5.9      1.0
  SINCE DEC 1     29.7                      22.3    7.4     17.0
  SINCE JUL 1     29.7                      24.4    5.3     17.0
  SNOW DEPTH       7

DEGREE DAYS
 HEATING
  YESTERDAY       40                        38      2       44
  MONTH TO DATE  419                       348     71      306
  SINCE DEC 1   2842                      2664    178     2496
  SINCE JUL 1   3890                      3897     -7     3420

 COOLING
  YESTERDAY        0                         0      0        0
  MONTH TO DATE    0                         0      0        0
  SINCE DEC 1      0                         0      0        0
  SINCE JAN 1      0                         0      0        0
..................................................................


WIND (MPH)
  HIGHEST WIND SPEED    10   HIGHEST WIND DIRECTION    SW (240)
  HIGHEST GUST SPEED    13   HIGHEST GUST DIRECTION     E (110)
  AVERAGE WIND SPEED     4.2


SKY COVER
  POSSIBLE SUNSHINE  MM
  AVERAGE SKY COVER 1.0


WEATHER CONDITIONS
 THE FOLLOWING WEATHER WAS RECORDED YESTERDAY.
  SNOW
  LIGHT SNOW
  FOG
  FOG W/VISIBILITY <= 1/4 MILE
  HAZE


RELATIVE HUMIDITY (PERCENT)
 HIGHEST   100           400 AM
 LOWEST     75           200 PM
 AVERAGE    88

..........................................................


THE TOLEDO OH CLIMATE NORMALS FOR TODAY
                         NORMAL    RECORD    YEAR
 MAXIMUM TEMPERATURE (F)   35        61      1932
 MINIMUM TEMPERATURE (F)   20       -14      1899
                                             1885


SUNRISE AND SUNSET
FEBRUARY 10 2018......SUNRISE   737 AM EST   SUNSET   602 PM EST
FEBRUARY 11 2018......SUNRISE   736 AM EST   SUNSET   604 PM EST


-  INDICATES NEGATIVE NUMBERS.
R  INDICATES RECORD WAS SET OR TIED.
MM INDICATES DATA IS MISSING.
T  INDICATES TRACE AMOUNT.




$$
