000
CDUS41 KCLE 240526
CLITOL


CLIMATE REPORT
NATIONAL WEATHER SERVICE CLEVELAND OH
1226 AM EST THU NOV 24 2016


...................................

...THE TOLEDO OH CLIMATE SUMMARY FOR NOVEMBER 23 2016...

CLIMATE NORMAL PERIOD 1981 TO 2010
CLIMATE RECORD PERIOD 1873 TO 2016


WEATHER ITEM   OBSERVED TIME   RECORD YEAR NORMAL DEPARTURE LAST
                VALUE   (LST)  VALUE       VALUE  FROM      YEAR
                                                  NORMAL
..................................................................
TEMPERATURE (F)
 YESTERDAY
  MAXIMUM         38   1159 PM  71    1999  46     -8       34
                                      1931
  MINIMUM         27    116 AM   5    1971  31     -4       18
  AVERAGE         33                        38     -5       26

PRECIPITATION (IN)
  YESTERDAY        0.41                      0.10   0.31     0.00
  MONTH TO DATE    1.06                      2.17  -1.11     1.18
  SINCE SEP 1      7.80                      7.55   0.25     4.63
  SINCE JAN 1     31.11                     30.87   0.24    32.96

SNOWFALL (IN)
  YESTERDAY        0.0                       0.1   -0.1      0.0
  MONTH TO DATE    T                         1.1   -1.1      3.5
  SINCE SEP 1      T                         1.3   -1.3      3.5
  SINCE JUL 1      T                         1.3   -1.3      3.5
  SNOW DEPTH       0

DEGREE DAYS
 HEATING
  YESTERDAY       32                        27      5       39
  MONTH TO DATE  424                       508    -84      426
  SINCE SEP 1    767                      1020   -253      829
  SINCE JUL 1    768                      1034   -266      841

 COOLING
  YESTERDAY        0                         0      0        0
  MONTH TO DATE    4                         0      4        0
  SINCE SEP 1    148                        91     57      138
  SINCE JAN 1   1037                       793    244      719
..................................................................


WIND (MPH)
  HIGHEST WIND SPEED    14   HIGHEST WIND DIRECTION     E (100)
  HIGHEST GUST SPEED    17   HIGHEST GUST DIRECTION     E (100)
  AVERAGE WIND SPEED     5.7


SKY COVER
  POSSIBLE SUNSHINE  MM
  AVERAGE SKY COVER 0.8


WEATHER CONDITIONS
 THE FOLLOWING WEATHER WAS RECORDED YESTERDAY.
  RAIN
  LIGHT RAIN
  FOG


RELATIVE HUMIDITY (PERCENT)
 HIGHEST   100          1200 PM
 LOWEST     72           500 AM
 AVERAGE    86

..........................................................


THE TOLEDO OH CLIMATE NORMALS FOR TODAY
                         NORMAL    RECORD    YEAR
 MAXIMUM TEMPERATURE (F)   45        67      2001
 MINIMUM TEMPERATURE (F)   30         3      1950


SUNRISE AND SUNSET
NOVEMBER 24 2016......SUNRISE   735 AM EST   SUNSET   508 PM EST
NOVEMBER 25 2016......SUNRISE   736 AM EST   SUNSET   508 PM EST


-  INDICATES NEGATIVE NUMBERS.
R  INDICATES RECORD WAS SET OR TIED.
MM INDICATES DATA IS MISSING.
T  INDICATES TRACE AMOUNT.




$$
