000
CDUS41 KCLE 060537
CLITOL


CLIMATE REPORT
NATIONAL WEATHER SERVICE CLEVELAND OH
126 AM EDT WED SEP 6 2017


...................................

...THE TOLEDO OH CLIMATE SUMMARY FOR SEPTEMBER 5 2017...

CLIMATE NORMAL PERIOD 1981 TO 2010
CLIMATE RECORD PERIOD 1873 TO 2017


WEATHER ITEM   OBSERVED TIME   RECORD YEAR NORMAL DEPARTURE LAST
                VALUE   (LST)  VALUE       VALUE  FROM      YEAR
                                                  NORMAL
..................................................................
TEMPERATURE (F)
 YESTERDAY
  MAXIMUM         72    245 PM  95    1954  79     -7       87
  MINIMUM         53   1159 PM  42    1974  57     -4       53
                                      1972
  AVERAGE         63                        68     -5       70

PRECIPITATION (IN)
  YESTERDAY        0.00                      0.09  -0.09     0.00
  MONTH TO DATE    0.41                      0.48  -0.07     0.00
  SINCE SEP 1      0.41                      0.48  -0.07     0.00
  SINCE JAN 1     27.21                     23.80   3.41    23.31

SNOWFALL (IN)
  YESTERDAY        0.0                       0.0    0.0      0.0
  MONTH TO DATE    0.0                       0.0    0.0      0.0
  SINCE SEP 1      0.0                       0.0    0.0      0.0
  SINCE JUL 1      0.0                       0.0    0.0      0.0
  SNOW DEPTH       0

DEGREE DAYS
 HEATING
  YESTERDAY        2                         1      1        0
  MONTH TO DATE   12                         5      7        0
  SINCE SEP 1     12                         5      7        0
  SINCE JUL 1     26                        19      7        1

 COOLING
  YESTERDAY        0                         4     -4        5
  MONTH TO DATE    9                        24    -15        8
  SINCE SEP 1      9                        24    -15        8
  SINCE JAN 1    602                       726   -124      897
..................................................................


WIND (MPH)
  HIGHEST WIND SPEED    20   HIGHEST WIND DIRECTION     W (260)
  HIGHEST GUST SPEED    25   HIGHEST GUST DIRECTION     W (280)
  AVERAGE WIND SPEED     8.8


SKY COVER
  POSSIBLE SUNSHINE  MM
  AVERAGE SKY COVER 0.3


WEATHER CONDITIONS
 THE FOLLOWING WEATHER WAS RECORDED YESTERDAY.
  NO SIGNIFICANT WEATHER WAS OBSERVED.


RELATIVE HUMIDITY (PERCENT)
 HIGHEST   100           200 AM
 LOWEST     40           500 PM
 AVERAGE    70

..........................................................


THE TOLEDO OH CLIMATE NORMALS FOR TODAY
                         NORMAL    RECORD    YEAR
 MAXIMUM TEMPERATURE (F)   79        95      1990
                                             1881
 MINIMUM TEMPERATURE (F)   57        39      1976


SUNRISE AND SUNSET
SEPTEMBER  6 2017.....SUNRISE   707 AM EDT   SUNSET   800 PM EDT
SEPTEMBER  7 2017.....SUNRISE   708 AM EDT   SUNSET   758 PM EDT


-  INDICATES NEGATIVE NUMBERS.
R  INDICATES RECORD WAS SET OR TIED.
MM INDICATES DATA IS MISSING.
T  INDICATES TRACE AMOUNT.




$$
