000
CDUS41 KCLE 072210
CLITOL


CLIMATE REPORT
NATIONAL WEATHER SERVICE CLEVELAND OH
510 PM EST SUN FEB 7 2016


...................................

...THE TOLEDO OH CLIMATE SUMMARY FOR FEBRUARY 7 2016...
VALID TODAY AS OF 0500 PM LOCAL TIME.

CLIMATE NORMAL PERIOD 1981 TO 2010
CLIMATE RECORD PERIOD 1873 TO 2016


WEATHER ITEM   OBSERVED TIME   RECORD YEAR NORMAL DEPARTURE LAST
                VALUE   (LST)  VALUE       VALUE  FROM      YEAR
                                                  NORMAL
..................................................................
TEMPERATURE (F)
 TODAY
  MAXIMUM         50    204 PM  56    1925  34     16       40
  MINIMUM         28   1227 AM  -9    1972  19      9       21
  AVERAGE         39                        27     12       31

PRECIPITATION (IN)
  TODAY            0.00                      0.07  -0.07     0.00
  MONTH TO DATE    0.32                      0.47  -0.15     1.10
  SINCE DEC 1      4.77                      5.20  -0.43     4.24
  SINCE JAN 1      1.79                      2.52  -0.73     3.15

SNOWFALL (IN)
  TODAY            0.0                       0.4   -0.4      0.0
  MONTH TO DATE    T                         2.6   -2.6     16.6
  SINCE DEC 1      5.9                      21.6  -15.7     28.8
  SINCE JUL 1      9.4                      23.7  -14.3     31.6
  SNOW DEPTH       0

DEGREE DAYS
 HEATING
  TODAY           26                        38    -12       34
  MONTH TO DATE  210                       272    -62      331
  SINCE DEC 1   2132                      2588   -456     2686
  SINCE JUL 1   3142                      3821   -679     4124

 COOLING
  TODAY            0                         0      0        0
  MONTH TO DATE    0                         0      0        0
  SINCE DEC 1      0                         0      0        0
  SINCE JAN 1      0                         0      0        0
..................................................................


WIND (MPH)
  HIGHEST WIND SPEED    22   HIGHEST WIND DIRECTION    SW (220)
  HIGHEST GUST SPEED    33   HIGHEST GUST DIRECTION    SW (240)


SKY COVER
  POSSIBLE SUNSHINE  MM
  AVERAGE SKY COVER 0.4


WEATHER CONDITIONS
 THE FOLLOWING WEATHER WAS RECORDED TODAY.
  NO SIGNIFICANT WEATHER WAS OBSERVED.


RELATIVE HUMIDITY (PERCENT)
 HIGHEST    78          1200 AM
 LOWEST     46           300 PM
 AVERAGE    62

..........................................................


THE TOLEDO OH CLIMATE NORMALS FOR TOMORROW
                         NORMAL    RECORD    YEAR
 MAXIMUM TEMPERATURE (F)   34        67      1900
 MINIMUM TEMPERATURE (F)   19       -14      1967


SUNRISE AND SUNSET
FEBRUARY  7 2016......SUNRISE   741 AM EST   SUNSET   558 PM EST
FEBRUARY  8 2016......SUNRISE   740 AM EST   SUNSET   559 PM EST


-  INDICATES NEGATIVE NUMBERS.
R  INDICATES RECORD WAS SET OR TIED.
MM INDICATES DATA IS MISSING.
T  INDICATES TRACE AMOUNT.




$$
