000
CDUS41 KCLE 072117
CLITOL


CLIMATE REPORT
NATIONAL WEATHER SERVICE CLEVELAND OH
516 PM EDT MON APR 7 2014


...................................

...THE TOLEDO OH CLIMATE SUMMARY FOR APRIL 7 2014...
VALID TODAY AS OF 0500 PM LOCAL TIME.

CLIMATE NORMAL PERIOD 1981 TO 2010
CLIMATE RECORD PERIOD 1873 TO 2014


WEATHER ITEM   OBSERVED TIME   RECORD YEAR NORMAL DEPARTURE LAST
                VALUE   (LST)  VALUE       VALUE  FROM      YEAR
                                                  NORMAL
..................................................................
TEMPERATURE (F)
 TODAY
  MAXIMUM         49    115 PM  83    1991  57     -8       62
  MINIMUM         33    447 AM   8    1982  36     -3       43
  AVERAGE         41                        46     -5       53

PRECIPITATION (IN)
  TODAY            0.10                      0.11  -0.01      T
  MONTH TO DATE    1.29                      0.71   0.58      T
  SINCE MAR 1      2.68                      3.19  -0.51     0.73
  SINCE JAN 1      9.86                      7.31   2.55     7.17

SNOWFALL (IN)
  TODAY            0.0                       0.1   -0.1      0.0
  MONTH TO DATE    T                         0.6   -0.6       T
  SINCE MAR 1     11.8                       6.3    5.5      1.4
  SINCE JUL 1     85.3                      36.8   48.5     22.1
  SNOW DEPTH       0

DEGREE DAYS
 HEATING
  TODAY           24                        19      5       12
  MONTH TO DATE  158                       140     18      177
  SINCE MAR 1   1276                       990    286     1148
  SINCE JUL 1   6602                      5566   1036     5604

 COOLING
  TODAY            0                         0      0        0
  MONTH TO DATE    0                         0      0        0
  SINCE MAR 1      0                         0      0        0
  SINCE JAN 1      0                         0      0        0
..................................................................


WIND (MPH)
  HIGHEST WIND SPEED    18   HIGHEST WIND DIRECTION     E (80)
  HIGHEST GUST SPEED    24   HIGHEST GUST DIRECTION     E (70)


SKY COVER
  POSSIBLE SUNSHINE  MM
  AVERAGE SKY COVER 0.5


WEATHER CONDITIONS
 THE FOLLOWING WEATHER WAS RECORDED TODAY.
  RAIN
  LIGHT RAIN
  FOG


RELATIVE HUMIDITY (PERCENT)
 HIGHEST    82           400 AM
 LOWEST     50          1200 PM
 AVERAGE    66

..........................................................


THE TOLEDO OH CLIMATE NORMALS FOR TOMORROW
                         NORMAL    RECORD    YEAR
 MAXIMUM TEMPERATURE (F)   57        79      2001
 MINIMUM TEMPERATURE (F)   36        10      1982


SUNRISE AND SUNSET
APRIL  7 2014.........SUNRISE   708 AM EDT   SUNSET   807 PM EDT
APRIL  8 2014.........SUNRISE   707 AM EDT   SUNSET   808 PM EDT


-  INDICATES NEGATIVE NUMBERS.
R  INDICATES RECORD WAS SET OR TIED.
MM INDICATES DATA IS MISSING.
T  INDICATES TRACE AMOUNT.




$$
