000
CDUS41 KCLE 082111
CLITOL


CLIMATE REPORT
NATIONAL WEATHER SERVICE CLEVELAND OH
510 PM EDT THU JUN 8 2017


...................................

...THE TOLEDO OH CLIMATE SUMMARY FOR JUNE 8 2017...
VALID TODAY AS OF 0500 PM LOCAL TIME.

CLIMATE NORMAL PERIOD 1981 TO 2010
CLIMATE RECORD PERIOD 1873 TO 2017


WEATHER ITEM   OBSERVED TIME   RECORD YEAR NORMAL DEPARTURE LAST
                VALUE   (LST)  VALUE       VALUE  FROM      YEAR
                                                  NORMAL
..................................................................
TEMPERATURE (F)
 TODAY
  MAXIMUM         75    354 PM  98    1933  79     -4       72
  MINIMUM         47    458 AM  39    1913  56     -9       48
  AVERAGE         61                        67     -6       60

PRECIPITATION (IN)
  TODAY            0.00                      0.13  -0.13     0.00
  MONTH TO DATE    T                         0.99  -0.99     0.26
  SINCE JUN 1      T                         0.99  -0.99     0.26
  SINCE JAN 1     17.86                     14.36   3.50    14.02

SNOWFALL (IN)
  TODAY            0.0                       0.0    0.0      0.0
  MONTH TO DATE    0.0                       0.0    0.0      0.0
  SINCE JUN 1      0.0                       0.0    0.0      0.0
  SINCE JUL 1     22.4                      37.6  -15.2     26.4
  SNOW DEPTH       0

DEGREE DAYS
 HEATING
  TODAY            4                         2      2        5
  MONTH TO DATE   12                        20     -8        8
  SINCE JUN 1     12                        20     -8        8
  SINCE JUL 1   5306                      6130   -824     5352

 COOLING
  TODAY            0                         4     -4        0
  MONTH TO DATE   16                        29    -13       33
  SINCE JUN 1     16                        29    -13       33
  SINCE JAN 1     61                        82    -21      102
..................................................................


WIND (MPH)
  HIGHEST WIND SPEED    10   HIGHEST WIND DIRECTION     E (70)
  HIGHEST GUST SPEED    16   HIGHEST GUST DIRECTION     E (100)


SKY COVER
  POSSIBLE SUNSHINE  MM
  AVERAGE SKY COVER 0.1


WEATHER CONDITIONS
 THE FOLLOWING WEATHER WAS RECORDED TODAY.
  NO SIGNIFICANT WEATHER WAS OBSERVED.


RELATIVE HUMIDITY (PERCENT)
 HIGHEST    93           100 AM
 LOWEST     36           400 PM
 AVERAGE    65

..........................................................


THE TOLEDO OH CLIMATE NORMALS FOR TOMORROW
                         NORMAL    RECORD    YEAR
 MAXIMUM TEMPERATURE (F)   79        95      1914
 MINIMUM TEMPERATURE (F)   57        38      1988


SUNRISE AND SUNSET
JUNE  8 2017..........SUNRISE   601 AM EDT   SUNSET   908 PM EDT
JUNE  9 2017..........SUNRISE   601 AM EDT   SUNSET   908 PM EDT


-  INDICATES NEGATIVE NUMBERS.
R  INDICATES RECORD WAS SET OR TIED.
MM INDICATES DATA IS MISSING.
T  INDICATES TRACE AMOUNT.




$$
