000
CDUS41 KCLE 270525
CLITOL


CLIMATE REPORT
NATIONAL WEATHER SERVICE CLEVELAND OH
1225 AM EST MON NOV 27 2017


...................................

...THE TOLEDO OH CLIMATE SUMMARY FOR NOVEMBER 26 2017...

CLIMATE NORMAL PERIOD 1981 TO 2010
CLIMATE RECORD PERIOD 1873 TO 2017


WEATHER ITEM   OBSERVED TIME   RECORD YEAR NORMAL DEPARTURE LAST
                VALUE   (LST)  VALUE       VALUE  FROM      YEAR
                                                  NORMAL
..................................................................
TEMPERATURE (F)
 YESTERDAY
  MAXIMUM         46    403 PM  68    1896  44      2       42
  MINIMUM         26    815 AM  10    1974  30     -4       32
  AVERAGE         36                        37     -1       37

PRECIPITATION (IN)
  YESTERDAY        0.00                      0.09  -0.09      T
  MONTH TO DATE    5.09                      2.46   2.63     1.09
  SINCE SEP 1     11.01                      7.84   3.17     7.83
  SINCE JAN 1     37.81                     31.16   6.65    31.14

SNOWFALL (IN)
  YESTERDAY        0.0                       0.1   -0.1      0.0
  MONTH TO DATE    T                         1.4   -1.4       T
  SINCE SEP 1      T                         1.6   -1.6       T
  SINCE JUL 1      T                         1.6   -1.6       T
  SNOW DEPTH       0

DEGREE DAYS
 HEATING
  YESTERDAY       29                        28      1       28
  MONTH TO DATE  621                       591     30      501
  SINCE SEP 1    960                      1103   -143      844
  SINCE JUL 1    974                      1117   -143      845

 COOLING
  YESTERDAY        0                         0      0        0
  MONTH TO DATE    0                         0      0        4
  SINCE SEP 1    151                        91     60      148
  SINCE JAN 1    744                       793    -49     1037
..................................................................


WIND (MPH)
  HIGHEST WIND SPEED    20   HIGHEST WIND DIRECTION    SW (240)
  HIGHEST GUST SPEED    25   HIGHEST GUST DIRECTION     W (250)
  AVERAGE WIND SPEED     9.6


SKY COVER
  POSSIBLE SUNSHINE  MM
  AVERAGE SKY COVER 0.0


WEATHER CONDITIONS
 THE FOLLOWING WEATHER WAS RECORDED YESTERDAY.
  NO SIGNIFICANT WEATHER WAS OBSERVED.


RELATIVE HUMIDITY (PERCENT)
 HIGHEST    85           300 AM
 LOWEST     49           400 PM
 AVERAGE    67

..........................................................


THE TOLEDO OH CLIMATE NORMALS FOR TODAY
                         NORMAL    RECORD    YEAR
 MAXIMUM TEMPERATURE (F)   44        69      1990
 MINIMUM TEMPERATURE (F)   29         7      1930


SUNRISE AND SUNSET
NOVEMBER 27 2017......SUNRISE   738 AM EST   SUNSET   507 PM EST
NOVEMBER 28 2017......SUNRISE   739 AM EST   SUNSET   507 PM EST


-  INDICATES NEGATIVE NUMBERS.
R  INDICATES RECORD WAS SET OR TIED.
MM INDICATES DATA IS MISSING.
T  INDICATES TRACE AMOUNT.




$$
