000
CDUS41 KCLE 081112
CLITOL


CLIMATE REPORT
NATIONAL WEATHER SERVICE CLEVELAND OH
711 AM EDT SAT APR 8 2017


...................................

...THE TOLEDO OH CLIMATE SUMMARY FOR APRIL 7 2017...

CLIMATE NORMAL PERIOD 1981 TO 2010
CLIMATE RECORD PERIOD 1873 TO 2017


WEATHER ITEM   OBSERVED TIME   RECORD YEAR NORMAL DEPARTURE LAST
                VALUE   (LST)  VALUE       VALUE  FROM      YEAR
                                                  NORMAL
..................................................................
TEMPERATURE (F)
 YESTERDAY
  MAXIMUM         51    613 PM  83    1991  57     -6       45
  MINIMUM         32    121 AM   8    1982  36     -4       33
  AVERAGE         42                        46     -4       39

PRECIPITATION (IN)
  YESTERDAY        0.06                      0.11  -0.05     0.15
  MONTH TO DATE    0.92                      0.71   0.21     0.69
  SINCE MAR 1      4.56                      3.19   1.37     5.79
  SINCE JAN 1     10.33                      7.31   3.02     9.01

SNOWFALL (IN)
  YESTERDAY        0.4                       0.1    0.3       T
  MONTH TO DATE    0.7                       0.6    0.1      0.7
  SINCE MAR 1      5.4                       6.3   -0.9      3.4
  SINCE JUL 1     22.4                      36.8  -14.4     18.4
  SNOW DEPTH       0

DEGREE DAYS
 HEATING
  YESTERDAY       23                        19      4       26
  MONTH TO DATE  134                       140     -6      179
  SINCE MAR 1   1006                       990     16      853
  SINCE JUL 1   4851                      5566   -715     4751

 COOLING
  YESTERDAY        0                         0      0        0
  MONTH TO DATE    0                         0      0        0
  SINCE MAR 1      0                         0      0        0
  SINCE JAN 1      0                         0      0        0
..................................................................


WIND (MPH)
  HIGHEST WIND SPEED    23   HIGHEST WIND DIRECTION    NW (320)
  HIGHEST GUST SPEED    30   HIGHEST GUST DIRECTION    NW (310)
  AVERAGE WIND SPEED    13.6


SKY COVER
  POSSIBLE SUNSHINE  MM
  AVERAGE SKY COVER 0.3


WEATHER CONDITIONS
 THE FOLLOWING WEATHER WAS RECORDED YESTERDAY.
  LIGHT SNOW
  FOG


RELATIVE HUMIDITY (PERCENT)
 HIGHEST   100          1200 AM
 LOWEST     26           500 PM
 AVERAGE    63

..........................................................


THE TOLEDO OH CLIMATE NORMALS FOR TODAY
                         NORMAL    RECORD    YEAR
 MAXIMUM TEMPERATURE (F)   57        79      2001
 MINIMUM TEMPERATURE (F)   36        10      1982


SUNRISE AND SUNSET
APRIL  8 2017.........SUNRISE   706 AM EDT   SUNSET   808 PM EDT
APRIL  9 2017.........SUNRISE   705 AM EDT   SUNSET   810 PM EDT


-  INDICATES NEGATIVE NUMBERS.
R  INDICATES RECORD WAS SET OR TIED.
MM INDICATES DATA IS MISSING.
T  INDICATES TRACE AMOUNT.




$$
