000
CDUS41 KCLE 190546
CLITOL


CLIMATE REPORT
NATIONAL WEATHER SERVICE CLEVELAND OH
145 AM EDT FRI AUG 19 2016


...................................

...THE TOLEDO OH CLIMATE SUMMARY FOR AUGUST 18 2016...

CLIMATE NORMAL PERIOD 1981 TO 2010
CLIMATE RECORD PERIOD 1873 TO 2016


WEATHER ITEM   OBSERVED TIME   RECORD YEAR NORMAL DEPARTURE LAST
                VALUE   (LST)  VALUE       VALUE  FROM      YEAR
                                                  NORMAL
..................................................................
TEMPERATURE (F)
 YESTERDAY
  MAXIMUM         84    403 PM  94    1947  82      2       84
  MINIMUM         63    627 AM  43    1977  61      2       66
  AVERAGE         74                        72      2       75

PRECIPITATION (IN)
  YESTERDAY        0.00                      0.10  -0.10      T
  MONTH TO DATE    2.20                      1.87   0.33     2.07
  SINCE JUN 1      6.86                      8.67  -1.81    15.45
  SINCE JAN 1     20.62                     22.04  -1.42    27.35

SNOWFALL (IN)
  YESTERDAY        0.0                       0.0    0.0      0.0
  MONTH TO DATE    0.0                       0.0    0.0      0.0
  SINCE JUN 1      0.0                       0.0    0.0      0.0
  SINCE JUL 1      0.0                       0.0    0.0      0.0
  SNOW DEPTH       0

DEGREE DAYS
 HEATING
  YESTERDAY        0                         0      0        0
  MONTH TO DATE    0                         0      0        0
  SINCE JUN 1     14                        38    -24       37
  SINCE JUL 1      1                         3     -2        2

 COOLING
  YESTERDAY        9                         7      2       10
  MONTH TO DATE  212                       135     77      126
  SINCE JUN 1    711                       570    141      444
  SINCE JAN 1    780                       623    157      537
..................................................................


WIND (MPH)
  HIGHEST WIND SPEED     9   HIGHEST WIND DIRECTION    SW (230)
  HIGHEST GUST SPEED    13   HIGHEST GUST DIRECTION     W (270)
  AVERAGE WIND SPEED     3.2


SKY COVER
  POSSIBLE SUNSHINE  MM
  AVERAGE SKY COVER 0.1


WEATHER CONDITIONS
 THE FOLLOWING WEATHER WAS RECORDED YESTERDAY.
  FOG


RELATIVE HUMIDITY (PERCENT)
 HIGHEST   100          1200 AM
 LOWEST     55           300 PM
 AVERAGE    78

..........................................................


THE TOLEDO OH CLIMATE NORMALS FOR TODAY
                         NORMAL    RECORD    YEAR
 MAXIMUM TEMPERATURE (F)   82        97      1955
 MINIMUM TEMPERATURE (F)   61        46      1977


SUNRISE AND SUNSET
AUGUST 19 2016........SUNRISE   648 AM EDT   SUNSET   828 PM EDT
AUGUST 20 2016........SUNRISE   649 AM EDT   SUNSET   827 PM EDT


-  INDICATES NEGATIVE NUMBERS.
R  INDICATES RECORD WAS SET OR TIED.
MM INDICATES DATA IS MISSING.
T  INDICATES TRACE AMOUNT.




$$
