821
CDUS41 KCLE 190526
CLITOL


CLIMATE REPORT
NATIONAL WEATHER SERVICE CLEVELAND OH
125 AM EDT FRI MAY 19 2017


...................................

...THE TOLEDO OH CLIMATE SUMMARY FOR MAY 18 2017...

CLIMATE NORMAL PERIOD 1981 TO 2010
CLIMATE RECORD PERIOD 1873 TO 2017


WEATHER ITEM   OBSERVED TIME   RECORD YEAR NORMAL DEPARTURE LAST
                VALUE   (LST)  VALUE       VALUE  FROM      YEAR
                                                  NORMAL
..................................................................
TEMPERATURE (F)
 YESTERDAY
  MAXIMUM         88    132 PM  95    1962  72     16       65
  MINIMUM         68   1159 PM  30    1973  49     19       43
  AVERAGE         78                        60     18       54

PRECIPITATION (IN)
  YESTERDAY        T                         0.12  -0.12      T
  MONTH TO DATE    3.23                      2.00   1.23     1.41
  SINCE MAR 1     10.34                      7.67   2.67    10.51
  SINCE JAN 1     16.11                     11.79   4.32    13.73

SNOWFALL (IN)
  YESTERDAY        0.0                       0.0    0.0      0.0
  MONTH TO DATE    0.0                       0.1   -0.1      0.0
  SINCE MAR 1      5.4                       7.1   -1.7     11.4
  SINCE JUL 1     22.4                      37.6  -15.2     26.4
  SNOW DEPTH       0

DEGREE DAYS
 HEATING
  YESTERDAY        0                         6     -6       11
  MONTH TO DATE  199                       148     51      192
  SINCE MAR 1   1409                      1474    -65     1414
  SINCE JUL 1   5254                      6050   -796     5312

 COOLING
  YESTERDAY       13                         1     12        0
  MONTH TO DATE   30                        15     15        2
  SINCE MAR 1     38                        23     15        2
  SINCE JAN 1     38                        23     15        2
..................................................................


WIND (MPH)
  HIGHEST WIND SPEED    30   HIGHEST WIND DIRECTION    SW (230)
  HIGHEST GUST SPEED    43   HIGHEST GUST DIRECTION     W (250)
  AVERAGE WIND SPEED    15.5


SKY COVER
  POSSIBLE SUNSHINE  MM
  AVERAGE SKY COVER 0.3


WEATHER CONDITIONS
 THE FOLLOWING WEATHER WAS RECORDED YESTERDAY.
  NO SIGNIFICANT WEATHER WAS OBSERVED.


RELATIVE HUMIDITY (PERCENT)
 HIGHEST    70          1100 PM
 LOWEST     34           200 PM
 AVERAGE    52

..........................................................


THE TOLEDO OH CLIMATE NORMALS FOR TODAY
                         NORMAL    RECORD    YEAR
 MAXIMUM TEMPERATURE (F)   72        92      1996
                                             1964
 MINIMUM TEMPERATURE (F)   49        34      1894


SUNRISE AND SUNSET
MAY 19 2017...........SUNRISE   612 AM EDT   SUNSET   852 PM EDT
MAY 20 2017...........SUNRISE   611 AM EDT   SUNSET   853 PM EDT


-  INDICATES NEGATIVE NUMBERS.
R  INDICATES RECORD WAS SET OR TIED.
MM INDICATES DATA IS MISSING.
T  INDICATES TRACE AMOUNT.




$$
