000
CDUS41 KCLE 170605
CLITOL


CLIMATE REPORT
NATIONAL WEATHER SERVICE CLEVELAND OH
204 AM EDT THU JUL 17 2014


...................................

...THE TOLEDO OH CLIMATE SUMMARY FOR JULY 16 2014...
VALID TODAY AS OF 0200 AM LOCAL TIME.

CLIMATE NORMAL PERIOD 1981 TO 2010
CLIMATE RECORD PERIOD 1873 TO 2014


WEATHER ITEM   OBSERVED TIME   RECORD YEAR NORMAL DEPARTURE LAST
                VALUE   (LST)  VALUE       VALUE  FROM      YEAR
                                                  NORMAL
..................................................................
TEMPERATURE (F)
 TODAY
  MAXIMUM         70    459 PM  99    1988  85    -15       91
  MINIMUM         52    529 AM  44    1945  63    -11       74
  AVERAGE         61                        74    -13       83

PRECIPITATION (IN)
  TODAY            0.00                      0.10  -0.10     0.00
  MONTH TO DATE    0.29                      1.61  -1.32     1.97
  SINCE JUN 1      4.27                      5.18  -0.91     8.32
  SINCE JAN 1     18.12                     18.55  -0.43    22.82

SNOWFALL (IN)
  TODAY            0.0                       0.0    0.0      0.0
  MONTH TO DATE    0.0                       0.0    0.0      0.0
  SINCE JUN 1      0.0                       0.0    0.0      0.0
  SINCE JUL 1      0.0                       0.0    0.0      0.0
  SNOW DEPTH       0

DEGREE DAYS
 HEATING
  TODAY            4                         0      4        0
  MONTH TO DATE    5                         0      5        1
  SINCE JUN 1     21                        35    -14       32
  SINCE JUL 1      5                         0      5        1

 COOLING
  TODAY            0                         9     -9       18
  MONTH TO DATE   91                       142    -51      141
  SINCE JUN 1    282                       312    -30      303
  SINCE JAN 1    344                       365    -21      397
..................................................................


WIND (MPH)
  HIGHEST WIND SPEED    15   HIGHEST WIND DIRECTION    NW (310)
  HIGHEST GUST SPEED    20   HIGHEST GUST DIRECTION    NW (300)


SKY COVER
  POSSIBLE SUNSHINE  MM
  AVERAGE SKY COVER 0.4


WEATHER CONDITIONS
 THE FOLLOWING WEATHER WAS RECORDED TODAY.
  NO SIGNIFICANT WEATHER WAS OBSERVED.


RELATIVE HUMIDITY (PERCENT)
 HIGHEST    93           600 AM
 LOWEST     47           400 PM
 AVERAGE    70

..........................................................


THE TOLEDO OH CLIMATE NORMALS FOR TOMORROW
                         NORMAL    RECORD    YEAR
 MAXIMUM TEMPERATURE (F)   85       100      2012
 MINIMUM TEMPERATURE (F)   63        47      1967


SUNRISE AND SUNSET
JULY 16 2014..........SUNRISE   615 AM EDT   SUNSET   907 PM EDT
JULY 17 2014..........SUNRISE   616 AM EDT   SUNSET   906 PM EDT


-  INDICATES NEGATIVE NUMBERS.
R  INDICATES RECORD WAS SET OR TIED.
MM INDICATES DATA IS MISSING.
T  INDICATES TRACE AMOUNT.




$$
