000
CDUS41 KCLE 030526
CLITOL


CLIMATE REPORT
NATIONAL WEATHER SERVICE CLEVELAND OH
1226 AM EST TUE JAN 3 2017


...................................

...THE TOLEDO OH CLIMATE SUMMARY FOR JANUARY 2 2017...

CLIMATE NORMAL PERIOD 1981 TO 2010
CLIMATE RECORD PERIOD 1873 TO 2017


WEATHER ITEM   OBSERVED TIME   RECORD YEAR NORMAL DEPARTURE LAST
                VALUE   (LST)  VALUE       VALUE  FROM      YEAR
                                                  NORMAL
..................................................................
TEMPERATURE (F)
 YESTERDAY
  MAXIMUM         41    141 PM  59    1876  33      8       33
  MINIMUM         25   1230 AM  -9    1879  19      6       25
  AVERAGE         33                        26      7       29

PRECIPITATION (IN)
  YESTERDAY        0.08                      0.07   0.01     0.00
  MONTH TO DATE    0.08                      0.15  -0.07      T
  SINCE DEC 1      2.56                      2.83  -0.27     2.98
  SINCE JAN 1      0.08                      0.15  -0.07      T

SNOWFALL (IN)
  YESTERDAY        0.0                       0.4   -0.4      0.0
  MONTH TO DATE    0.0                       0.7   -0.7       T
  SINCE DEC 1     13.2                       8.1    5.1       T
  SINCE JUL 1     13.2                      10.2    3.0      3.5
  SNOW DEPTH       0

DEGREE DAYS
 HEATING
  YESTERDAY       32                        39     -7       36
  MONTH TO DATE   66                        78    -12       74
  SINCE DEC 1   1224                      1170     54      814
  SINCE JUL 1   2148                      2403   -255     1824

 COOLING
  YESTERDAY        0                         0      0        0
  MONTH TO DATE    0                         0      0        0
  SINCE DEC 1      0                         0      0        0
  SINCE JAN 1      0                         0      0        0
..................................................................


WIND (MPH)
  HIGHEST WIND SPEED    13   HIGHEST WIND DIRECTION     E (70)
  HIGHEST GUST SPEED    16   HIGHEST GUST DIRECTION     E (90)
  AVERAGE WIND SPEED     7.3


SKY COVER
  POSSIBLE SUNSHINE  MM
  AVERAGE SKY COVER 0.8


WEATHER CONDITIONS
 THE FOLLOWING WEATHER WAS RECORDED YESTERDAY.
  THUNDERSTORM
  RAIN
  LIGHT RAIN
  FOG


RELATIVE HUMIDITY (PERCENT)
 HIGHEST   100           300 AM
 LOWEST     79          1200 PM
 AVERAGE    90

..........................................................


THE TOLEDO OH CLIMATE NORMALS FOR TODAY
                         NORMAL    RECORD    YEAR
 MAXIMUM TEMPERATURE (F)   33        61      1950
                                             1897
 MINIMUM TEMPERATURE (F)   19       -12      2014
                                             1879


SUNRISE AND SUNSET
JANUARY  3 2017.......SUNRISE   802 AM EST   SUNSET   518 PM EST
JANUARY  4 2017.......SUNRISE   802 AM EST   SUNSET   519 PM EST


-  INDICATES NEGATIVE NUMBERS.
R  INDICATES RECORD WAS SET OR TIED.
MM INDICATES DATA IS MISSING.
T  INDICATES TRACE AMOUNT.




$$
