000
CDUS41 KCLE 072114
CLITOL


CLIMATE REPORT
NATIONAL WEATHER SERVICE CLEVELAND OH
513 PM EDT SUN SEP 7 2014


...................................

...THE TOLEDO OH CLIMATE SUMMARY FOR SEPTEMBER 7 2014...
VALID TODAY AS OF 0500 PM LOCAL TIME.

CLIMATE NORMAL PERIOD 1981 TO 2010
CLIMATE RECORD PERIOD 1873 TO 2014


WEATHER ITEM   OBSERVED TIME   RECORD YEAR NORMAL DEPARTURE LAST
                VALUE   (LST)  VALUE       VALUE  FROM      YEAR
                                                  NORMAL
..................................................................
TEMPERATURE (F)
 TODAY
  MAXIMUM         76    308 PM  99    1939  79     -3       85
  MINIMUM         53    445 AM  38    1988  56     -3       52
  AVERAGE         65                        68     -3       69

PRECIPITATION (IN)
  TODAY            0.00                      0.10  -0.10     0.01
  MONTH TO DATE    1.28                      0.67   0.61     0.11
  SINCE SEP 1      1.28                      0.67   0.61     0.11
  SINCE JAN 1     22.47                     23.99  -1.52    26.90

SNOWFALL (IN)
  TODAY            0.0                       0.0    0.0      0.0
  MONTH TO DATE    0.0                       0.0    0.0      0.0
  SINCE SEP 1      0.0                       0.0    0.0      0.0
  SINCE JUL 1      0.0                       0.0    0.0      0.0
  SNOW DEPTH       0

DEGREE DAYS
 HEATING
  TODAY            0                         2     -2        0
  MONTH TO DATE    0                         8     -8        5
  SINCE SEP 1      0                         8     -8        5
  SINCE JUL 1     14                        22     -8       34

 COOLING
  TODAY            0                         4     -4        4
  MONTH TO DATE   51                        32     19       22
  SINCE SEP 1     51                        32     19       22
  SINCE JAN 1    649                       734    -85      704
..................................................................


WIND (MPH)
  HIGHEST WIND SPEED     7   HIGHEST WIND DIRECTION     E (90)
  HIGHEST GUST SPEED    10   HIGHEST GUST DIRECTION     E (70)


SKY COVER
  POSSIBLE SUNSHINE  MM
  AVERAGE SKY COVER 0.0


WEATHER CONDITIONS
 THE FOLLOWING WEATHER WAS RECORDED TODAY.
  NO SIGNIFICANT WEATHER WAS OBSERVED.


RELATIVE HUMIDITY (PERCENT)
 HIGHEST    93           500 AM
 LOWEST     41          1200 PM
 AVERAGE    67

..........................................................


THE TOLEDO OH CLIMATE NORMALS FOR TOMORROW
                         NORMAL    RECORD    YEAR
 MAXIMUM TEMPERATURE (F)   79        98      1978
 MINIMUM TEMPERATURE (F)   56        37      1986


SUNRISE AND SUNSET
SEPTEMBER  7 2014.....SUNRISE   707 AM EDT   SUNSET   758 PM EDT
SEPTEMBER  8 2014.....SUNRISE   708 AM EDT   SUNSET   757 PM EDT


-  INDICATES NEGATIVE NUMBERS.
R  INDICATES RECORD WAS SET OR TIED.
MM INDICATES DATA IS MISSING.
T  INDICATES TRACE AMOUNT.




$$
