000
CDUS41 KCLE 070527
CLITOL


CLIMATE REPORT
NATIONAL WEATHER SERVICE CLEVELAND OH
1226 AM EST FRI NOV 7 2014


...................................

...THE TOLEDO OH CLIMATE SUMMARY FOR NOVEMBER 6 2014...

CLIMATE NORMAL PERIOD 1981 TO 2010
CLIMATE RECORD PERIOD 1873 TO 2014


WEATHER ITEM   OBSERVED TIME   RECORD YEAR NORMAL DEPARTURE LAST
                VALUE   (LST)  VALUE       VALUE  FROM      YEAR
                                                  NORMAL
..................................................................
TEMPERATURE (F)
 YESTERDAY
  MAXIMUM         48    235 PM  76    1975  55     -7       57
  MINIMUM         39   1159 PM  19    1877  36      3       44
  AVERAGE         44                        45     -1       51

PRECIPITATION (IN)
  YESTERDAY        0.21                      0.10   0.11     0.13
  MONTH TO DATE    0.29                      0.54  -0.25     0.20
  SINCE SEP 1      7.88                      5.92   1.96     5.81
  SINCE JAN 1     29.07                     29.24  -0.17    32.60

SNOWFALL (IN)
  YESTERDAY        0.0                       0.1   -0.1      0.0
  MONTH TO DATE    T                         0.2   -0.2      0.0
  SINCE SEP 1      T                         0.4   -0.4      0.0
  SINCE JUL 1      T                         0.4   -0.4      0.0
  SNOW DEPTH       0

DEGREE DAYS
 HEATING
  YESTERDAY       21                        20      1       14
  MONTH TO DATE  132                       113     19      110
  SINCE SEP 1    669                       625     44      618
  SINCE JUL 1    683                       639     44      647

 COOLING
  YESTERDAY        0                         0      0        0
  MONTH TO DATE    0                         0      0        0
  SINCE SEP 1     56                        91    -35      111
  SINCE JAN 1    654                       793   -139      793
..................................................................


WIND (MPH)
  HIGHEST WIND SPEED    23   HIGHEST WIND DIRECTION     N (350)
  HIGHEST GUST SPEED    31   HIGHEST GUST DIRECTION     N (340)
  AVERAGE WIND SPEED     8.0


SKY COVER
  POSSIBLE SUNSHINE  MM
  AVERAGE SKY COVER 0.8


WEATHER CONDITIONS
 THE FOLLOWING WEATHER WAS RECORDED YESTERDAY.
  RAIN
  LIGHT RAIN
  FOG


RELATIVE HUMIDITY (PERCENT)
 HIGHEST    93          1000 AM
 LOWEST     76          1200 AM
 AVERAGE    85

..........................................................


THE TOLEDO OH CLIMATE NORMALS FOR TODAY
                         NORMAL    RECORD    YEAR
 MAXIMUM TEMPERATURE (F)   54        73      1895
 MINIMUM TEMPERATURE (F)   36        18      1991
                                             1967


SUNRISE AND SUNSET
NOVEMBER  7 2014......SUNRISE   714 AM EST   SUNSET   523 PM EST
NOVEMBER  8 2014......SUNRISE   716 AM EST   SUNSET   522 PM EST


-  INDICATES NEGATIVE NUMBERS.
R  INDICATES RECORD WAS SET OR TIED.
MM INDICATES DATA IS MISSING.
T  INDICATES TRACE AMOUNT.




$$
