000
CDUS41 KCLE 050545
CLITOL


CLIMATE REPORT
NATIONAL WEATHER SERVICE CLEVELAND OH
145 AM EDT SUN NOV 5 2017


...................................

...THE TOLEDO OH CLIMATE SUMMARY FOR NOVEMBER 4 2017...

CLIMATE NORMAL PERIOD 1981 TO 2010
CLIMATE RECORD PERIOD 1873 TO 2017


WEATHER ITEM   OBSERVED TIME   RECORD YEAR NORMAL DEPARTURE LAST
                VALUE   (LST)  VALUE       VALUE  FROM      YEAR
                                                  NORMAL
..................................................................
TEMPERATURE (F)
 YESTERDAY
  MAXIMUM         52   1159 PM  80    2003  55     -3       57
  MINIMUM         39    249 AM  17    1951  37      2       38
  AVERAGE         46                        46      0       48

PRECIPITATION (IN)
  YESTERDAY        0.02                      0.08  -0.06     0.00
  MONTH TO DATE    0.79                      0.35   0.44     0.61
  SINCE SEP 1      6.71                      5.73   0.98     7.35
  SINCE JAN 1     33.51                     29.05   4.46    30.66

SNOWFALL (IN)
  YESTERDAY       MM                         0.0   MM        0.0
  MONTH TO DATE    0.0                       0.1   -0.1      0.0
  SINCE SEP 1      0.0                       0.3   -0.3      0.0
  SINCE JUL 1      0.0                       0.3   -0.3      0.0
  SNOW DEPTH       0

DEGREE DAYS
 HEATING
  YESTERDAY       19                        19      0       17
  MONTH TO DATE   69                        74     -5       29
  SINCE SEP 1    408                       586   -178      372
  SINCE JUL 1    422                       600   -178      373

 COOLING
  YESTERDAY        0                         0      0        0
  MONTH TO DATE    0                         0      0        4
  SINCE SEP 1    151                        91     60      148
  SINCE JAN 1    744                       793    -49     1037
..................................................................


WIND (MPH)
  HIGHEST WIND SPEED    15   HIGHEST WIND DIRECTION     E (100)
  HIGHEST GUST SPEED    18   HIGHEST GUST DIRECTION     E (100)
  AVERAGE WIND SPEED     6.4


SKY COVER
  POSSIBLE SUNSHINE  MM
  AVERAGE SKY COVER 0.6


WEATHER CONDITIONS
 THE FOLLOWING WEATHER WAS RECORDED YESTERDAY.
  LIGHT RAIN
  FOG


RELATIVE HUMIDITY (PERCENT)
 HIGHEST   100           700 PM
 LOWEST     71          1100 AM
 AVERAGE    86

..........................................................


THE TOLEDO OH CLIMATE NORMALS FOR TODAY
                         NORMAL    RECORD    YEAR
 MAXIMUM TEMPERATURE (F)   55        76      1978
 MINIMUM TEMPERATURE (F)   37        16      1991


SUNRISE AND SUNSET
NOVEMBER  5 2017......SUNRISE   712 AM EST   SUNSET   525 PM EST
NOVEMBER  6 2017......SUNRISE   713 AM EST   SUNSET   524 PM EST


-  INDICATES NEGATIVE NUMBERS.
R  INDICATES RECORD WAS SET OR TIED.
MM INDICATES DATA IS MISSING.
T  INDICATES TRACE AMOUNT.




$$
