670
CDUS41 KCLE 140539
CLITOL


CLIMATE REPORT
NATIONAL WEATHER SERVICE CLEVELAND OH
1229 AM EST WED FEB 14 2018


...................................

...THE TOLEDO OH CLIMATE SUMMARY FOR FEBRUARY 13 2018...

CLIMATE NORMAL PERIOD 1981 TO 2010
CLIMATE RECORD PERIOD 1873 TO 2018


WEATHER ITEM   OBSERVED TIME   RECORD YEAR NORMAL DEPARTURE LAST
                VALUE   (LST)  VALUE       VALUE  FROM      YEAR
                                                  NORMAL
..................................................................
TEMPERATURE (F)
 YESTERDAY
  MAXIMUM         32    352 PM  66    1938  35     -3       43
  MINIMUM          5    546 AM -12    1905  20    -15       26
  AVERAGE         19                        28     -9       35

PRECIPITATION (IN)
  YESTERDAY        T                         0.07  -0.07     0.00
  MONTH TO DATE    0.86                      0.91  -0.05     1.18
  SINCE DEC 1      3.11                      5.64  -2.53     7.81
  SINCE JAN 1      1.99                      2.96  -0.97     5.33

SNOWFALL (IN)
  YESTERDAY        0.0                       0.3   -0.3      0.0
  MONTH TO DATE    9.2                       4.7    4.5      1.0
  SINCE DEC 1     29.7                      23.7    6.0     17.0
  SINCE JUL 1     29.7                      25.8    3.9     17.0
  SNOW DEPTH       5

DEGREE DAYS
 HEATING
  YESTERDAY       46                        37      9       30
  MONTH TO DATE  590                       499     91      421
  SINCE DEC 1   3013                      2815    198     2611
  SINCE JUL 1   4061                      4048     13     3535

 COOLING
  YESTERDAY        0                         0      0        0
  MONTH TO DATE    0                         0      0        0
  SINCE DEC 1      0                         0      0        0
  SINCE JAN 1      0                         0      0        0
..................................................................


WIND (MPH)
  HIGHEST WIND SPEED    13   HIGHEST WIND DIRECTION     E (90)
  HIGHEST GUST SPEED    16   HIGHEST GUST DIRECTION     E (100)
  AVERAGE WIND SPEED     4.5


SKY COVER
  POSSIBLE SUNSHINE  MM
  AVERAGE SKY COVER 0.2


WEATHER CONDITIONS
 THE FOLLOWING WEATHER WAS RECORDED YESTERDAY.
  NO SIGNIFICANT WEATHER WAS OBSERVED.


RELATIVE HUMIDITY (PERCENT)
 HIGHEST    92           100 AM
 LOWEST     42           200 PM
 AVERAGE    67

..........................................................


THE TOLEDO OH CLIMATE NORMALS FOR TODAY
                         NORMAL    RECORD    YEAR
 MAXIMUM TEMPERATURE (F)   36        60      1918
 MINIMUM TEMPERATURE (F)   20       -14      1905


SUNRISE AND SUNSET
FEBRUARY 14 2018......SUNRISE   732 AM EST   SUNSET   607 PM EST
FEBRUARY 15 2018......SUNRISE   730 AM EST   SUNSET   609 PM EST


-  INDICATES NEGATIVE NUMBERS.
R  INDICATES RECORD WAS SET OR TIED.
MM INDICATES DATA IS MISSING.
T  INDICATES TRACE AMOUNT.




$$
