005
CDUS41 KCLE 150528
CLITOL


CLIMATE REPORT
NATIONAL WEATHER SERVICE CLEVELAND OH
1228 AM EST WED FEB 15 2017


...................................

...THE TOLEDO OH CLIMATE SUMMARY FOR FEBRUARY 14 2017...

CLIMATE NORMAL PERIOD 1981 TO 2010
CLIMATE RECORD PERIOD 1873 TO 2017


WEATHER ITEM   OBSERVED TIME   RECORD YEAR NORMAL DEPARTURE LAST
                VALUE   (LST)  VALUE       VALUE  FROM      YEAR
                                                  NORMAL
..................................................................
TEMPERATURE (F)
 YESTERDAY
  MAXIMUM         49    447 PM  60    1918  36     13       19
  MINIMUM         32    444 AM -14    1905  20     12        0
  AVERAGE         41                        28     13       10

PRECIPITATION (IN)
  YESTERDAY        T                         0.08  -0.08     0.01
  MONTH TO DATE    1.18                      0.99   0.19     0.46
  SINCE DEC 1      7.81                      5.72   2.09     4.91
  SINCE JAN 1      5.33                      3.04   2.29     1.93

SNOWFALL (IN)
  YESTERDAY        0.0                       0.3   -0.3      0.2
  MONTH TO DATE    1.0                       5.0   -4.0      1.7
  SINCE DEC 1     17.0                      24.0   -7.0      7.6
  SINCE JUL 1     17.0                      26.1   -9.1     11.1
  SNOW DEPTH       0

DEGREE DAYS
 HEATING
  YESTERDAY       24                        37    -13       55
  MONTH TO DATE  445                       536    -91      529
  SINCE DEC 1   2635                      2852   -217     2451
  SINCE JUL 1   3559                      4085   -526     3461

 COOLING
  YESTERDAY        0                         0      0        0
  MONTH TO DATE    0                         0      0        0
  SINCE DEC 1      0                         0      0        0
  SINCE JAN 1      0                         0      0        0
..................................................................


WIND (MPH)
  HIGHEST WIND SPEED    26   HIGHEST WIND DIRECTION     W (250)
  HIGHEST GUST SPEED    31   HIGHEST GUST DIRECTION    SW (240)
  AVERAGE WIND SPEED    14.1


SKY COVER
  POSSIBLE SUNSHINE  MM
  AVERAGE SKY COVER 0.2


WEATHER CONDITIONS
 THE FOLLOWING WEATHER WAS RECORDED YESTERDAY.
  LIGHT RAIN


RELATIVE HUMIDITY (PERCENT)
 HIGHEST    76          1100 PM
 LOWEST     42           500 PM
 AVERAGE    59

..........................................................


THE TOLEDO OH CLIMATE NORMALS FOR TODAY
                         NORMAL    RECORD    YEAR
 MAXIMUM TEMPERATURE (F)   36        70      1954
 MINIMUM TEMPERATURE (F)   21        -8      2015
                                             2007


SUNRISE AND SUNSET
FEBRUARY 15 2017......SUNRISE   730 AM EST   SUNSET   609 PM EST
FEBRUARY 16 2017......SUNRISE   729 AM EST   SUNSET   610 PM EST


-  INDICATES NEGATIVE NUMBERS.
R  INDICATES RECORD WAS SET OR TIED.
MM INDICATES DATA IS MISSING.
T  INDICATES TRACE AMOUNT.




$$
