000
CDUS41 KCLE 060545
CLITOL


CLIMATE REPORT
NATIONAL WEATHER SERVICE CLEVELAND OH
145 AM EDT SAT SEP 6 2014


...................................

...THE TOLEDO OH CLIMATE SUMMARY FOR SEPTEMBER 5 2014...

CLIMATE NORMAL PERIOD 1981 TO 2010
CLIMATE RECORD PERIOD 1873 TO 2014


WEATHER ITEM   OBSERVED TIME   RECORD YEAR NORMAL DEPARTURE LAST
                VALUE   (LST)  VALUE       VALUE  FROM      YEAR
                                                  NORMAL
..................................................................
TEMPERATURE (F)
 YESTERDAY
  MAXIMUM         93    346 PM  95    1954  79     14       74
  MINIMUM         68   1151 PM  42    1974  57     11       52
                                      1972
  AVERAGE         81                        68     13       63

PRECIPITATION (IN)
  YESTERDAY        0.44                      0.09   0.35     0.00
  MONTH TO DATE    1.13                      0.48   0.65     0.10
  SINCE SEP 1      1.13                      0.48   0.65     0.10
  SINCE JAN 1     22.32                     23.80  -1.48    26.89

SNOWFALL (IN)
  YESTERDAY        0.0                       0.0    0.0      0.0
  MONTH TO DATE    0.0                       0.0    0.0      0.0
  SINCE SEP 1      0.0                       0.0    0.0      0.0
  SINCE JUL 1      0.0                       0.0    0.0      0.0
  SNOW DEPTH       0

DEGREE DAYS
 HEATING
  YESTERDAY        0                         1     -1        2
  MONTH TO DATE    0                         5     -5        2
  SINCE SEP 1      0                         5     -5        2
  SINCE JUL 1     14                        19     -5       31

 COOLING
  YESTERDAY       16                         4     12        0
  MONTH TO DATE   51                        24     27       18
  SINCE SEP 1     51                        24     27       18
  SINCE JAN 1    649                       726    -77      700
..................................................................


WIND (MPH)
  HIGHEST WIND SPEED    24   HIGHEST WIND DIRECTION    NW (310)
  HIGHEST GUST SPEED    31   HIGHEST GUST DIRECTION     W (290)
  AVERAGE WIND SPEED     8.2


SKY COVER
  POSSIBLE SUNSHINE  MM
  AVERAGE SKY COVER 0.1


WEATHER CONDITIONS
 THE FOLLOWING WEATHER WAS RECORDED YESTERDAY.
  THUNDERSTORM
  HEAVY RAIN
  RAIN
  LIGHT RAIN
  FOG
  HAZE


RELATIVE HUMIDITY (PERCENT)
 HIGHEST    84          1200 AM
 LOWEST     49           300 PM
 AVERAGE    67

..........................................................


THE TOLEDO OH CLIMATE NORMALS FOR TODAY
                         NORMAL    RECORD    YEAR
 MAXIMUM TEMPERATURE (F)   79        95      1990
                                             1881
 MINIMUM TEMPERATURE (F)   57        39      1976


SUNRISE AND SUNSET
SEPTEMBER  6 2014.....SUNRISE   706 AM EDT   SUNSET   800 PM EDT
SEPTEMBER  7 2014.....SUNRISE   707 AM EDT   SUNSET   758 PM EDT


-  INDICATES NEGATIVE NUMBERS.
R  INDICATES RECORD WAS SET OR TIED.
MM INDICATES DATA IS MISSING.
T  INDICATES TRACE AMOUNT.




$$
