000
CDUS41 KCLE 110527
CLITOL


CLIMATE REPORT
NATIONAL WEATHER SERVICE CLEVELAND OH
127 AM EDT MON APR 11 2016


...................................

...THE TOLEDO OH CLIMATE SUMMARY FOR APRIL 10 2016...

CLIMATE NORMAL PERIOD 1981 TO 2010
CLIMATE RECORD PERIOD 1873 TO 2016


WEATHER ITEM   OBSERVED TIME   RECORD YEAR NORMAL DEPARTURE LAST
                VALUE   (LST)  VALUE       VALUE  FROM      YEAR
                                                  NORMAL
..................................................................
TEMPERATURE (F)
 YESTERDAY
  MAXIMUM         50   1159 PM  84    2011  58     -8       69
  MINIMUM         21   1218 AM  18    1989  37    -16       42
  AVERAGE         36                        47    -11       56

PRECIPITATION (IN)
  YESTERDAY        0.20                      0.11   0.09     0.06
  MONTH TO DATE    1.69                      1.04   0.65     1.68
  SINCE MAR 1      6.79                      3.52   3.27     3.02
  SINCE JAN 1     10.01                      7.64   2.37     6.64

SNOWFALL (IN)
  YESTERDAY        0.2                       0.0    0.2      0.0
  MONTH TO DATE    8.7                       0.7    8.0      0.0
  SINCE MAR 1     11.4                       6.4    5.0      5.4
  SINCE JUL 1     26.4                      36.9  -10.5     45.7
  SNOW DEPTH       0

DEGREE DAYS
 HEATING
  YESTERDAY       29                        18     11        9
  MONTH TO DATE  277                       195     82      171
  SINCE MAR 1    951                      1045    -94     1161
  SINCE JUL 1   4849                      5621   -772     6417

 COOLING
  YESTERDAY        0                         0      0        0
  MONTH TO DATE    0                         0      0        0
  SINCE MAR 1      0                         0      0        0
  SINCE JAN 1      0                         0      0        0
..................................................................


WIND (MPH)
  HIGHEST WIND SPEED    18   HIGHEST WIND DIRECTION    SW (210)
  HIGHEST GUST SPEED    29   HIGHEST GUST DIRECTION     S (190)
  AVERAGE WIND SPEED     7.0


SKY COVER
  POSSIBLE SUNSHINE  MM
  AVERAGE SKY COVER 0.9


WEATHER CONDITIONS
 THE FOLLOWING WEATHER WAS RECORDED YESTERDAY.
  LIGHT RAIN
  LIGHT SNOW
  FOG


RELATIVE HUMIDITY (PERCENT)
 HIGHEST   100          1000 PM
 LOWEST     64           100 PM
 AVERAGE    82

..........................................................


THE TOLEDO OH CLIMATE NORMALS FOR TODAY
                         NORMAL    RECORD    YEAR
 MAXIMUM TEMPERATURE (F)   58        87      1930
 MINIMUM TEMPERATURE (F)   37        19      1975


SUNRISE AND SUNSET
APRIL 11 2016.........SUNRISE   701 AM EDT   SUNSET   812 PM EDT
APRIL 12 2016.........SUNRISE   659 AM EDT   SUNSET   813 PM EDT


-  INDICATES NEGATIVE NUMBERS.
R  INDICATES RECORD WAS SET OR TIED.
MM INDICATES DATA IS MISSING.
T  INDICATES TRACE AMOUNT.




$$
