000
CDUS41 KCLE 020529
CLITOL


CLIMATE REPORT
NATIONAL WEATHER SERVICE CLEVELAND OH
128 AM EDT WED APR 2 2014


...................................

...THE TOLEDO OH CLIMATE SUMMARY FOR APRIL 1 2014...

CLIMATE NORMAL PERIOD 1981 TO 2010
CLIMATE RECORD PERIOD 1873 TO 2014


WEATHER ITEM   OBSERVED TIME   RECORD YEAR NORMAL DEPARTURE LAST
                VALUE   (LST)  VALUE       VALUE  FROM      YEAR
                                                  NORMAL
..................................................................
TEMPERATURE (F)
 YESTERDAY
  MAXIMUM         61   1016 AM  80    2010  54      7       42
  MINIMUM         43   1159 PM  11    1964  34      9       26
  AVERAGE         52                        44      8       34

PRECIPITATION (IN)
  YESTERDAY        0.01                      0.10  -0.09      T
  MONTH TO DATE    0.01                      0.10  -0.09      T
  SINCE MAR 1      1.40                      2.58  -1.18     0.73
  SINCE JAN 1      8.58                      6.70   1.88     7.17

SNOWFALL (IN)
  YESTERDAY        0.0                       0.1   -0.1       T
  MONTH TO DATE    0.0                       0.1   -0.1       T
  SINCE MAR 1     11.8                       5.8    6.0      1.4
  SINCE JUL 1     85.3                      36.3   49.0     22.1
  SNOW DEPTH       0

DEGREE DAYS
 HEATING
  YESTERDAY       13                        21     -8       31
  MONTH TO DATE   13                        21     -8       31
  SINCE MAR 1   1131                       871    260     1002
  SINCE JUL 1   6457                      5447   1010     5458

 COOLING
  YESTERDAY        0                         0      0        0
  MONTH TO DATE    0                         0      0        0
  SINCE MAR 1      0                         0      0        0
  SINCE JAN 1      0                         0      0        0
..................................................................


WIND (MPH)
  HIGHEST WIND SPEED    39   HIGHEST WIND DIRECTION     W (250)
  HIGHEST GUST SPEED    55   HIGHEST GUST DIRECTION    SW (240)
  AVERAGE WIND SPEED    16.6


SKY COVER
  POSSIBLE SUNSHINE  MM
  AVERAGE SKY COVER 0.3


WEATHER CONDITIONS
 THE FOLLOWING WEATHER WAS RECORDED YESTERDAY.
  LIGHT RAIN


RELATIVE HUMIDITY (PERCENT)
 HIGHEST    71           600 AM
 LOWEST     36           300 PM
 AVERAGE    54

..........................................................


THE TOLEDO OH CLIMATE NORMALS FOR TODAY
                         NORMAL    RECORD    YEAR
 MAXIMUM TEMPERATURE (F)   54        82      1963
 MINIMUM TEMPERATURE (F)   34        19      1881


SUNRISE AND SUNSET
APRIL  2 2014.........SUNRISE   717 AM EDT   SUNSET   802 PM EDT
APRIL  3 2014.........SUNRISE   715 AM EDT   SUNSET   803 PM EDT


-  INDICATES NEGATIVE NUMBERS.
R  INDICATES RECORD WAS SET OR TIED.
MM INDICATES DATA IS MISSING.
T  INDICATES TRACE AMOUNT.




$$
