000
CDUS41 KCLE 300530
CLITOL


CLIMATE REPORT
NATIONAL WEATHER SERVICE CLEVELAND OH
1229 AM EST TUE JAN 30 2018


...................................

...THE TOLEDO OH CLIMATE SUMMARY FOR JANUARY 29 2018...

CLIMATE NORMAL PERIOD 1981 TO 2010
CLIMATE RECORD PERIOD 1873 TO 2018


WEATHER ITEM   OBSERVED TIME   RECORD YEAR NORMAL DEPARTURE LAST
                VALUE   (LST)  VALUE       VALUE  FROM      YEAR
                                                  NORMAL
..................................................................
TEMPERATURE (F)
 YESTERDAY
  MAXIMUM         31    702 AM  62    1914  33     -2       30
  MINIMUM         19    926 PM  -9    1963  18      1       25
                                      1885
  AVERAGE         25                        26     -1       28

PRECIPITATION (IN)
  YESTERDAY        0.09                      0.07   0.02     0.04
  MONTH TO DATE    1.13                      1.93  -0.80     4.06
  SINCE DEC 1      2.25                      4.61  -2.36     6.54
  SINCE JAN 1      1.13                      1.93  -0.80     4.06

SNOWFALL (IN)
  YESTERDAY        1.3                       0.4    0.9      0.7
  MONTH TO DATE    6.6                      10.8   -4.2      2.1
  SINCE DEC 1     20.5                      18.2    2.3     15.3
  SINCE JUL 1     20.5                      20.3    0.2     15.3
  SNOW DEPTH       0

DEGREE DAYS
 HEATING
  YESTERDAY       40                        39      1       37
  MONTH TO DATE 1161                      1149     12      958
  SINCE DEC 1   2348                      2241    107     2116
  SINCE JUL 1   3396                      3474    -78     3040

 COOLING
  YESTERDAY        0                         0      0        0
  MONTH TO DATE    0                         0      0        0
  SINCE DEC 1      0                         0      0        0
  SINCE JAN 1      0                         0      0        0
..................................................................


WIND (MPH)
  HIGHEST WIND SPEED    21   HIGHEST WIND DIRECTION     N (350)
  HIGHEST GUST SPEED    28   HIGHEST GUST DIRECTION     N (10)
  AVERAGE WIND SPEED    10.8


SKY COVER
  POSSIBLE SUNSHINE  MM
  AVERAGE SKY COVER 1.0


WEATHER CONDITIONS
 THE FOLLOWING WEATHER WAS RECORDED YESTERDAY.
  LIGHT SNOW
  FOG


RELATIVE HUMIDITY (PERCENT)
 HIGHEST   100           900 AM
 LOWEST     71           800 PM
 AVERAGE    86

..........................................................


THE TOLEDO OH CLIMATE NORMALS FOR TODAY
                         NORMAL    RECORD    YEAR
 MAXIMUM TEMPERATURE (F)   33        63      2013
 MINIMUM TEMPERATURE (F)   18        -5      1965


SUNRISE AND SUNSET
JANUARY 30 2018.......SUNRISE   749 AM EST   SUNSET   548 PM EST
JANUARY 31 2018.......SUNRISE   748 AM EST   SUNSET   550 PM EST


-  INDICATES NEGATIVE NUMBERS.
R  INDICATES RECORD WAS SET OR TIED.
MM INDICATES DATA IS MISSING.
T  INDICATES TRACE AMOUNT.




$$
