000
CDUS41 KCLE 152212
CLITOL


CLIMATE REPORT
NATIONAL WEATHER SERVICE CLEVELAND OH
510 PM EST TUE NOV 15 2016


...................................

...THE TOLEDO OH CLIMATE SUMMARY FOR NOVEMBER 15 2016...
VALID TODAY AS OF 0500 PM LOCAL TIME.

CLIMATE NORMAL PERIOD 1981 TO 2010
CLIMATE RECORD PERIOD 1873 TO 2016


WEATHER ITEM   OBSERVED TIME   RECORD YEAR NORMAL DEPARTURE LAST
                VALUE   (LST)  VALUE       VALUE  FROM      YEAR
                                                  NORMAL
..................................................................
TEMPERATURE (F)
 TODAY
  MAXIMUM         60    324 PM  70    1990  50     10       64
                                      1928
  MINIMUM         33    751 AM  10    1967  34     -1       42
  AVERAGE         47                        42      5       53

PRECIPITATION (IN)
  TODAY            0.00                      0.10  -0.10     0.00
  MONTH TO DATE    0.63                      1.38  -0.75     0.45
  SINCE SEP 1      7.37                      6.76   0.61     3.90
  SINCE JAN 1     30.68                     30.08   0.60    32.23

SNOWFALL (IN)
  TODAY            0.0                       0.1   -0.1      0.0
  MONTH TO DATE    0.0                       0.6   -0.6      0.0
  SINCE SEP 1      0.0                       0.8   -0.8      0.0
  SINCE JUL 1      0.0                       0.8   -0.8      0.0
  SNOW DEPTH       0

DEGREE DAYS
 HEATING
  TODAY           18                        23     -5       12
  MONTH TO DATE  234                       307    -73      236
  SINCE SEP 1    577                       819   -242      639
  SINCE JUL 1    578                       833   -255      651

 COOLING
  TODAY            0                         0      0        0
  MONTH TO DATE    4                         0      4        0
  SINCE SEP 1    148                        91     57      138
  SINCE JAN 1   1037                       793    244      719
..................................................................


WIND (MPH)
  HIGHEST WIND SPEED    15   HIGHEST WIND DIRECTION    SW (240)
  HIGHEST GUST SPEED    19   HIGHEST GUST DIRECTION    SW (240)


SKY COVER
  POSSIBLE SUNSHINE  MM
  AVERAGE SKY COVER 0.4


WEATHER CONDITIONS
 THE FOLLOWING WEATHER WAS RECORDED TODAY.
  NO SIGNIFICANT WEATHER WAS OBSERVED.


RELATIVE HUMIDITY (PERCENT)
 HIGHEST    96           800 AM
 LOWEST     53           200 PM
 AVERAGE    75

..........................................................


THE TOLEDO OH CLIMATE NORMALS FOR TOMORROW
                         NORMAL    RECORD    YEAR
 MAXIMUM TEMPERATURE (F)   50        70      1930
 MINIMUM TEMPERATURE (F)   33         9      1933


SUNRISE AND SUNSET
NOVEMBER 15 2016......SUNRISE   725 AM EST   SUNSET   515 PM EST
NOVEMBER 16 2016......SUNRISE   726 AM EST   SUNSET   514 PM EST


-  INDICATES NEGATIVE NUMBERS.
R  INDICATES RECORD WAS SET OR TIED.
MM INDICATES DATA IS MISSING.
T  INDICATES TRACE AMOUNT.




$$
