000
CDUS41 KCLE 130545
CLITOL


CLIMATE REPORT
NATIONAL WEATHER SERVICE CLEVELAND OH
145 AM EDT WED AUG 13 2014


...................................

...THE TOLEDO OH CLIMATE SUMMARY FOR AUGUST 12 2014...

CLIMATE NORMAL PERIOD 1981 TO 2010
CLIMATE RECORD PERIOD 1873 TO 2014


WEATHER ITEM   OBSERVED TIME   RECORD YEAR NORMAL DEPARTURE LAST
                VALUE   (LST)  VALUE       VALUE  FROM      YEAR
                                                  NORMAL
..................................................................
TEMPERATURE (F)
 YESTERDAY
  MAXIMUM         77   1250 PM  97    1881  83     -6       79
  MINIMUM         61   1159 PM  45    1986  62     -1       63
                                      1967
  AVERAGE         69                        72     -3       71

PRECIPITATION (IN)
  YESTERDAY        0.01                      0.10  -0.09     0.01
  MONTH TO DATE    2.14                      1.27   0.87     1.50
  SINCE JUN 1      6.95                      8.07  -1.12    11.79
  SINCE JAN 1     20.80                     21.44  -0.64    26.29

SNOWFALL (IN)
  YESTERDAY        0.0                       0.0    0.0      0.0
  MONTH TO DATE    0.0                       0.0    0.0      0.0
  SINCE JUN 1      0.0                       0.0    0.0      0.0
  SINCE JUL 1      0.0                       0.0    0.0      0.0
  SNOW DEPTH       0

DEGREE DAYS
 HEATING
  YESTERDAY        0                         0      0        0
  MONTH TO DATE    0                         0      0        4
  SINCE JUN 1     25                        38    -13       48
  SINCE JUL 1      9                         3      6       17

 COOLING
  YESTERDAY        4                         7     -3        6
  MONTH TO DATE   64                        93    -29       56
  SINCE JUN 1    392                       528   -136      463
  SINCE JAN 1    454                       581   -127      557
..................................................................


WIND (MPH)
  HIGHEST WIND SPEED    22   HIGHEST WIND DIRECTION     W (280)
  HIGHEST GUST SPEED    29   HIGHEST GUST DIRECTION     W (270)
  AVERAGE WIND SPEED     9.9


SKY COVER
  POSSIBLE SUNSHINE  MM
  AVERAGE SKY COVER 0.7


WEATHER CONDITIONS
 THE FOLLOWING WEATHER WAS RECORDED YESTERDAY.
  RAIN
  LIGHT RAIN
  FOG
  HAZE


RELATIVE HUMIDITY (PERCENT)
 HIGHEST   100          1200 AM
 LOWEST     60           100 PM
 AVERAGE    80

..........................................................


THE TOLEDO OH CLIMATE NORMALS FOR TODAY
                         NORMAL    RECORD    YEAR
 MAXIMUM TEMPERATURE (F)   83        96      1995
                                             1918
 MINIMUM TEMPERATURE (F)   62        45      1961


SUNRISE AND SUNSET
AUGUST 13 2014........SUNRISE   642 AM EDT   SUNSET   838 PM EDT
AUGUST 14 2014........SUNRISE   643 AM EDT   SUNSET   836 PM EDT


-  INDICATES NEGATIVE NUMBERS.
R  INDICATES RECORD WAS SET OR TIED.
MM INDICATES DATA IS MISSING.
T  INDICATES TRACE AMOUNT.




$$
