000
CDUS41 KCLE 080545
CLITOL


CLIMATE REPORT
NATIONAL WEATHER SERVICE CLEVELAND OH
145 AM EDT THU JUN 8 2017


...................................

...THE TOLEDO OH CLIMATE SUMMARY FOR JUNE 7 2017...

CLIMATE NORMAL PERIOD 1981 TO 2010
CLIMATE RECORD PERIOD 1873 TO 2017


WEATHER ITEM   OBSERVED TIME   RECORD YEAR NORMAL DEPARTURE LAST
                VALUE   (LST)  VALUE       VALUE  FROM      YEAR
                                                  NORMAL
..................................................................
TEMPERATURE (F)
 YESTERDAY
  MAXIMUM         72    144 PM  98    1933  78     -6       69
  MINIMUM         50   1159 PM  42    1945  56     -6       54
                                      1944
                                      1913
  AVERAGE         61                        67     -6       62

PRECIPITATION (IN)
  YESTERDAY        0.00                      0.13  -0.13     0.00
  MONTH TO DATE    T                         0.86  -0.86     0.26
  SINCE JUN 1      T                         0.86  -0.86     0.26
  SINCE JAN 1     17.86                     14.23   3.63    14.02

SNOWFALL (IN)
  YESTERDAY        0.0                       0.0    0.0      0.0
  MONTH TO DATE    0.0                       0.0    0.0      0.0
  SINCE JUN 1      0.0                       0.0    0.0      0.0
  SINCE JUL 1     22.4                      37.6  -15.2     26.4
  SNOW DEPTH       0

DEGREE DAYS
 HEATING
  YESTERDAY        4                         2      2        3
  MONTH TO DATE    8                        18    -10        3
  SINCE JUN 1      8                        18    -10        3
  SINCE JUL 1   5302                      6128   -826     5347

 COOLING
  YESTERDAY        0                         4     -4        0
  MONTH TO DATE   16                        25     -9       33
  SINCE JUN 1     16                        25     -9       33
  SINCE JAN 1     61                        78    -17      102
..................................................................


WIND (MPH)
  HIGHEST WIND SPEED    28   HIGHEST WIND DIRECTION    NE (50)
  HIGHEST GUST SPEED    35   HIGHEST GUST DIRECTION    NE (40)
  AVERAGE WIND SPEED     9.6


SKY COVER
  POSSIBLE SUNSHINE  MM
  AVERAGE SKY COVER 0.2


WEATHER CONDITIONS
 THE FOLLOWING WEATHER WAS RECORDED YESTERDAY.
  NO SIGNIFICANT WEATHER WAS OBSERVED.


RELATIVE HUMIDITY (PERCENT)
 HIGHEST    96           500 AM
 LOWEST     38           200 PM
 AVERAGE    67

..........................................................


THE TOLEDO OH CLIMATE NORMALS FOR TODAY
                         NORMAL    RECORD    YEAR
 MAXIMUM TEMPERATURE (F)   79        98      1933
 MINIMUM TEMPERATURE (F)   56        39      1913


SUNRISE AND SUNSET
JUNE  8 2017..........SUNRISE   601 AM EDT   SUNSET   908 PM EDT
JUNE  9 2017..........SUNRISE   601 AM EDT   SUNSET   908 PM EDT


-  INDICATES NEGATIVE NUMBERS.
R  INDICATES RECORD WAS SET OR TIED.
MM INDICATES DATA IS MISSING.
T  INDICATES TRACE AMOUNT.




$$
