000
CDUS41 KCLE 112112
CLITOL


CLIMATE REPORT
NATIONAL WEATHER SERVICE CLEVELAND OH
511 PM EDT THU SEP 11 2014


...................................

...THE TOLEDO OH CLIMATE SUMMARY FOR SEPTEMBER 11 2014...
VALID TODAY AS OF 0500 PM LOCAL TIME.

CLIMATE NORMAL PERIOD 1981 TO 2010
CLIMATE RECORD PERIOD 1873 TO 2014


WEATHER ITEM   OBSERVED TIME   RECORD YEAR NORMAL DEPARTURE LAST
                VALUE   (LST)  VALUE       VALUE  FROM      YEAR
                                                  NORMAL
..................................................................
TEMPERATURE (F)
 TODAY
  MAXIMUM         73   1210 AM  95    2013  78     -5       95
                                      1931
  MINIMUM         54    831 AM  35    1967  55     -1       69
  AVERAGE         64                        66     -2       82

PRECIPITATION (IN)
  TODAY            0.00                      0.09  -0.09     0.04
  MONTH TO DATE    4.67                      1.04   3.63     0.67
  SINCE SEP 1      4.67                      1.04   3.63     0.67
  SINCE JAN 1     25.86                     24.36   1.50    27.46

SNOWFALL (IN)
  TODAY            0.0                       0.0    0.0      0.0
  MONTH TO DATE    0.0                       0.0    0.0      0.0
  SINCE SEP 1      0.0                       0.0    0.0      0.0
  SINCE JUL 1      0.0                       0.0    0.0      0.0
  SNOW DEPTH       0

DEGREE DAYS
 HEATING
  TODAY            1                         2     -1        0
  MONTH TO DATE    3                        16    -13        5
  SINCE SEP 1      3                        16    -13        5
  SINCE JUL 1     17                        30    -13       34

 COOLING
  TODAY            0                         3     -3       17
  MONTH TO DATE   55                        47      8       69
  SINCE SEP 1     55                        47      8       69
  SINCE JAN 1    653                       749    -96      751
..................................................................


WIND (MPH)
  HIGHEST WIND SPEED    23   HIGHEST WIND DIRECTION     W (270)
  HIGHEST GUST SPEED    29   HIGHEST GUST DIRECTION     W (270)


SKY COVER
  POSSIBLE SUNSHINE  MM
  AVERAGE SKY COVER 0.9


WEATHER CONDITIONS
 THE FOLLOWING WEATHER WAS RECORDED TODAY.
  NO SIGNIFICANT WEATHER WAS OBSERVED.


RELATIVE HUMIDITY (PERCENT)
 HIGHEST    93          1200 AM
 LOWEST     63           200 PM
 AVERAGE    78

..........................................................


THE TOLEDO OH CLIMATE NORMALS FOR TOMORROW
                         NORMAL    RECORD    YEAR
 MAXIMUM TEMPERATURE (F)   77        97      1952
 MINIMUM TEMPERATURE (F)   54        37      1967


SUNRISE AND SUNSET
SEPTEMBER 11 2014.....SUNRISE   711 AM EDT   SUNSET   751 PM EDT
SEPTEMBER 12 2014.....SUNRISE   712 AM EDT   SUNSET   750 PM EDT


-  INDICATES NEGATIVE NUMBERS.
R  INDICATES RECORD WAS SET OR TIED.
MM INDICATES DATA IS MISSING.
T  INDICATES TRACE AMOUNT.




$$
