000
CDUS41 KCLE 102111
CLITOL


CLIMATE REPORT
NATIONAL WEATHER SERVICE CLEVELAND OH
511 PM EDT THU AUG 10 2017


...................................

...THE TOLEDO OH CLIMATE SUMMARY FOR AUGUST 10 2017...
VALID TODAY AS OF 0500 PM LOCAL TIME.

CLIMATE NORMAL PERIOD 1981 TO 2010
CLIMATE RECORD PERIOD 1873 TO 2017


WEATHER ITEM   OBSERVED TIME   RECORD YEAR NORMAL DEPARTURE LAST
                VALUE   (LST)  VALUE       VALUE  FROM      YEAR
                                                  NORMAL
..................................................................
TEMPERATURE (F)
 TODAY
  MAXIMUM         83    240 PM  97    1944  83      0       94
  MINIMUM         57    647 AM  44    1972  62     -5       70
  AVERAGE         70                        72     -2       82

PRECIPITATION (IN)
  TODAY            0.00                      0.10  -0.10     0.00
  MONTH TO DATE    0.41                      1.08  -0.67     0.13
  SINCE JUN 1      7.40                      7.88  -0.48     4.79
  SINCE JAN 1     25.26                     21.25   4.01    18.55

SNOWFALL (IN)
  TODAY            0.0                       0.0    0.0      0.0
  MONTH TO DATE    0.0                       0.0    0.0      0.0
  SINCE JUN 1      0.0                       0.0    0.0      0.0
  SINCE JUL 1      0.0                       0.0    0.0      0.0
  SNOW DEPTH       0

DEGREE DAYS
 HEATING
  TODAY            0                         0      0        0
  MONTH TO DATE    0                         0      0        0
  SINCE JUN 1     21                        38    -17       14
  SINCE JUL 1      0                         3     -3        1

 COOLING
  TODAY            5                         7     -2       17
  MONTH TO DATE   42                        79    -37      115
  SINCE JUN 1    455                       514    -59      614
  SINCE JAN 1    500                       567    -67      683
..................................................................


WIND (MPH)
  HIGHEST WIND SPEED     9   HIGHEST WIND DIRECTION    SW (240)
  HIGHEST GUST SPEED    14   HIGHEST GUST DIRECTION    SW (220)


SKY COVER
  POSSIBLE SUNSHINE  MM
  AVERAGE SKY COVER 0.1


WEATHER CONDITIONS
 THE FOLLOWING WEATHER WAS RECORDED TODAY.
  FOG


RELATIVE HUMIDITY (PERCENT)
 HIGHEST   100           100 AM
 LOWEST     36           300 PM
 AVERAGE    68

..........................................................


THE TOLEDO OH CLIMATE NORMALS FOR TOMORROW
                         NORMAL    RECORD    YEAR
 MAXIMUM TEMPERATURE (F)   83        97      1944
                                             1918
 MINIMUM TEMPERATURE (F)   62        45      1967


SUNRISE AND SUNSET
AUGUST 10 2017........SUNRISE   639 AM EDT   SUNSET   841 PM EDT
AUGUST 11 2017........SUNRISE   640 AM EDT   SUNSET   840 PM EDT


-  INDICATES NEGATIVE NUMBERS.
R  INDICATES RECORD WAS SET OR TIED.
MM INDICATES DATA IS MISSING.
T  INDICATES TRACE AMOUNT.




$$
