000
CDUS41 KCLE 190546
CLITOL


CLIMATE REPORT
NATIONAL WEATHER SERVICE CLEVELAND OH
145 AM EDT FRI JUN 19 2015


...................................

...THE TOLEDO OH CLIMATE SUMMARY FOR JUNE 18 2015...

CLIMATE NORMAL PERIOD 1981 TO 2010
CLIMATE RECORD PERIOD 1873 TO 2015


WEATHER ITEM   OBSERVED TIME   RECORD YEAR NORMAL DEPARTURE LAST
                VALUE   (LST)  VALUE       VALUE  FROM      YEAR
                                                  NORMAL
..................................................................
TEMPERATURE (F)
 YESTERDAY
  MAXIMUM         86    411 PM  98    1994  82      4       89
  MINIMUM         67   1040 PM  43    1960  59      8       68
  AVERAGE         77                        70      7       79

PRECIPITATION (IN)
  YESTERDAY        0.02                      0.11  -0.09     1.00
  MONTH TO DATE    3.53                      2.22   1.31     2.18
  SINCE JUN 1      3.53                      2.22   1.31     2.18
  SINCE JAN 1     15.43                     15.59  -0.16    16.03

SNOWFALL (IN)
  YESTERDAY        0.0                       0.0    0.0      0.0
  MONTH TO DATE    0.0                       0.0    0.0      0.0
  SINCE JUN 1      0.0                       0.0    0.0      0.0
  SINCE JUL 1     45.7                      37.6    8.1     86.3
  SNOW DEPTH       0

DEGREE DAYS
 HEATING
  YESTERDAY        0                         1     -1        0
  MONTH TO DATE   27                        31     -4       15
  SINCE JUN 1     27                        31     -4       15
  SINCE JUL 1   6888                      6141    747     7131

 COOLING
  YESTERDAY       12                         6      6       14
  MONTH TO DATE   91                        81     10       94
  SINCE JUN 1     91                        81     10       94
  SINCE JAN 1    184                       134     50      156
..................................................................


WIND (MPH)
  HIGHEST WIND SPEED    28   HIGHEST WIND DIRECTION     W (260)
  HIGHEST GUST SPEED    33   HIGHEST GUST DIRECTION    SW (240)
  AVERAGE WIND SPEED     8.9


SKY COVER
  POSSIBLE SUNSHINE  MM
  AVERAGE SKY COVER 0.7


WEATHER CONDITIONS
 THE FOLLOWING WEATHER WAS RECORDED YESTERDAY.
  LIGHT RAIN
  HAZE


RELATIVE HUMIDITY (PERCENT)
 HIGHEST   100           400 AM
 LOWEST     58           500 PM
 AVERAGE    79

..........................................................


THE TOLEDO OH CLIMATE NORMALS FOR TODAY
                         NORMAL    RECORD    YEAR
 MAXIMUM TEMPERATURE (F)   82        98      1995
 MINIMUM TEMPERATURE (F)   60        44      1970


SUNRISE AND SUNSET
JUNE 19 2015..........SUNRISE   601 AM EDT   SUNSET   912 PM EDT
JUNE 20 2015..........SUNRISE   601 AM EDT   SUNSET   913 PM EDT


-  INDICATES NEGATIVE NUMBERS.
R  INDICATES RECORD WAS SET OR TIED.
MM INDICATES DATA IS MISSING.
T  INDICATES TRACE AMOUNT.




$$
