000
CDUS41 KCLE 032215
CLITOL


CLIMATE REPORT
NATIONAL WEATHER SERVICE CLEVELAND OH
514 PM EST TUE JAN 3 2017


...................................

...THE TOLEDO OH CLIMATE SUMMARY FOR JANUARY 3 2017...
VALID TODAY AS OF 0500 PM LOCAL TIME.

CLIMATE NORMAL PERIOD 1981 TO 2010
CLIMATE RECORD PERIOD 1873 TO 2017


WEATHER ITEM   OBSERVED TIME   RECORD YEAR NORMAL DEPARTURE LAST
                VALUE   (LST)  VALUE       VALUE  FROM      YEAR
                                                  NORMAL
..................................................................
TEMPERATURE (F)
 TODAY
  MAXIMUM         43    459 PM  61    1950  33     10       33
                                      1897
  MINIMUM         37   1210 AM -12    2014  19     18       28
                                      1879
  AVERAGE         40                        26     14       31

PRECIPITATION (IN)
  TODAY            0.43                      0.08   0.35     0.00
  MONTH TO DATE    0.51                      0.23   0.28      T
  SINCE DEC 1      2.99                      2.91   0.08     2.98
  SINCE JAN 1      0.51                      0.23   0.28      T

SNOWFALL (IN)
  TODAY            0.0                       0.3   -0.3      0.0
  MONTH TO DATE    0.0                       1.0   -1.0       T
  SINCE DEC 1     13.2                       8.4    4.8       T
  SINCE JUL 1     13.2                      10.5    2.7      3.5
  SNOW DEPTH       0

DEGREE DAYS
 HEATING
  TODAY           25                        39    -14       34
  MONTH TO DATE   91                       117    -26      108
  SINCE DEC 1   1249                      1209     40      848
  SINCE JUL 1   2173                      2442   -269     1858

 COOLING
  TODAY            0                         0      0        0
  MONTH TO DATE    0                         0      0        0
  SINCE DEC 1      0                         0      0        0
  SINCE JAN 1      0                         0      0        0
..................................................................


WIND (MPH)
  HIGHEST WIND SPEED    15   HIGHEST WIND DIRECTION     E (90)
  HIGHEST GUST SPEED    21   HIGHEST GUST DIRECTION     E (90)


SKY COVER
  POSSIBLE SUNSHINE  MM
  AVERAGE SKY COVER 0.9


WEATHER CONDITIONS
 THE FOLLOWING WEATHER WAS RECORDED TODAY.
  THUNDERSTORM
  HEAVY RAIN
  RAIN
  LIGHT RAIN
  FOG
  FOG W/VISIBILITY <= 1/4 MILE


RELATIVE HUMIDITY (PERCENT)
 HIGHEST   100           100 AM
 LOWEST    100           100 AM
 AVERAGE   100

..........................................................


THE TOLEDO OH CLIMATE NORMALS FOR TOMORROW
                         NORMAL    RECORD    YEAR
 MAXIMUM TEMPERATURE (F)   33        63      1997
                                             1874
 MINIMUM TEMPERATURE (F)   19       -13      1981


SUNRISE AND SUNSET
JANUARY  3 2017.......SUNRISE   802 AM EST   SUNSET   518 PM EST
JANUARY  4 2017.......SUNRISE   802 AM EST   SUNSET   519 PM EST


-  INDICATES NEGATIVE NUMBERS.
R  INDICATES RECORD WAS SET OR TIED.
MM INDICATES DATA IS MISSING.
T  INDICATES TRACE AMOUNT.




$$
