000
CDUS41 KCLE 310529
CLITOL


CLIMATE REPORT
NATIONAL WEATHER SERVICE CLEVELAND OH
128 AM EDT MON MAR 31 2014


...................................

...THE TOLEDO OH CLIMATE SUMMARY FOR MARCH 30 2014...

CLIMATE NORMAL PERIOD 1981 TO 2010
CLIMATE RECORD PERIOD 1873 TO 2014


WEATHER ITEM   OBSERVED TIME   RECORD YEAR NORMAL DEPARTURE LAST
                VALUE   (LST)  VALUE       VALUE  FROM      YEAR
                                                  NORMAL
..................................................................
TEMPERATURE (F)
 YESTERDAY
  MAXIMUM         51    530 PM  81    1998  53     -2       56
  MINIMUM         26    646 AM  12    1969  33     -7       25
                                      1887
  AVERAGE         39                        43     -4       41

PRECIPITATION (IN)
  YESTERDAY        0.00                      0.09  -0.09     0.00
  MONTH TO DATE    1.39                      2.38  -0.99     0.73
  SINCE MAR 1      1.39                      2.38  -0.99     0.73
  SINCE JAN 1      8.57                      6.50   2.07     7.17

SNOWFALL (IN)
  YESTERDAY        0.0                       0.1   -0.1      0.0
  MONTH TO DATE   11.8                       5.6    6.2      1.4
  SINCE MAR 1     11.8                       5.6    6.2      1.4
  SINCE JUL 1     85.3                      36.1   49.2     22.1
  SNOW DEPTH       0

DEGREE DAYS
 HEATING
  YESTERDAY       26                        22      4       24
  MONTH TO DATE 1098                       828    270      956
  SINCE MAR 1   1098                       828    270      956
  SINCE JUL 1   6424                      5404   1020     5412

 COOLING
  YESTERDAY        0                         0      0        0
  MONTH TO DATE    0                         0      0        0
  SINCE MAR 1      0                         0      0        0
  SINCE JAN 1      0                         0      0        0
..................................................................


WIND (MPH)
  HIGHEST WIND SPEED    14   HIGHEST WIND DIRECTION     N (340)
  HIGHEST GUST SPEED    20   HIGHEST GUST DIRECTION    NW (330)
  AVERAGE WIND SPEED     6.9


SKY COVER
  POSSIBLE SUNSHINE  MM
  AVERAGE SKY COVER 0.1


WEATHER CONDITIONS
 THE FOLLOWING WEATHER WAS RECORDED YESTERDAY.
  NO SIGNIFICANT WEATHER WAS OBSERVED.


RELATIVE HUMIDITY (PERCENT)
 HIGHEST    81           600 AM
 LOWEST     26           500 PM
 AVERAGE    54

..........................................................


THE TOLEDO OH CLIMATE NORMALS FOR TODAY
                         NORMAL    RECORD    YEAR
 MAXIMUM TEMPERATURE (F)   54        80      1943
 MINIMUM TEMPERATURE (F)   33         7      1923


SUNRISE AND SUNSET
MARCH 31 2014.........SUNRISE   720 AM EDT   SUNSET   759 PM EDT
APRIL  1 2014.........SUNRISE   718 AM EDT   SUNSET   801 PM EDT


-  INDICATES NEGATIVE NUMBERS.
R  INDICATES RECORD WAS SET OR TIED.
MM INDICATES DATA IS MISSING.
T  INDICATES TRACE AMOUNT.




$$
