492
CDUS41 KCLE 010530
CLITOL


CLIMATE REPORT
NATIONAL WEATHER SERVICE CLEVELAND OH
1229 AM EST MON FEB 1 2016


...................................

...THE TOLEDO OH CLIMATE SUMMARY FOR JANUARY 31 2016...

CLIMATE NORMAL PERIOD 1981 TO 2010
CLIMATE RECORD PERIOD 1873 TO 2016


WEATHER ITEM   OBSERVED TIME   RECORD YEAR NORMAL DEPARTURE LAST
                VALUE   (LST)  VALUE       VALUE  FROM      YEAR
                                                  NORMAL
..................................................................
TEMPERATURE (F)
 YESTERDAY
  MAXIMUM         55    843 PM  62    1989  33     22       35
  MINIMUM         35   1207 AM  -5    1971  18     17        9
  AVERAGE         45                        26     19       22

PRECIPITATION (IN)
  YESTERDAY        0.05                      0.06  -0.01      T
  MONTH TO DATE    1.47                      2.05  -0.58     2.05
  SINCE DEC 1      4.45                      4.73  -0.28     3.14
  SINCE JAN 1      1.47                      2.05  -0.58     2.05

SNOWFALL (IN)
  YESTERDAY        0.0                       0.4   -0.4       T
  MONTH TO DATE    5.9                      11.6   -5.7     12.2
  SINCE DEC 1      5.9                      19.0  -13.1     12.2
  SINCE JUL 1      9.4                      21.1  -11.7     15.0
  SNOW DEPTH       0

DEGREE DAYS
 HEATING
  YESTERDAY       20                        39    -19       43
  MONTH TO DATE 1182                      1227    -45     1367
  SINCE DEC 1   1922                      2316   -394     2355
  SINCE JUL 1   2932                      3549   -617     3793

 COOLING
  YESTERDAY        0                         0      0        0
  MONTH TO DATE    0                         0      0        0
  SINCE DEC 1      0                         0      0        0
  SINCE JAN 1      0                         0      0        0
..................................................................


WIND (MPH)
  HIGHEST WIND SPEED    24   HIGHEST WIND DIRECTION     W (280)
  HIGHEST GUST SPEED    31   HIGHEST GUST DIRECTION     W (260)
  AVERAGE WIND SPEED    10.5


SKY COVER
  POSSIBLE SUNSHINE  MM
  AVERAGE SKY COVER 0.7


WEATHER CONDITIONS
 THE FOLLOWING WEATHER WAS RECORDED YESTERDAY.
  LIGHT RAIN
  FOG


RELATIVE HUMIDITY (PERCENT)
 HIGHEST    93          1100 PM
 LOWEST     70           200 AM
 AVERAGE    82

..........................................................


THE TOLEDO OH CLIMATE NORMALS FOR TODAY
                         NORMAL    RECORD    YEAR
 MAXIMUM TEMPERATURE (F)   33        58      1968
 MINIMUM TEMPERATURE (F)   19        -7      1971


SUNRISE AND SUNSET
FEBRUARY  1 2016......SUNRISE   748 AM EST   SUNSET   550 PM EST
FEBRUARY  2 2016......SUNRISE   747 AM EST   SUNSET   552 PM EST


-  INDICATES NEGATIVE NUMBERS.
R  INDICATES RECORD WAS SET OR TIED.
MM INDICATES DATA IS MISSING.
T  INDICATES TRACE AMOUNT.




$$
