000
CDUS41 KCLE 060537
CLITOL


CLIMATE REPORT
NATIONAL WEATHER SERVICE CLEVELAND OH
135 AM EDT WED JUL 6 2016


...................................

...THE TOLEDO OH CLIMATE SUMMARY FOR JULY 5 2016...

CLIMATE NORMAL PERIOD 1981 TO 2010
CLIMATE RECORD PERIOD 1873 TO 2016


WEATHER ITEM   OBSERVED TIME   RECORD YEAR NORMAL DEPARTURE LAST
                VALUE   (LST)  VALUE       VALUE  FROM      YEAR
                                                  NORMAL
..................................................................
TEMPERATURE (F)
 YESTERDAY
  MAXIMUM         87    249 PM  99    1988  85      2       82
                                      1949
  MINIMUM         66   1147 PM  46    1979  62      4       54
                                      1972
  AVERAGE         77                        74      3       68

PRECIPITATION (IN)
  YESTERDAY        0.00                      0.09  -0.09     0.00
  MONTH TO DATE    0.16                      0.50  -0.34     0.00
  SINCE JUN 1      1.78                      4.07  -2.29     7.22
  SINCE JAN 1     15.54                     17.44  -1.90    19.12

SNOWFALL (IN)
  YESTERDAY        0.0                       0.0    0.0      0.0
  MONTH TO DATE    0.0                       0.0    0.0      0.0
  SINCE JUN 1      0.0                       0.0    0.0      0.0
  SINCE JUL 1      0.0                       0.0    0.0      0.0
  SNOW DEPTH       0

DEGREE DAYS
 HEATING
  YESTERDAY        0                         0      0        0
  MONTH TO DATE    1                         0      1        1
  SINCE JUN 1     14                        35    -21       36
  SINCE JUL 1      1                         0      1        1

 COOLING
  YESTERDAY       12                         9      3        3
  MONTH TO DATE   18                        43    -25        7
  SINCE JUN 1    208                       213     -5      140
  SINCE JAN 1    277                       266     11      233
..................................................................


WIND (MPH)
  HIGHEST WIND SPEED    18   HIGHEST WIND DIRECTION    SW (240)
  HIGHEST GUST SPEED    24   HIGHEST GUST DIRECTION     W (260)
  AVERAGE WIND SPEED     7.7


SKY COVER
  POSSIBLE SUNSHINE  MM
  AVERAGE SKY COVER 0.3


WEATHER CONDITIONS
 THE FOLLOWING WEATHER WAS RECORDED YESTERDAY.
  FOG
  HAZE


RELATIVE HUMIDITY (PERCENT)
 HIGHEST    87          1100 PM
 LOWEST     44           400 PM
 AVERAGE    66

..........................................................


THE TOLEDO OH CLIMATE NORMALS FOR TODAY
                         NORMAL    RECORD    YEAR
 MAXIMUM TEMPERATURE (F)   85       100      1988
 MINIMUM TEMPERATURE (F)   62        43      1972


SUNRISE AND SUNSET
JULY  6 2016..........SUNRISE   608 AM EDT   SUNSET   912 PM EDT
JULY  7 2016..........SUNRISE   609 AM EDT   SUNSET   912 PM EDT


-  INDICATES NEGATIVE NUMBERS.
R  INDICATES RECORD WAS SET OR TIED.
MM INDICATES DATA IS MISSING.
T  INDICATES TRACE AMOUNT.




$$
