000
CDUS41 KCLE 270542
CLITOL


CLIMATE REPORT
NATIONAL WEATHER SERVICE CLEVELAND OH
141 AM EDT WED MAY 27 2015


...................................

...THE TOLEDO OH CLIMATE SUMMARY FOR MAY 26 2015...

CLIMATE NORMAL PERIOD 1981 TO 2010
CLIMATE RECORD PERIOD 1873 TO 2015


WEATHER ITEM   OBSERVED TIME   RECORD YEAR NORMAL DEPARTURE LAST
                VALUE   (LST)  VALUE       VALUE  FROM      YEAR
                                                  NORMAL
..................................................................
TEMPERATURE (F)
 YESTERDAY
  MAXIMUM         87    239 PM  93    1911  74     13       86
  MINIMUM         63    543 AM  36    1983  52     11       52
                                      1969
  AVERAGE         75                        63     12       69

PRECIPITATION (IN)
  YESTERDAY        0.13                      0.12   0.01     0.00
  MONTH TO DATE    1.67                      2.97  -1.30     1.77
  SINCE MAR 1      5.70                      8.64  -2.94     6.47
  SINCE JAN 1      9.32                     12.76  -3.44    13.65

SNOWFALL (IN)
  YESTERDAY        0.0                       0.0    0.0      0.0
  MONTH TO DATE    0.0                       0.1   -0.1      0.0
  SINCE MAR 1      5.4                       7.1   -1.7     12.8
  SINCE JUL 1     45.7                      37.6    8.1     86.3
  SNOW DEPTH       0

DEGREE DAYS
 HEATING
  YESTERDAY        0                         4     -4        0
  MONTH TO DATE  119                       189    -70      190
  SINCE MAR 1   1592                      1515     77     1789
  SINCE JUL 1   6848                      6091    757     7115

 COOLING
  YESTERDAY       10                         2      8        4
  MONTH TO DATE   72                        31     41       39
  SINCE MAR 1     72                        39     33       41
  SINCE JAN 1     72                        39     33       41
..................................................................


WIND (MPH)
  HIGHEST WIND SPEED    17   HIGHEST WIND DIRECTION    SW (210)
  HIGHEST GUST SPEED    29   HIGHEST GUST DIRECTION    SW (210)
  AVERAGE WIND SPEED     8.9


SKY COVER
  POSSIBLE SUNSHINE  MM
  AVERAGE SKY COVER 0.4


WEATHER CONDITIONS
 THE FOLLOWING WEATHER WAS RECORDED YESTERDAY.
  THUNDERSTORM
  HEAVY RAIN
  RAIN
  LIGHT RAIN
  FOG


RELATIVE HUMIDITY (PERCENT)
 HIGHEST   100           500 AM
 LOWEST     42           300 PM
 AVERAGE    71

..........................................................


THE TOLEDO OH CLIMATE NORMALS FOR TODAY
                         NORMAL    RECORD    YEAR
 MAXIMUM TEMPERATURE (F)   75        92      1911
 MINIMUM TEMPERATURE (F)   52        33      1961


SUNRISE AND SUNSET
MAY 27 2015...........SUNRISE   606 AM EDT   SUNSET   859 PM EDT
MAY 28 2015...........SUNRISE   606 AM EDT   SUNSET   900 PM EDT


-  INDICATES NEGATIVE NUMBERS.
R  INDICATES RECORD WAS SET OR TIED.
MM INDICATES DATA IS MISSING.
T  INDICATES TRACE AMOUNT.




$$
