000
CDUS41 KCLE 072114
CLITOL


CLIMATE REPORT
NATIONAL WEATHER SERVICE CLEVELAND OH
513 PM EDT SUN AUG 7 2016


...................................

...THE TOLEDO OH CLIMATE SUMMARY FOR AUGUST 7 2016...
VALID TODAY AS OF 0500 PM LOCAL TIME.

CLIMATE NORMAL PERIOD 1981 TO 2010
CLIMATE RECORD PERIOD 1873 TO 2016


WEATHER ITEM   OBSERVED TIME   RECORD YEAR NORMAL DEPARTURE LAST
                VALUE   (LST)  VALUE       VALUE  FROM      YEAR
                                                  NORMAL
..................................................................
TEMPERATURE (F)
 TODAY
  MAXIMUM         86    315 PM  99    1918  83      3       79
  MINIMUM         61    540 AM  48    1976  62     -1       58
  AVERAGE         74                        72      2       69

PRECIPITATION (IN)
  TODAY            0.00                      0.11  -0.11     0.00
  MONTH TO DATE    0.13                      0.77  -0.64     0.74
  SINCE JUN 1      4.79                      7.57  -2.78    14.12
  SINCE JAN 1     18.55                     20.94  -2.39    26.02

SNOWFALL (IN)
  TODAY            0.0                       0.0    0.0      0.0
  MONTH TO DATE    0.0                       0.0    0.0      0.0
  SINCE JUN 1      0.0                       0.0    0.0      0.0
  SINCE JUL 1      0.0                       0.0    0.0      0.0
  SNOW DEPTH       0

DEGREE DAYS
 HEATING
  TODAY            0                         0      0        0
  MONTH TO DATE    0                         0      0        0
  SINCE JUN 1     14                        38    -24       37
  SINCE JUL 1      1                         3     -2        2

 COOLING
  TODAY            9                         8      1        4
  MONTH TO DATE   80                        56     24       37
  SINCE JUN 1    579                       491     88      355
  SINCE JAN 1    648                       544    104      448
..................................................................


WIND (MPH)
  HIGHEST WIND SPEED    13   HIGHEST WIND DIRECTION     N (360)
  HIGHEST GUST SPEED    16   HIGHEST GUST DIRECTION     N (360)


SKY COVER
  POSSIBLE SUNSHINE  MM
  AVERAGE SKY COVER 0.1


WEATHER CONDITIONS
 THE FOLLOWING WEATHER WAS RECORDED TODAY.
  NO SIGNIFICANT WEATHER WAS OBSERVED.


RELATIVE HUMIDITY (PERCENT)
 HIGHEST    93           300 AM
 LOWEST     37           400 PM
 AVERAGE    65

..........................................................


THE TOLEDO OH CLIMATE NORMALS FOR TOMORROW
                         NORMAL    RECORD    YEAR
 MAXIMUM TEMPERATURE (F)   83        97      2001
 MINIMUM TEMPERATURE (F)   62        44      1989


SUNRISE AND SUNSET
AUGUST  7 2016........SUNRISE   636 AM EDT   SUNSET   845 PM EDT
AUGUST  8 2016........SUNRISE   637 AM EDT   SUNSET   844 PM EDT


-  INDICATES NEGATIVE NUMBERS.
R  INDICATES RECORD WAS SET OR TIED.
MM INDICATES DATA IS MISSING.
T  INDICATES TRACE AMOUNT.




$$
