000
CDUS41 KCLE 070528
CLITOL


CLIMATE REPORT
NATIONAL WEATHER SERVICE CLEVELAND OH
127 AM EDT FRI APR 7 2017


...................................

...THE TOLEDO OH CLIMATE SUMMARY FOR APRIL 6 2017...

CLIMATE NORMAL PERIOD 1981 TO 2010
CLIMATE RECORD PERIOD 1873 TO 2017


WEATHER ITEM   OBSERVED TIME   RECORD YEAR NORMAL DEPARTURE LAST
                VALUE   (LST)  VALUE       VALUE  FROM      YEAR
                                                  NORMAL
..................................................................
TEMPERATURE (F)
 YESTERDAY
  MAXIMUM         43   1243 AM  83    2010  56    -13       60
                                      1929
  MINIMUM         33   1159 PM  16    1982  35     -2       30
  AVERAGE         38                        46     -8       45

PRECIPITATION (IN)
  YESTERDAY        0.28                      0.10   0.18     0.39
  MONTH TO DATE    0.86                      0.60   0.26     0.54
  SINCE MAR 1      4.50                      3.08   1.42     5.64
  SINCE JAN 1     10.27                      7.20   3.07     8.86

SNOWFALL (IN)
  YESTERDAY        0.3                       0.1    0.2      0.0
  MONTH TO DATE    0.3                       0.5   -0.2      0.7
  SINCE MAR 1      5.0                       6.2   -1.2      3.4
  SINCE JUL 1     22.0                      36.7  -14.7     18.4
  SNOW DEPTH       0

DEGREE DAYS
 HEATING
  YESTERDAY       27                        19      8       20
  MONTH TO DATE  111                       121    -10      153
  SINCE MAR 1    983                       971     12      827
  SINCE JUL 1   4828                      5547   -719     4725

 COOLING
  YESTERDAY        0                         0      0        0
  MONTH TO DATE    0                         0      0        0
  SINCE MAR 1      0                         0      0        0
  SINCE JAN 1      0                         0      0        0
..................................................................


WIND (MPH)
  HIGHEST WIND SPEED    29   HIGHEST WIND DIRECTION    NW (310)
  HIGHEST GUST SPEED    41   HIGHEST GUST DIRECTION    NW (320)
  AVERAGE WIND SPEED    16.3


SKY COVER
  POSSIBLE SUNSHINE  MM
  AVERAGE SKY COVER 1.0


WEATHER CONDITIONS
 THE FOLLOWING WEATHER WAS RECORDED YESTERDAY.
  LIGHT RAIN
  LIGHT SNOW
  FOG


RELATIVE HUMIDITY (PERCENT)
 HIGHEST   100           300 AM
 LOWEST     92          1200 PM
 AVERAGE    96

..........................................................


THE TOLEDO OH CLIMATE NORMALS FOR TODAY
                         NORMAL    RECORD    YEAR
 MAXIMUM TEMPERATURE (F)   57        83      1991
 MINIMUM TEMPERATURE (F)   36         8      1982


SUNRISE AND SUNSET
APRIL  7 2017.........SUNRISE   708 AM EDT   SUNSET   807 PM EDT
APRIL  8 2017.........SUNRISE   706 AM EDT   SUNSET   808 PM EDT


-  INDICATES NEGATIVE NUMBERS.
R  INDICATES RECORD WAS SET OR TIED.
MM INDICATES DATA IS MISSING.
T  INDICATES TRACE AMOUNT.




$$
