000
CDUS41 KCLE 070534
CLITOL


CLIMATE REPORT
NATIONAL WEATHER SERVICE CLEVELAND OH
134 AM EDT WED SEP 7 2016


...................................

...THE TOLEDO OH CLIMATE SUMMARY FOR SEPTEMBER 6 2016...

CLIMATE NORMAL PERIOD 1981 TO 2010
CLIMATE RECORD PERIOD 1873 TO 2016


WEATHER ITEM   OBSERVED TIME   RECORD YEAR NORMAL DEPARTURE LAST
                VALUE   (LST)  VALUE       VALUE  FROM      YEAR
                                                  NORMAL
..................................................................
TEMPERATURE (F)
 YESTERDAY
  MAXIMUM         90    414 PM  95    1990  79     11       90
                                      1881
  MINIMUM         69    616 AM  39    1976  57     12       64
  AVERAGE         80                        68     12       77

PRECIPITATION (IN)
  YESTERDAY        0.00                      0.09  -0.09     0.00
  MONTH TO DATE    0.00                      0.57  -0.57     0.30
  SINCE SEP 1      0.00                      0.57  -0.57     0.30
  SINCE JAN 1     23.31                     23.89  -0.58    28.63

SNOWFALL (IN)
  YESTERDAY        0.0                       0.0    0.0      0.0
  MONTH TO DATE    0.0                       0.0    0.0      0.0
  SINCE SEP 1      0.0                       0.0    0.0      0.0
  SINCE JUL 1      0.0                       0.0    0.0      0.0
  SNOW DEPTH       0

DEGREE DAYS
 HEATING
  YESTERDAY        0                         1     -1        0
  MONTH TO DATE    0                         6     -6        0
  SINCE SEP 1      0                         6     -6        0
  SINCE JUL 1      1                        20    -19       12

 COOLING
  YESTERDAY       15                         4     11       12
  MONTH TO DATE   23                        28     -5       71
  SINCE SEP 1     23                        28     -5       71
  SINCE JAN 1    912                       730    182      652
..................................................................


WIND (MPH)
  HIGHEST WIND SPEED    20   HIGHEST WIND DIRECTION    SW (240)
  HIGHEST GUST SPEED    24   HIGHEST GUST DIRECTION     W (250)
  AVERAGE WIND SPEED     8.5


SKY COVER
  POSSIBLE SUNSHINE  MM
  AVERAGE SKY COVER 0.1


WEATHER CONDITIONS
 THE FOLLOWING WEATHER WAS RECORDED YESTERDAY.
  NO SIGNIFICANT WEATHER WAS OBSERVED.


RELATIVE HUMIDITY (PERCENT)
 HIGHEST    97           700 AM
 LOWEST     56           400 PM
 AVERAGE    77

..........................................................


THE TOLEDO OH CLIMATE NORMALS FOR TODAY
                         NORMAL    RECORD    YEAR
 MAXIMUM TEMPERATURE (F)   79        99      1939
 MINIMUM TEMPERATURE (F)   56        38      1988


SUNRISE AND SUNSET
SEPTEMBER  7 2016.....SUNRISE   708 AM EDT   SUNSET   757 PM EDT
SEPTEMBER  8 2016.....SUNRISE   709 AM EDT   SUNSET   756 PM EDT


-  INDICATES NEGATIVE NUMBERS.
R  INDICATES RECORD WAS SET OR TIED.
MM INDICATES DATA IS MISSING.
T  INDICATES TRACE AMOUNT.




$$
