000
CDUS41 KCLE 100527
CLITOL


CLIMATE REPORT
NATIONAL WEATHER SERVICE CLEVELAND OH
126 AM EDT MON APR 10 2017


...................................

...THE TOLEDO OH CLIMATE SUMMARY FOR APRIL 9 2017...

CLIMATE NORMAL PERIOD 1981 TO 2010
CLIMATE RECORD PERIOD 1873 TO 2017


WEATHER ITEM   OBSERVED TIME   RECORD YEAR NORMAL DEPARTURE LAST
                VALUE   (LST)  VALUE       VALUE  FROM      YEAR
                                                  NORMAL
..................................................................
TEMPERATURE (F)
 YESTERDAY
  MAXIMUM         75    409 PM  80    1967  58     17       32
  MINIMUM         45    254 AM  15    1972  37      8       20
                                      1957
  AVERAGE         60                        47     13       26

PRECIPITATION (IN)
  YESTERDAY        0.00                      0.11  -0.11     0.29
  MONTH TO DATE    0.92                      0.93  -0.01     1.49
  SINCE MAR 1      4.56                      3.41   1.15     6.59
  SINCE JAN 1     10.33                      7.53   2.80     9.81

SNOWFALL (IN)
  YESTERDAY        0.0                       0.1   -0.1      4.0
  MONTH TO DATE    0.7                       0.7    0.0      8.5
  SINCE MAR 1      5.4                       6.4   -1.0     11.2
  SINCE JUL 1     22.4                      36.9  -14.5     26.2
  SNOW DEPTH       0

DEGREE DAYS
 HEATING
  YESTERDAY        5                        18    -13       39
  MONTH TO DATE  159                       177    -18      248
  SINCE MAR 1   1031                      1027      4      922
  SINCE JUL 1   4876                      5603   -727     4820

 COOLING
  YESTERDAY        0                         0      0        0
  MONTH TO DATE    0                         0      0        0
  SINCE MAR 1      0                         0      0        0
  SINCE JAN 1      0                         0      0        0
..................................................................


WIND (MPH)
  HIGHEST WIND SPEED    25   HIGHEST WIND DIRECTION    SW (220)
  HIGHEST GUST SPEED    37   HIGHEST GUST DIRECTION     S (200)
  AVERAGE WIND SPEED    11.6


SKY COVER
  POSSIBLE SUNSHINE  MM
  AVERAGE SKY COVER 0.0


WEATHER CONDITIONS
 THE FOLLOWING WEATHER WAS RECORDED YESTERDAY.
  NO SIGNIFICANT WEATHER WAS OBSERVED.


RELATIVE HUMIDITY (PERCENT)
 HIGHEST    58           700 AM
 LOWEST     27           400 PM
 AVERAGE    43

..........................................................


THE TOLEDO OH CLIMATE NORMALS FOR TODAY
                         NORMAL    RECORD    YEAR
 MAXIMUM TEMPERATURE (F)   58        84      2011
 MINIMUM TEMPERATURE (F)   37        18      1989


SUNRISE AND SUNSET
APRIL 10 2017.........SUNRISE   703 AM EDT   SUNSET   811 PM EDT
APRIL 11 2017.........SUNRISE   701 AM EDT   SUNSET   812 PM EDT


-  INDICATES NEGATIVE NUMBERS.
R  INDICATES RECORD WAS SET OR TIED.
MM INDICATES DATA IS MISSING.
T  INDICATES TRACE AMOUNT.




$$
