000
CDUS41 KCLE 170526
CLITOL


CLIMATE REPORT
NATIONAL WEATHER SERVICE CLEVELAND OH
125 AM EDT SUN MAY 17 2015


...................................

...THE TOLEDO OH CLIMATE SUMMARY FOR MAY 16 2015...

CLIMATE NORMAL PERIOD 1981 TO 2010
CLIMATE RECORD PERIOD 1873 TO 2015


WEATHER ITEM   OBSERVED TIME   RECORD YEAR NORMAL DEPARTURE LAST
                VALUE   (LST)  VALUE       VALUE  FROM      YEAR
                                                  NORMAL
..................................................................
TEMPERATURE (F)
 YESTERDAY
  MAXIMUM         74    544 PM  93    1991  71      3       56
  MINIMUM         63    548 AM  32    1967  48     15       35
  AVERAGE         69                        60      9       46

PRECIPITATION (IN)
  YESTERDAY        0.07                      0.12  -0.05     0.00
  MONTH TO DATE    1.31                      1.77  -0.46     1.54
  SINCE MAR 1      5.34                      7.44  -2.10     6.24
  SINCE JAN 1      8.96                     11.56  -2.60    13.42

SNOWFALL (IN)
  YESTERDAY        0.0                       0.0    0.0      0.0
  MONTH TO DATE    0.0                       0.1   -0.1      0.0
  SINCE MAR 1      5.4                       7.1   -1.7     12.8
  SINCE JUL 1     45.7                      37.6    8.1     86.3
  SNOW DEPTH       0

DEGREE DAYS
 HEATING
  YESTERDAY        0                         7     -7       19
  MONTH TO DATE   66                       136    -70      145
  SINCE MAR 1   1539                      1462     77     1744
  SINCE JUL 1   6795                      6038    757     7070

 COOLING
  YESTERDAY        4                         1      3        0
  MONTH TO DATE   38                        13     25       24
  SINCE MAR 1     38                        21     17       26
  SINCE JAN 1     38                        21     17       26
..................................................................


WIND (MPH)
  HIGHEST WIND SPEED    12   HIGHEST WIND DIRECTION     S (200)
  HIGHEST GUST SPEED    15   HIGHEST GUST DIRECTION     S (200)
  AVERAGE WIND SPEED     3.8


SKY COVER
  POSSIBLE SUNSHINE  MM
  AVERAGE SKY COVER 0.7


WEATHER CONDITIONS
 THE FOLLOWING WEATHER WAS RECORDED YESTERDAY.
  RAIN
  LIGHT RAIN
  FOG


RELATIVE HUMIDITY (PERCENT)
 HIGHEST   100           100 AM
 LOWEST     73           100 PM
 AVERAGE    87

..........................................................


THE TOLEDO OH CLIMATE NORMALS FOR TODAY
                         NORMAL    RECORD    YEAR
 MAXIMUM TEMPERATURE (F)   71        95      1962
 MINIMUM TEMPERATURE (F)   49        30      1973


SUNRISE AND SUNSET
MAY 17 2015...........SUNRISE   614 AM EDT   SUNSET   850 PM EDT
MAY 18 2015...........SUNRISE   613 AM EDT   SUNSET   851 PM EDT


-  INDICATES NEGATIVE NUMBERS.
R  INDICATES RECORD WAS SET OR TIED.
MM INDICATES DATA IS MISSING.
T  INDICATES TRACE AMOUNT.




$$
