000
CDUS41 KCLE 120545
CLITOL


CLIMATE REPORT
NATIONAL WEATHER SERVICE CLEVELAND OH
145 AM EDT MON JUN 12 2017


...................................

...THE TOLEDO OH CLIMATE SUMMARY FOR JUNE 11 2017...

CLIMATE NORMAL PERIOD 1981 TO 2010
CLIMATE RECORD PERIOD 1873 TO 2017


WEATHER ITEM   OBSERVED TIME   RECORD YEAR NORMAL DEPARTURE LAST
                VALUE   (LST)  VALUE       VALUE  FROM      YEAR
                                                  NORMAL
..................................................................
TEMPERATURE (F)
 YESTERDAY
  MAXIMUM         91    343 PM  97    1933  80     11       95
  MINIMUM         67    546 AM  32    1972  57     10       75
  AVERAGE         79                        68     11       85

PRECIPITATION (IN)
  YESTERDAY        0.00                      0.12  -0.12     0.00
  MONTH TO DATE    0.03                      1.36  -1.33     0.26
  SINCE JUN 1      0.03                      1.36  -1.33     0.26
  SINCE JAN 1     17.89                     14.73   3.16    14.02

SNOWFALL (IN)
  YESTERDAY        0.0                       0.0    0.0      0.0
  MONTH TO DATE    0.0                       0.0    0.0      0.0
  SINCE JUN 1      0.0                       0.0    0.0      0.0
  SINCE JUL 1     22.4                      37.6  -15.2     26.4
  SNOW DEPTH       0

DEGREE DAYS
 HEATING
  YESTERDAY        0                         1     -1        0
  MONTH TO DATE   12                        24    -12       13
  SINCE JUN 1     12                        24    -12       13
  SINCE JUL 1   5306                      6134   -828     5357

 COOLING
  YESTERDAY       14                         5      9       20
  MONTH TO DATE   44                        42      2       63
  SINCE JUN 1     44                        42      2       63
  SINCE JAN 1     89                        95     -6      132
..................................................................


WIND (MPH)
  HIGHEST WIND SPEED    24   HIGHEST WIND DIRECTION     W (250)
  HIGHEST GUST SPEED    32   HIGHEST GUST DIRECTION     W (250)
  AVERAGE WIND SPEED    12.5


SKY COVER
  POSSIBLE SUNSHINE  MM
  AVERAGE SKY COVER 0.0


WEATHER CONDITIONS
 THE FOLLOWING WEATHER WAS RECORDED YESTERDAY.
  NO SIGNIFICANT WEATHER WAS OBSERVED.


RELATIVE HUMIDITY (PERCENT)
 HIGHEST    70           700 AM
 LOWEST     29           300 PM
 AVERAGE    50

..........................................................


THE TOLEDO OH CLIMATE NORMALS FOR TODAY
                         NORMAL    RECORD    YEAR
 MAXIMUM TEMPERATURE (F)   80        95      1956
 MINIMUM TEMPERATURE (F)   58        43      1906


SUNRISE AND SUNSET
JUNE 12 2017..........SUNRISE   600 AM EDT   SUNSET   910 PM EDT
JUNE 13 2017..........SUNRISE   600 AM EDT   SUNSET   910 PM EDT


-  INDICATES NEGATIVE NUMBERS.
R  INDICATES RECORD WAS SET OR TIED.
MM INDICATES DATA IS MISSING.
T  INDICATES TRACE AMOUNT.




$$
