000
CDUS41 KCLE 310539
CLITOL


CLIMATE REPORT
NATIONAL WEATHER SERVICE CLEVELAND OH
1239 AM EST TUE JAN 31 2017


...................................

...THE TOLEDO OH CLIMATE SUMMARY FOR JANUARY 30 2017...

CLIMATE NORMAL PERIOD 1981 TO 2010
CLIMATE RECORD PERIOD 1873 TO 2017


WEATHER ITEM   OBSERVED TIME   RECORD YEAR NORMAL DEPARTURE LAST
                VALUE   (LST)  VALUE       VALUE  FROM      YEAR
                                                  NORMAL
..................................................................
TEMPERATURE (F)
 YESTERDAY
  MAXIMUM         28    304 PM  63    2013  33     -5       52
  MINIMUM         19    511 AM  -5    1965  18      1       29
  AVERAGE         24                        26     -2       41

PRECIPITATION (IN)
  YESTERDAY        0.01                      0.06  -0.05     0.00
  MONTH TO DATE    4.07                      1.99   2.08     1.42
  SINCE DEC 1      6.55                      4.67   1.88     4.40
  SINCE JAN 1      4.07                      1.99   2.08     1.42

SNOWFALL (IN)
  YESTERDAY        0.2                       0.4   -0.2      0.0
  MONTH TO DATE    2.3                      11.2   -8.9      5.9
  SINCE DEC 1     15.5                      18.6   -3.1      5.9
  SINCE JUL 1     15.5                      20.7   -5.2      9.4
  SNOW DEPTH       1

DEGREE DAYS
 HEATING
  YESTERDAY       41                        39      2       24
  MONTH TO DATE  999                      1188   -189     1162
  SINCE DEC 1   2157                      2280   -123     1902
  SINCE JUL 1   3081                      3513   -432     2912

 COOLING
  YESTERDAY        0                         0      0        0
  MONTH TO DATE    0                         0      0        0
  SINCE DEC 1      0                         0      0        0
  SINCE JAN 1      0                         0      0        0
..................................................................


WIND (MPH)
  HIGHEST WIND SPEED    18   HIGHEST WIND DIRECTION    SW (240)
  HIGHEST GUST SPEED    22   HIGHEST GUST DIRECTION    SW (240)
  AVERAGE WIND SPEED     7.2


SKY COVER
  POSSIBLE SUNSHINE  MM
  AVERAGE SKY COVER 0.9


WEATHER CONDITIONS
 THE FOLLOWING WEATHER WAS RECORDED YESTERDAY.
  LIGHT SNOW
  FOG


RELATIVE HUMIDITY (PERCENT)
 HIGHEST    92           300 AM
 LOWEST     55           500 PM
 AVERAGE    74

..........................................................


THE TOLEDO OH CLIMATE NORMALS FOR TODAY
                         NORMAL    RECORD    YEAR
 MAXIMUM TEMPERATURE (F)   33        62      1989
 MINIMUM TEMPERATURE (F)   18        -5      1971


SUNRISE AND SUNSET
JANUARY 31 2017.......SUNRISE   748 AM EST   SUNSET   550 PM EST
FEBRUARY  1 2017......SUNRISE   747 AM EST   SUNSET   551 PM EST


-  INDICATES NEGATIVE NUMBERS.
R  INDICATES RECORD WAS SET OR TIED.
MM INDICATES DATA IS MISSING.
T  INDICATES TRACE AMOUNT.




$$
