000
CDUS41 KCLE 161146
CLITOL


CLIMATE REPORT
NATIONAL WEATHER SERVICE CLEVELAND OH
745 AM EDT TUE AUG 16 2016


...................................

...THE TOLEDO OH CLIMATE SUMMARY FOR AUGUST 15 2016...

CLIMATE NORMAL PERIOD 1981 TO 2010
CLIMATE RECORD PERIOD 1873 TO 2016


WEATHER ITEM   OBSERVED TIME   RECORD YEAR NORMAL DEPARTURE LAST
                VALUE   (LST)  VALUE       VALUE  FROM      YEAR
                                                  NORMAL
..................................................................
TEMPERATURE (F)
 YESTERDAY
  MAXIMUM         76    527 PM  95    1995  82     -6       84
                                      1944
  MINIMUM         69    704 AM  42    1964  61      8       63
  AVERAGE         73                        72      1       74

PRECIPITATION (IN)
  YESTERDAY        0.28                      0.10   0.18     0.09
  MONTH TO DATE    1.40                      1.57  -0.17     2.07
  SINCE JUN 1      6.06                      8.37  -2.31    15.45
  SINCE JAN 1     19.82                     21.74  -1.92    27.35

SNOWFALL (IN)
  YESTERDAY        0.0                       0.0    0.0      0.0
  MONTH TO DATE    0.0                       0.0    0.0      0.0
  SINCE JUN 1      0.0                       0.0    0.0      0.0
  SINCE JUL 1      0.0                       0.0    0.0      0.0
  SNOW DEPTH       0

DEGREE DAYS
 HEATING
  YESTERDAY        0                         0      0        0
  MONTH TO DATE    0                         0      0        0
  SINCE JUN 1     14                        38    -24       37
  SINCE JUL 1      1                         3     -2        2

 COOLING
  YESTERDAY        8                         7      1        9
  MONTH TO DATE  184                       114     70       95
  SINCE JUN 1    683                       549    134      413
  SINCE JAN 1    752                       602    150      506
..................................................................


WIND (MPH)
  HIGHEST WIND SPEED    12   HIGHEST WIND DIRECTION     E (110)
  HIGHEST GUST SPEED    17   HIGHEST GUST DIRECTION     E (110)
  AVERAGE WIND SPEED     3.6


SKY COVER
  POSSIBLE SUNSHINE  MM
  AVERAGE SKY COVER 0.9


WEATHER CONDITIONS
 THE FOLLOWING WEATHER WAS RECORDED YESTERDAY.
  LIGHT RAIN
  FOG


RELATIVE HUMIDITY (PERCENT)
 HIGHEST   100           200 AM
 LOWEST     94           500 PM
 AVERAGE    97

..........................................................


THE TOLEDO OH CLIMATE NORMALS FOR TODAY
                         NORMAL    RECORD    YEAR
 MAXIMUM TEMPERATURE (F)   82        94      2009
                                             1987
                                             1922
 MINIMUM TEMPERATURE (F)   61        44      1979


SUNRISE AND SUNSET
AUGUST 16 2016........SUNRISE   645 AM EDT   SUNSET   833 PM EDT
AUGUST 17 2016........SUNRISE   646 AM EDT   SUNSET   831 PM EDT


-  INDICATES NEGATIVE NUMBERS.
R  INDICATES RECORD WAS SET OR TIED.
MM INDICATES DATA IS MISSING.
T  INDICATES TRACE AMOUNT.




$$
