000
CDUS41 KCLE 170526
CLITOL


CLIMATE REPORT
NATIONAL WEATHER SERVICE CLEVELAND OH
125 AM EDT WED MAY 17 2017


...................................

...THE TOLEDO OH CLIMATE SUMMARY FOR MAY 16 2017...

CLIMATE NORMAL PERIOD 1981 TO 2010
CLIMATE RECORD PERIOD 1873 TO 2017


WEATHER ITEM   OBSERVED TIME   RECORD YEAR NORMAL DEPARTURE LAST
                VALUE   (LST)  VALUE       VALUE  FROM      YEAR
                                                  NORMAL
..................................................................
TEMPERATURE (F)
 YESTERDAY
  MAXIMUM         86    532 PM  93    1991  71     15       67
  MINIMUM         53    342 AM  32    1967  48      5       37
  AVERAGE         70                        60     10       52

PRECIPITATION (IN)
  YESTERDAY        T                         0.12  -0.12     0.00
  MONTH TO DATE    3.23                      1.77   1.46     1.35
  SINCE MAR 1     10.34                      7.44   2.90    10.45
  SINCE JAN 1     16.11                     11.56   4.55    13.67

SNOWFALL (IN)
  YESTERDAY        0.0                       0.0    0.0      0.0
  MONTH TO DATE    0.0                       0.1   -0.1      0.0
  SINCE MAR 1      5.4                       7.1   -1.7     11.4
  SINCE JUL 1     22.4                      37.6  -15.2     26.4
  SNOW DEPTH       0

DEGREE DAYS
 HEATING
  YESTERDAY        0                         7     -7       13
  MONTH TO DATE  199                       136     63      173
  SINCE MAR 1   1409                      1462    -53     1395
  SINCE JUL 1   5254                      6038   -784     5293

 COOLING
  YESTERDAY        5                         1      4        0
  MONTH TO DATE    5                        13     -8        2
  SINCE MAR 1     13                        21     -8        2
  SINCE JAN 1     13                        21     -8        2
..................................................................


WIND (MPH)
  HIGHEST WIND SPEED    23   HIGHEST WIND DIRECTION    SW (240)
  HIGHEST GUST SPEED    31   HIGHEST GUST DIRECTION     W (250)
  AVERAGE WIND SPEED     9.7


SKY COVER
  POSSIBLE SUNSHINE  MM
  AVERAGE SKY COVER 0.1


WEATHER CONDITIONS
 THE FOLLOWING WEATHER WAS RECORDED YESTERDAY.
  LIGHT RAIN


RELATIVE HUMIDITY (PERCENT)
 HIGHEST    72           800 AM
 LOWEST     32           200 PM
 AVERAGE    52

..........................................................


THE TOLEDO OH CLIMATE NORMALS FOR TODAY
                         NORMAL    RECORD    YEAR
 MAXIMUM TEMPERATURE (F)   71        95      1962
 MINIMUM TEMPERATURE (F)   49        30      1973


SUNRISE AND SUNSET
MAY 17 2017...........SUNRISE   614 AM EDT   SUNSET   850 PM EDT
MAY 18 2017...........SUNRISE   613 AM EDT   SUNSET   851 PM EDT


-  INDICATES NEGATIVE NUMBERS.
R  INDICATES RECORD WAS SET OR TIED.
MM INDICATES DATA IS MISSING.
T  INDICATES TRACE AMOUNT.




$$
