000
CDUS41 KCLE 030528
CLITOL


CLIMATE REPORT
NATIONAL WEATHER SERVICE CLEVELAND OH
1227 AM EST FRI MAR 3 2017


...................................

...THE TOLEDO OH CLIMATE SUMMARY FOR MARCH 2 2017...

CLIMATE NORMAL PERIOD 1981 TO 2010
CLIMATE RECORD PERIOD 1873 TO 2017


WEATHER ITEM   OBSERVED TIME   RECORD YEAR NORMAL DEPARTURE LAST
                VALUE   (LST)  VALUE       VALUE  FROM      YEAR
                                                  NORMAL
..................................................................
TEMPERATURE (F)
 YESTERDAY
  MAXIMUM         35    257 PM  64    1882  41     -6       29
  MINIMUM         26   1159 PM  -5    1978  24      2       16
  AVERAGE         31                        32     -1       23

PRECIPITATION (IN)
  YESTERDAY        T                         0.07  -0.07     0.01
  MONTH TO DATE    0.46                      0.15   0.31     0.31
  SINCE MAR 1      0.46                      0.15   0.31     0.31
  SINCE JAN 1      6.23                      4.27   1.96     3.53

SNOWFALL (IN)
  YESTERDAY        T                         0.2   -0.2      0.2
  MONTH TO DATE    T                         0.5   -0.5      0.7
  SINCE MAR 1      T                         0.5   -0.5      0.7
  SINCE JUL 1     17.0                      31.0  -14.0     15.7
  SNOW DEPTH       0

DEGREE DAYS
 HEATING
  YESTERDAY       34                        33      1       42
  MONTH TO DATE   53                        66    -13       79
  SINCE MAR 1     53                        66    -13       79
  SINCE JUL 1   3898                      4642   -744     3977

 COOLING
  YESTERDAY        0                         0      0        0
  MONTH TO DATE    0                         0      0        0
  SINCE MAR 1      0                         0      0        0
  SINCE JAN 1      0                         0      0        0
..................................................................


WIND (MPH)
  HIGHEST WIND SPEED    24   HIGHEST WIND DIRECTION     W (290)
  HIGHEST GUST SPEED    35   HIGHEST GUST DIRECTION     W (290)
  AVERAGE WIND SPEED    14.1


SKY COVER
  POSSIBLE SUNSHINE  MM
  AVERAGE SKY COVER 0.7


WEATHER CONDITIONS
 THE FOLLOWING WEATHER WAS RECORDED YESTERDAY.
  LIGHT SNOW
  FOG


RELATIVE HUMIDITY (PERCENT)
 HIGHEST    75           400 AM
 LOWEST     47           300 PM
 AVERAGE    61

..........................................................


THE TOLEDO OH CLIMATE NORMALS FOR TODAY
                         NORMAL    RECORD    YEAR
 MAXIMUM TEMPERATURE (F)   41        71      1976
 MINIMUM TEMPERATURE (F)   24        -5      1943


SUNRISE AND SUNSET
MARCH  3 2017.........SUNRISE   706 AM EST   SUNSET   628 PM EST
MARCH  4 2017.........SUNRISE   705 AM EST   SUNSET   630 PM EST


-  INDICATES NEGATIVE NUMBERS.
R  INDICATES RECORD WAS SET OR TIED.
MM INDICATES DATA IS MISSING.
T  INDICATES TRACE AMOUNT.




$$
