000
CDUS41 KCLE 062223
CLITOL


CLIMATE REPORT
NATIONAL WEATHER SERVICE CLEVELAND OH
514 PM EST WED DEC 6 2017


...................................

...THE TOLEDO OH CLIMATE SUMMARY FOR DECEMBER 6 2017...
VALID TODAY AS OF 0500 PM LOCAL TIME.

CLIMATE NORMAL PERIOD 1981 TO 2010
CLIMATE RECORD PERIOD 1873 TO 2017


WEATHER ITEM   OBSERVED TIME   RECORD YEAR NORMAL DEPARTURE LAST
                VALUE   (LST)  VALUE       VALUE  FROM      YEAR
                                                  NORMAL
..................................................................
TEMPERATURE (F)
 TODAY
  MAXIMUM         40    251 PM  69    1998  39      1       38
  MINIMUM         28    622 AM   0    1964  26      2       25
  AVERAGE         34                        33      1       32

PRECIPITATION (IN)
  TODAY            0.00                      0.09  -0.09     0.31
  MONTH TO DATE    0.09                      0.55  -0.46     0.48
  SINCE DEC 1      0.09                      0.55  -0.46     0.48
  SINCE JAN 1     37.99                     32.11   5.88    32.33

SNOWFALL (IN)
  TODAY            0.0                       0.2   -0.2      0.0
  MONTH TO DATE    0.0                       1.0   -1.0      0.6
  SINCE DEC 1      0.0                       1.0   -1.0      0.6
  SINCE JUL 1      T                         3.1   -3.1      0.6
  SNOW DEPTH       0

DEGREE DAYS
 HEATING
  TODAY           31                        32     -1       33
  MONTH TO DATE  146                       188    -42      180
  SINCE DEC 1    146                       188    -42      180
  SINCE JUL 1   1194                      1421   -227     1104

 COOLING
  TODAY            0                         0      0        0
  MONTH TO DATE    0                         0      0        0
  SINCE DEC 1      0                         0      0        0
  SINCE JAN 1    744                       793    -49     1037
..................................................................


WIND (MPH)
  HIGHEST WIND SPEED    28   HIGHEST WIND DIRECTION     W (250)
  HIGHEST GUST SPEED    35   HIGHEST GUST DIRECTION     W (250)


SKY COVER
  POSSIBLE SUNSHINE  MM
  AVERAGE SKY COVER 0.4


WEATHER CONDITIONS
 THE FOLLOWING WEATHER WAS RECORDED TODAY.
  NO SIGNIFICANT WEATHER WAS OBSERVED.


RELATIVE HUMIDITY (PERCENT)
 HIGHEST    69           600 AM
 LOWEST     40           500 PM
 AVERAGE    55

..........................................................


THE TOLEDO OH CLIMATE NORMALS FOR TOMORROW
                         NORMAL    RECORD    YEAR
 MAXIMUM TEMPERATURE (F)   39        62      1951
                                             1892
 MINIMUM TEMPERATURE (F)   26        -2      1885


SUNRISE AND SUNSET
DECEMBER  6 2017......SUNRISE   748 AM EST   SUNSET   505 PM EST
DECEMBER  7 2017......SUNRISE   749 AM EST   SUNSET   505 PM EST


-  INDICATES NEGATIVE NUMBERS.
R  INDICATES RECORD WAS SET OR TIED.
MM INDICATES DATA IS MISSING.
T  INDICATES TRACE AMOUNT.




$$
