000
CDUS41 KCLE 110528
CLITOL


CLIMATE REPORT
NATIONAL WEATHER SERVICE CLEVELAND OH
127 AM EDT SUN JUN 11 2017


...................................

...THE TOLEDO OH CLIMATE SUMMARY FOR JUNE 10 2017...

CLIMATE NORMAL PERIOD 1981 TO 2010
CLIMATE RECORD PERIOD 1873 TO 2017


WEATHER ITEM   OBSERVED TIME   RECORD YEAR NORMAL DEPARTURE LAST
                VALUE   (LST)  VALUE       VALUE  FROM      YEAR
                                                  NORMAL
..................................................................
TEMPERATURE (F)
 YESTERDAY
  MAXIMUM         88    318 PM  96    1911  79      9       86
  MINIMUM         63    539 AM  35    1972  57      6       63
  AVERAGE         76                        68      8       75

PRECIPITATION (IN)
  YESTERDAY        0.00                      0.13  -0.13      T
  MONTH TO DATE    0.03                      1.24  -1.21     0.26
  SINCE JUN 1      0.03                      1.24  -1.21     0.26
  SINCE JAN 1     17.89                     14.61   3.28    14.02

SNOWFALL (IN)
  YESTERDAY        0.0                       0.0    0.0      0.0
  MONTH TO DATE    0.0                       0.0    0.0      0.0
  SINCE JUN 1      0.0                       0.0    0.0      0.0
  SINCE JUL 1     22.4                      37.6  -15.2     26.4
  SNOW DEPTH       0

DEGREE DAYS
 HEATING
  YESTERDAY        0                         1     -1        0
  MONTH TO DATE   12                        23    -11       13
  SINCE JUN 1     12                        23    -11       13
  SINCE JUL 1   5306                      6133   -827     5357

 COOLING
  YESTERDAY       11                         4      7       10
  MONTH TO DATE   30                        37     -7       43
  SINCE JUN 1     30                        37     -7       43
  SINCE JAN 1     75                        90    -15      112
..................................................................


WIND (MPH)
  HIGHEST WIND SPEED    23   HIGHEST WIND DIRECTION     W (250)
  HIGHEST GUST SPEED    29   HIGHEST GUST DIRECTION    SW (240)
  AVERAGE WIND SPEED    11.8


SKY COVER
  POSSIBLE SUNSHINE  MM
  AVERAGE SKY COVER 0.1


WEATHER CONDITIONS
 THE FOLLOWING WEATHER WAS RECORDED YESTERDAY.
  NO SIGNIFICANT WEATHER WAS OBSERVED.


RELATIVE HUMIDITY (PERCENT)
 HIGHEST    78           400 AM
 LOWEST     27           400 PM
 AVERAGE    53

..........................................................


THE TOLEDO OH CLIMATE NORMALS FOR TODAY
                         NORMAL    RECORD    YEAR
 MAXIMUM TEMPERATURE (F)   80        97      1933
 MINIMUM TEMPERATURE (F)   57        32      1972


SUNRISE AND SUNSET
JUNE 11 2017..........SUNRISE   601 AM EDT   SUNSET   909 PM EDT
JUNE 12 2017..........SUNRISE   600 AM EDT   SUNSET   910 PM EDT


-  INDICATES NEGATIVE NUMBERS.
R  INDICATES RECORD WAS SET OR TIED.
MM INDICATES DATA IS MISSING.
T  INDICATES TRACE AMOUNT.




$$
