000
CDUS41 KCLE 032130
CLITOL


CLIMATE REPORT
NATIONAL WEATHER SERVICE CLEVELAND OH
530 PM EDT WED MAY 3 2017


...................................

...THE TOLEDO OH CLIMATE SUMMARY FOR MAY 3 2017...
VALID TODAY AS OF 0500 PM LOCAL TIME.

CLIMATE NORMAL PERIOD 1981 TO 2010
CLIMATE RECORD PERIOD 1873 TO 2017


WEATHER ITEM   OBSERVED TIME   RECORD YEAR NORMAL DEPARTURE LAST
                VALUE   (LST)  VALUE       VALUE  FROM      YEAR
                                                  NORMAL
..................................................................
TEMPERATURE (F)
 TODAY
  MAXIMUM         58    350 PM  88    2012  67     -9       64
  MINIMUM         38    558 AM  28    1970  44     -6       44
  AVERAGE         48                        56     -8       54

PRECIPITATION (IN)
  TODAY            0.01                      0.12  -0.11      T
  MONTH TO DATE    0.21                      0.33  -0.12     0.44
  SINCE MAR 1      7.32                      6.00   1.32     9.54
  SINCE JAN 1     13.09                     10.12   2.97    12.76

SNOWFALL (IN)
  TODAY           MM                         0.0   MM        0.0
  MONTH TO DATE    0.0                       0.0    0.0      0.0
  SINCE MAR 1      5.4                       7.0   -1.6     11.4
  SINCE JUL 1     22.4                      37.5  -15.1     26.4
  SNOW DEPTH       0

DEGREE DAYS
 HEATING
  TODAY           17                        10      7       11
  MONTH TO DATE   43                        30     13       39
  SINCE MAR 1   1253                      1356   -103     1261
  SINCE JUL 1   5098                      5932   -834     5159

 COOLING
  TODAY            0                         0      0        0
  MONTH TO DATE    0                         0      0        0
  SINCE MAR 1      8                         8      0        0
  SINCE JAN 1      8                         8      0        0
..................................................................


WIND (MPH)
  HIGHEST WIND SPEED    17   HIGHEST WIND DIRECTION    NW (310)
  HIGHEST GUST SPEED    22   HIGHEST GUST DIRECTION    NW (330)


SKY COVER
  POSSIBLE SUNSHINE  MM
  AVERAGE SKY COVER 0.4


WEATHER CONDITIONS
 THE FOLLOWING WEATHER WAS RECORDED TODAY.
  FOG


RELATIVE HUMIDITY (PERCENT)
 HIGHEST    93           200 AM
 LOWEST     36           400 PM
 AVERAGE    65

..........................................................


THE TOLEDO OH CLIMATE NORMALS FOR TOMORROW
                         NORMAL    RECORD    YEAR
 MAXIMUM TEMPERATURE (F)   67        89      1895
 MINIMUM TEMPERATURE (F)   45        25      2005


SUNRISE AND SUNSET
MAY  3 2017...........SUNRISE   629 AM EDT   SUNSET   836 PM EDT
MAY  4 2017...........SUNRISE   628 AM EDT   SUNSET   837 PM EDT


-  INDICATES NEGATIVE NUMBERS.
R  INDICATES RECORD WAS SET OR TIED.
MM INDICATES DATA IS MISSING.
T  INDICATES TRACE AMOUNT.




$$
