000
CDUS41 KCLE 300531
CLITOL


CLIMATE REPORT
NATIONAL WEATHER SERVICE CLEVELAND OH
1230 AM EST FRI DEC 30 2016


...................................

...THE TOLEDO OH CLIMATE SUMMARY FOR DECEMBER 29 2016...

CLIMATE NORMAL PERIOD 1981 TO 2010
CLIMATE RECORD PERIOD 1873 TO 2016


WEATHER ITEM   OBSERVED TIME   RECORD YEAR NORMAL DEPARTURE LAST
                VALUE   (LST)  VALUE       VALUE  FROM      YEAR
                                                  NORMAL
..................................................................
TEMPERATURE (F)
 YESTERDAY
  MAXIMUM         41    231 PM  70    1889  33      8       46
  MINIMUM         31   1159 PM -10    1880  20     11       33
  AVERAGE         36                        27      9       40

PRECIPITATION (IN)
  YESTERDAY        0.02                      0.08  -0.06      T
  MONTH TO DATE    2.48                      2.52  -0.04     2.98
  SINCE DEC 1      2.48                      2.52  -0.04     2.98
  SINCE JAN 1     34.33                     34.08   0.25    36.51

SNOWFALL (IN)
  YESTERDAY        0.1                       0.4   -0.3      0.0
  MONTH TO DATE   13.2                       6.8    6.4       T
  SINCE DEC 1     13.2                       6.8    6.4       T
  SINCE JUL 1     13.2                       8.9    4.3      3.5
  SNOW DEPTH       T

DEGREE DAYS
 HEATING
  YESTERDAY       29                        38     -9       25
  MONTH TO DATE 1092                      1014     78      674
  SINCE DEC 1   1092                      1014     78      674
  SINCE JUL 1   2016                      2247   -231     1684

 COOLING
  YESTERDAY        0                         0      0        0
  MONTH TO DATE    0                         0      0        0
  SINCE DEC 1      0                         0      0        0
  SINCE JAN 1   1037                       793    244      719
..................................................................


WIND (MPH)
  HIGHEST WIND SPEED    28   HIGHEST WIND DIRECTION     W (250)
  HIGHEST GUST SPEED    36   HIGHEST GUST DIRECTION     W (280)
  AVERAGE WIND SPEED    17.5


SKY COVER
  POSSIBLE SUNSHINE  MM
  AVERAGE SKY COVER 0.7


WEATHER CONDITIONS
 THE FOLLOWING WEATHER WAS RECORDED YESTERDAY.
  LIGHT SNOW
  FOG


RELATIVE HUMIDITY (PERCENT)
 HIGHEST   100          1200 AM
 LOWEST     64           200 PM
 AVERAGE    82

..........................................................


THE TOLEDO OH CLIMATE NORMALS FOR TODAY
                         NORMAL    RECORD    YEAR
 MAXIMUM TEMPERATURE (F)   33        60      1936
 MINIMUM TEMPERATURE (F)   20       -12      1983


SUNRISE AND SUNSET
DECEMBER 30 2016......SUNRISE   802 AM EST   SUNSET   514 PM EST
DECEMBER 31 2016......SUNRISE   802 AM EST   SUNSET   515 PM EST


-  INDICATES NEGATIVE NUMBERS.
R  INDICATES RECORD WAS SET OR TIED.
MM INDICATES DATA IS MISSING.
T  INDICATES TRACE AMOUNT.




$$
