000
CDUS41 KCLE 190534
CLITOL


CLIMATE REPORT
NATIONAL WEATHER SERVICE CLEVELAND OH
1234 AM EST THU FEB 19 2015


...................................

...THE TOLEDO OH CLIMATE SUMMARY FOR FEBRUARY 18 2015...

CLIMATE NORMAL PERIOD 1981 TO 2010
CLIMATE RECORD PERIOD 1873 TO 2015


WEATHER ITEM   OBSERVED TIME   RECORD YEAR NORMAL DEPARTURE LAST
                VALUE   (LST)  VALUE       VALUE  FROM      YEAR
                                                  NORMAL
..................................................................
TEMPERATURE (F)
 YESTERDAY
  MAXIMUM         15    448 PM  59    1961  37    -22       43
  MINIMUM          3   1159 PM  -9    1936  21    -18       25
  AVERAGE          9                        29    -20       34

PRECIPITATION (IN)
  YESTERDAY        T                         0.07  -0.07     0.01
  MONTH TO DATE    1.37                      1.28   0.09     2.09
  SINCE DEC 1      4.51                      6.01  -1.50     8.45
  SINCE JAN 1      3.42                      3.33   0.09     5.38

SNOWFALL (IN)
  YESTERDAY        T                         0.4   -0.4      0.3
  MONTH TO DATE   22.4                       6.4   16.0     20.8
  SINCE DEC 1     34.6                      25.4    9.2     72.2
  SINCE JUL 1     37.4                      27.5    9.9     72.7
  SNOW DEPTH       9

DEGREE DAYS
 HEATING
  YESTERDAY       56                        36     20       31
  MONTH TO DATE  890                       682    208      909
  SINCE DEC 1   3245                      2998    247     3570
  SINCE JUL 1   4683                      4231    452     4918

 COOLING
  YESTERDAY        0                         0      0        0
  MONTH TO DATE    0                         0      0        0
  SINCE DEC 1      0                         0      0        0
  SINCE JAN 1      0                         0      0        0
..................................................................


WIND (MPH)
  HIGHEST WIND SPEED    28   HIGHEST WIND DIRECTION     W (260)
  HIGHEST GUST SPEED    35   HIGHEST GUST DIRECTION     W (270)
  AVERAGE WIND SPEED    13.6


SKY COVER
  POSSIBLE SUNSHINE  MM
  AVERAGE SKY COVER 0.4


WEATHER CONDITIONS
 THE FOLLOWING WEATHER WAS RECORDED YESTERDAY.
  LIGHT SNOW
  FOG
  HAZE


RELATIVE HUMIDITY (PERCENT)
 HIGHEST    80           400 AM
 LOWEST     55           800 PM
 AVERAGE    68

..........................................................


THE TOLEDO OH CLIMATE NORMALS FOR TODAY
                         NORMAL    RECORD    YEAR
 MAXIMUM TEMPERATURE (F)   37        65      1930
 MINIMUM TEMPERATURE (F)   21        -6      1936


SUNRISE AND SUNSET
FEBRUARY 19 2015......SUNRISE   725 AM EST   SUNSET   613 PM EST
FEBRUARY 20 2015......SUNRISE   724 AM EST   SUNSET   615 PM EST


-  INDICATES NEGATIVE NUMBERS.
R  INDICATES RECORD WAS SET OR TIED.
MM INDICATES DATA IS MISSING.
T  INDICATES TRACE AMOUNT.




$$
