000
CDUS41 KCLE 050529
CLITOL


CLIMATE REPORT
NATIONAL WEATHER SERVICE CLEVELAND OH
128 AM EDT FRI MAY 5 2017


...................................

...THE TOLEDO OH CLIMATE SUMMARY FOR MAY 4 2017...

CLIMATE NORMAL PERIOD 1981 TO 2010
CLIMATE RECORD PERIOD 1873 TO 2017


WEATHER ITEM   OBSERVED TIME   RECORD YEAR NORMAL DEPARTURE LAST
                VALUE   (LST)  VALUE       VALUE  FROM      YEAR
                                                  NORMAL
..................................................................
TEMPERATURE (F)
 YESTERDAY
  MAXIMUM         50    231 AM  89    1895  67    -17       58
  MINIMUM         44   1005 AM  25    2005  45     -1       44
  AVERAGE         47                        56     -9       51

PRECIPITATION (IN)
  YESTERDAY        1.74                      0.11   1.63     0.03
  MONTH TO DATE    1.95                      0.44   1.51     0.47
  SINCE MAR 1      9.06                      6.11   2.95     9.57
  SINCE JAN 1     14.83                     10.23   4.60    12.79

SNOWFALL (IN)
  YESTERDAY        0.0                       0.0    0.0      0.0
  MONTH TO DATE    0.0                       0.0    0.0      0.0
  SINCE MAR 1      5.4                       7.0   -1.6     11.4
  SINCE JUL 1     22.4                      37.5  -15.1     26.4
  SNOW DEPTH       0

DEGREE DAYS
 HEATING
  YESTERDAY       18                        10      8       14
  MONTH TO DATE   61                        40     21       53
  SINCE MAR 1   1271                      1366    -95     1275
  SINCE JUL 1   5116                      5942   -826     5173

 COOLING
  YESTERDAY        0                         1     -1        0
  MONTH TO DATE    0                         1     -1        0
  SINCE MAR 1      8                         9     -1        0
  SINCE JAN 1      8                         9     -1        0
..................................................................


WIND (MPH)
  HIGHEST WIND SPEED    26   HIGHEST WIND DIRECTION    NE (60)
  HIGHEST GUST SPEED    34   HIGHEST GUST DIRECTION     E (70)
  AVERAGE WIND SPEED    12.8


SKY COVER
  POSSIBLE SUNSHINE  MM
  AVERAGE SKY COVER 0.9


WEATHER CONDITIONS
 THE FOLLOWING WEATHER WAS RECORDED YESTERDAY.
  HEAVY RAIN
  RAIN
  LIGHT RAIN
  FOG


RELATIVE HUMIDITY (PERCENT)
 HIGHEST   100           600 AM
 LOWEST     50          1200 AM
 AVERAGE    75

..........................................................


THE TOLEDO OH CLIMATE NORMALS FOR TODAY
                         NORMAL    RECORD    YEAR
 MAXIMUM TEMPERATURE (F)   68        92      1952
 MINIMUM TEMPERATURE (F)   45        29      1974


SUNRISE AND SUNSET
MAY  5 2017...........SUNRISE   627 AM EDT   SUNSET   838 PM EDT
MAY  6 2017...........SUNRISE   625 AM EDT   SUNSET   839 PM EDT


-  INDICATES NEGATIVE NUMBERS.
R  INDICATES RECORD WAS SET OR TIED.
MM INDICATES DATA IS MISSING.
T  INDICATES TRACE AMOUNT.




$$
