000
CDUS41 KCLE 282212
CLITOL


CLIMATE REPORT
NATIONAL WEATHER SERVICE CLEVELAND OH
612 PM EDT FRI MAR 28 2014


...................................

...THE TOLEDO OH CLIMATE SUMMARY FOR MARCH 28 2014...
VALID TODAY AS OF 0500 PM LOCAL TIME.

CLIMATE NORMAL PERIOD 1981 TO 2010
CLIMATE RECORD PERIOD 1873 TO 2014


WEATHER ITEM   OBSERVED TIME   RECORD YEAR NORMAL DEPARTURE LAST
                VALUE   (LST)  VALUE       VALUE  FROM      YEAR
                                                  NORMAL
..................................................................
TEMPERATURE (F)
 TODAY
  MAXIMUM         51    854 AM  81    1910  52     -1       52
  MINIMUM         40    215 PM  11    1934  32      8       27
  AVERAGE         46                        42      4       40

PRECIPITATION (IN)
  TODAY            0.01                      0.09  -0.08     0.00
  MONTH TO DATE    1.36                      2.20  -0.84     0.73
  SINCE MAR 1      1.36                      2.20  -0.84     0.73
  SINCE JAN 1      8.54                      6.32   2.22     7.17

SNOWFALL (IN)
  TODAY            0.0                       0.1   -0.1      0.0
  MONTH TO DATE   11.6                       5.4    6.2      1.4
  SINCE MAR 1     11.6                       5.4    6.2      1.4
  SINCE JUL 1     85.1                      35.9   49.2     22.1
  SNOW DEPTH       0

DEGREE DAYS
 HEATING
  TODAY           19                        23     -4       25
  MONTH TO DATE 1041                       784    257      908
  SINCE MAR 1   1041                       784    257      908
  SINCE JUL 1   6367                      5360   1007     5364

 COOLING
  TODAY            0                         0      0        0
  MONTH TO DATE    0                         0      0        0
  SINCE MAR 1      0                         0      0        0
  SINCE JAN 1      0                         0      0        0
..................................................................


WIND (MPH)
  HIGHEST WIND SPEED    38   HIGHEST WIND DIRECTION     W (250)
  HIGHEST GUST SPEED    48   HIGHEST GUST DIRECTION    SW (240)


SKY COVER
  POSSIBLE SUNSHINE  MM
  AVERAGE SKY COVER 0.9


WEATHER CONDITIONS
 THE FOLLOWING WEATHER WAS RECORDED TODAY.
  LIGHT RAIN


RELATIVE HUMIDITY (PERCENT)
 HIGHEST    83          1200 AM
 LOWEST     66           200 AM
 AVERAGE    75

..........................................................


THE TOLEDO OH CLIMATE NORMALS FOR TOMORROW
                         NORMAL    RECORD    YEAR
 MAXIMUM TEMPERATURE (F)   53        80      1963
                                             1910
 MINIMUM TEMPERATURE (F)   33         8      1887


SUNRISE AND SUNSET
MARCH 28 2014.........SUNRISE   725 AM EDT   SUNSET   756 PM EDT
MARCH 29 2014.........SUNRISE   723 AM EDT   SUNSET   757 PM EDT


-  INDICATES NEGATIVE NUMBERS.
R  INDICATES RECORD WAS SET OR TIED.
MM INDICATES DATA IS MISSING.
T  INDICATES TRACE AMOUNT.




$$
