000
CDUS41 KCLE 072112
CLITOL


CLIMATE REPORT
NATIONAL WEATHER SERVICE CLEVELAND OH
511 PM EDT TUE OCT 7 2014


...................................

...THE TOLEDO OH CLIMATE SUMMARY FOR OCTOBER 7 2014...
VALID TODAY AS OF 0500 PM LOCAL TIME.

CLIMATE NORMAL PERIOD 1981 TO 2010
CLIMATE RECORD PERIOD 1873 TO 2014


WEATHER ITEM   OBSERVED TIME   RECORD YEAR NORMAL DEPARTURE LAST
                VALUE   (LST)  VALUE       VALUE  FROM      YEAR
                                                  NORMAL
..................................................................
TEMPERATURE (F)
 TODAY
  MAXIMUM         57    126 PM  91    1963  66     -9       61
  MINIMUM         44    619 AM  23    1964  44      0       42
  AVERAGE         51                        55     -4       52

PRECIPITATION (IN)
  TODAY            0.14                      0.09   0.05     0.00
  MONTH TO DATE    1.13                      0.62   0.51     1.81
  SINCE SEP 1      6.50                      3.40   3.10     3.78
  SINCE JAN 1     27.69                     26.72   0.97    30.57

SNOWFALL (IN)
  TODAY            0.0                       0.0    0.0      0.0
  MONTH TO DATE    0.0                       0.0    0.0      0.0
  SINCE SEP 1      0.0                       0.0    0.0      0.0
  SINCE JUL 1      0.0                       0.0    0.0      0.0
  SNOW DEPTH       0

DEGREE DAYS
 HEATING
  TODAY           14                        10      4       13
  MONTH TO DATE   81                        65     16       17
  SINCE SEP 1    206                       175     31      135
  SINCE JUL 1    220                       189     31      164

 COOLING
  TODAY            0                         1     -1        0
  MONTH TO DATE    0                         7     -7       21
  SINCE SEP 1     56                        89    -33      111
  SINCE JAN 1    654                       791   -137      793
..................................................................


WIND (MPH)
  HIGHEST WIND SPEED    13   HIGHEST WIND DIRECTION     S (200)
  HIGHEST GUST SPEED    16   HIGHEST GUST DIRECTION     S (200)


SKY COVER
  POSSIBLE SUNSHINE  MM
  AVERAGE SKY COVER 0.6


WEATHER CONDITIONS
 THE FOLLOWING WEATHER WAS RECORDED TODAY.
  RAIN
  LIGHT RAIN
  FOG


RELATIVE HUMIDITY (PERCENT)
 HIGHEST   100          1200 AM
 LOWEST     86           300 AM
 AVERAGE    93

..........................................................


THE TOLEDO OH CLIMATE NORMALS FOR TOMORROW
                         NORMAL    RECORD    YEAR
 MAXIMUM TEMPERATURE (F)   66        91      1939
 MINIMUM TEMPERATURE (F)   44        26      1889


SUNRISE AND SUNSET
OCTOBER  7 2014.......SUNRISE   738 AM EDT   SUNSET   707 PM EDT
OCTOBER  8 2014.......SUNRISE   739 AM EDT   SUNSET   705 PM EDT


-  INDICATES NEGATIVE NUMBERS.
R  INDICATES RECORD WAS SET OR TIED.
MM INDICATES DATA IS MISSING.
T  INDICATES TRACE AMOUNT.




$$
