000
CDUS41 KCLE 290527
CLITOL


CLIMATE REPORT
NATIONAL WEATHER SERVICE CLEVELAND OH
126 AM EDT SUN OCT 29 2017


...................................

...THE TOLEDO OH CLIMATE SUMMARY FOR OCTOBER 28 2017...

CLIMATE NORMAL PERIOD 1981 TO 2010
CLIMATE RECORD PERIOD 1873 TO 2017


WEATHER ITEM   OBSERVED TIME   RECORD YEAR NORMAL DEPARTURE LAST
                VALUE   (LST)  VALUE       VALUE  FROM      YEAR
                                                  NORMAL
..................................................................
TEMPERATURE (F)
 YESTERDAY
  MAXIMUM         44    146 PM  81    1927  58    -14       58
  MINIMUM         37    832 AM  15    1976  39     -2       33
  AVERAGE         41                        48     -7       46

PRECIPITATION (IN)
  YESTERDAY        0.00                      0.09  -0.09     0.00
  MONTH TO DATE    3.26                      2.36   0.90     2.59
  SINCE SEP 1      5.90                      5.14   0.76     6.56
  SINCE JAN 1     32.70                     28.46   4.24    29.87

SNOWFALL (IN)
  YESTERDAY        0.0                       0.0    0.0      0.0
  MONTH TO DATE    0.0                       0.1   -0.1      0.0
  SINCE SEP 1      0.0                       0.1   -0.1      0.0
  SINCE JUL 1      0.0                       0.1   -0.1      0.0
  SNOW DEPTH       0

DEGREE DAYS
 HEATING
  YESTERDAY       24                        17      7       19
  MONTH TO DATE  188                       351   -163      274
  SINCE SEP 1    267                       461   -194      312
  SINCE JUL 1    281                       475   -194      313

 COOLING
  YESTERDAY        0                         0      0        0
  MONTH TO DATE   29                         8     21       25
  SINCE SEP 1    151                        90     61      144
  SINCE JAN 1    744                       792    -48     1033
..................................................................


WIND (MPH)
  HIGHEST WIND SPEED    20   HIGHEST WIND DIRECTION     W (250)
  HIGHEST GUST SPEED    26   HIGHEST GUST DIRECTION     W (250)
  AVERAGE WIND SPEED     8.3


SKY COVER
  POSSIBLE SUNSHINE  MM
  AVERAGE SKY COVER 0.9


WEATHER CONDITIONS
 THE FOLLOWING WEATHER WAS RECORDED YESTERDAY.
  NO SIGNIFICANT WEATHER WAS OBSERVED.


RELATIVE HUMIDITY (PERCENT)
 HIGHEST   100          1200 AM
 LOWEST     62           100 PM
 AVERAGE    81

..........................................................


THE TOLEDO OH CLIMATE NORMALS FOR TODAY
                         NORMAL    RECORD    YEAR
 MAXIMUM TEMPERATURE (F)   58        78      1999
                                             1946
                                             1900
 MINIMUM TEMPERATURE (F)   38        16      1965


SUNRISE AND SUNSET
OCTOBER 29 2017.......SUNRISE   804 AM EDT   SUNSET   633 PM EDT
OCTOBER 30 2017.......SUNRISE   805 AM EDT   SUNSET   632 PM EDT


-  INDICATES NEGATIVE NUMBERS.
R  INDICATES RECORD WAS SET OR TIED.
MM INDICATES DATA IS MISSING.
T  INDICATES TRACE AMOUNT.




$$
