000
CDUS41 KCLE 060526
CLITOL


CLIMATE REPORT
NATIONAL WEATHER SERVICE CLEVELAND OH
125 AM EDT FRI OCT 6 2017


...................................

...THE TOLEDO OH CLIMATE SUMMARY FOR OCTOBER 5 2017...

CLIMATE NORMAL PERIOD 1981 TO 2010
CLIMATE RECORD PERIOD 1873 TO 2017


WEATHER ITEM   OBSERVED TIME   RECORD YEAR NORMAL DEPARTURE LAST
                VALUE   (LST)  VALUE       VALUE  FROM      YEAR
                                                  NORMAL
..................................................................
TEMPERATURE (F)
 YESTERDAY
  MAXIMUM         77    411 PM  88    2007  67     10       82
                                      1951
  MINIMUM         58    722 AM  26    1965  45     13       57
  AVERAGE         68                        56     12       70

PRECIPITATION (IN)
  YESTERDAY        0.00                      0.09  -0.09     0.01
  MONTH TO DATE    0.07                      0.44  -0.37     0.23
  SINCE SEP 1      2.71                      3.22  -0.51     4.20
  SINCE JAN 1     29.51                     26.54   2.97    27.51

SNOWFALL (IN)
  YESTERDAY        0.0                       0.0    0.0      0.0
  MONTH TO DATE    0.0                       0.0    0.0      0.0
  SINCE SEP 1      0.0                       0.0    0.0      0.0
  SINCE JUL 1      0.0                       0.0    0.0      0.0
  SNOW DEPTH       0

DEGREE DAYS
 HEATING
  YESTERDAY        0                        10    -10        0
  MONTH TO DATE   15                        45    -30       20
  SINCE SEP 1     94                       155    -61       58
  SINCE JUL 1    108                       169    -61       59

 COOLING
  YESTERDAY        3                         1      2        5
  MONTH TO DATE   11                         5      6        5
  SINCE SEP 1    133                        87     46      124
  SINCE JAN 1    726                       789    -63     1013
..................................................................


WIND (MPH)
  HIGHEST WIND SPEED    12   HIGHEST WIND DIRECTION    SW (210)
  HIGHEST GUST SPEED    15   HIGHEST GUST DIRECTION    SW (220)
  AVERAGE WIND SPEED     3.3


SKY COVER
  POSSIBLE SUNSHINE  MM
  AVERAGE SKY COVER 0.2


WEATHER CONDITIONS
 THE FOLLOWING WEATHER WAS RECORDED YESTERDAY.
  LIGHT RAIN
  FOG


RELATIVE HUMIDITY (PERCENT)
 HIGHEST   100           200 AM
 LOWEST     40           400 PM
 AVERAGE    70

..........................................................


THE TOLEDO OH CLIMATE NORMALS FOR TODAY
                         NORMAL    RECORD    YEAR
 MAXIMUM TEMPERATURE (F)   67        89      1963
 MINIMUM TEMPERATURE (F)   45        27      1988


SUNRISE AND SUNSET
OCTOBER  6 2017.......SUNRISE   738 AM EDT   SUNSET   708 PM EDT
OCTOBER  7 2017.......SUNRISE   739 AM EDT   SUNSET   706 PM EDT


-  INDICATES NEGATIVE NUMBERS.
R  INDICATES RECORD WAS SET OR TIED.
MM INDICATES DATA IS MISSING.
T  INDICATES TRACE AMOUNT.




$$
