000
CDUS41 KCLE 190545
CLITOL


CLIMATE REPORT
NATIONAL WEATHER SERVICE CLEVELAND OH
145 AM EDT SUN JUL 19 2015


...................................

...THE TOLEDO OH CLIMATE SUMMARY FOR JULY 18 2015...

CLIMATE NORMAL PERIOD 1981 TO 2010
CLIMATE RECORD PERIOD 1873 TO 2015


WEATHER ITEM   OBSERVED TIME   RECORD YEAR NORMAL DEPARTURE LAST
                VALUE   (LST)  VALUE       VALUE  FROM      YEAR
                                                  NORMAL
..................................................................
TEMPERATURE (F)
 YESTERDAY
  MAXIMUM         88   1246 PM  96    2011  85      3       79
                                      1942
                                      1930
  MINIMUM         69    556 AM  47    1971  63      6       51
  AVERAGE         79                        74      5       65

PRECIPITATION (IN)
  YESTERDAY        0.54                      0.10   0.44     0.00
  MONTH TO DATE    4.30                      1.82   2.48     0.29
  SINCE JUN 1     11.52                      5.39   6.13     4.27
  SINCE JAN 1     23.42                     18.76   4.66    18.12

SNOWFALL (IN)
  YESTERDAY        0.0                       0.0    0.0      0.0
  MONTH TO DATE    0.0                       0.0    0.0      0.0
  SINCE JUN 1      0.0                       0.0    0.0      0.0
  SINCE JUL 1      0.0                       0.0    0.0      0.0
  SNOW DEPTH       0

DEGREE DAYS
 HEATING
  YESTERDAY        0                         0      0        0
  MONTH TO DATE    2                         0      2        5
  SINCE JUN 1     37                        35      2       21
  SINCE JUL 1      2                         0      2        5

 COOLING
  YESTERDAY       14                         9      5        0
  MONTH TO DATE   68                       160    -92       92
  SINCE JUN 1    201                       330   -129      283
  SINCE JAN 1    294                       383    -89      345
..................................................................


WIND (MPH)
  HIGHEST WIND SPEED    33   HIGHEST WIND DIRECTION     W (270)
  HIGHEST GUST SPEED    41   HIGHEST GUST DIRECTION     W (270)
  AVERAGE WIND SPEED     6.8


SKY COVER
  POSSIBLE SUNSHINE  MM
  AVERAGE SKY COVER 0.1


WEATHER CONDITIONS
 THE FOLLOWING WEATHER WAS RECORDED YESTERDAY.
  THUNDERSTORM
  HEAVY RAIN
  RAIN
  LIGHT RAIN
  FOG


RELATIVE HUMIDITY (PERCENT)
 HIGHEST    93          1000 PM
 LOWEST     62           500 PM
 AVERAGE    78

..........................................................


THE TOLEDO OH CLIMATE NORMALS FOR TODAY
                         NORMAL    RECORD    YEAR
 MAXIMUM TEMPERATURE (F)   85       102      1930
 MINIMUM TEMPERATURE (F)   63        50      1984
                                             1979
                                             1929


SUNRISE AND SUNSET
JULY 19 2015..........SUNRISE   617 AM EDT   SUNSET   905 PM EDT
JULY 20 2015..........SUNRISE   618 AM EDT   SUNSET   904 PM EDT


-  INDICATES NEGATIVE NUMBERS.
R  INDICATES RECORD WAS SET OR TIED.
MM INDICATES DATA IS MISSING.
T  INDICATES TRACE AMOUNT.




$$
