000
CDUS41 KCLE 140525
CLITOL


CLIMATE REPORT
NATIONAL WEATHER SERVICE CLEVELAND OH
1225 AM EST SAT JAN 14 2017


...................................

...THE TOLEDO OH CLIMATE SUMMARY FOR JANUARY 13 2017...

CLIMATE NORMAL PERIOD 1981 TO 2010
CLIMATE RECORD PERIOD 1873 TO 2017


WEATHER ITEM   OBSERVED TIME   RECORD YEAR NORMAL DEPARTURE LAST
                VALUE   (LST)  VALUE       VALUE  FROM      YEAR
                                                  NORMAL
..................................................................
TEMPERATURE (F)
 YESTERDAY
  MAXIMUM         29   1225 AM  71    1890  32     -3       19
  MINIMUM         22    907 AM -15    1977  18      4        7
  AVERAGE         26                        25      1       13

PRECIPITATION (IN)
  YESTERDAY        0.00                      0.07  -0.07     0.05
  MONTH TO DATE    2.50                      0.95   1.55     1.01
  SINCE DEC 1      4.98                      3.63   1.35     3.99
  SINCE JAN 1      2.50                      0.95   1.55     1.01

SNOWFALL (IN)
  YESTERDAY        0.0                       0.3   -0.3      1.3
  MONTH TO DATE    1.1                       4.5   -3.4      5.3
  SINCE DEC 1     14.3                      11.9    2.4      5.3
  SINCE JUL 1     14.3                      14.0    0.3      8.8
  SNOW DEPTH       0

DEGREE DAYS
 HEATING
  YESTERDAY       39                        40     -1       52
  MONTH TO DATE  497                       511    -14      502
  SINCE DEC 1   1655                      1603     52     1242
  SINCE JUL 1   2579                      2836   -257     2252

 COOLING
  YESTERDAY        0                         0      0        0
  MONTH TO DATE    0                         0      0        0
  SINCE DEC 1      0                         0      0        0
  SINCE JAN 1      0                         0      0        0
..................................................................


WIND (MPH)
  HIGHEST WIND SPEED    14   HIGHEST WIND DIRECTION     E (90)
  HIGHEST GUST SPEED    18   HIGHEST GUST DIRECTION    NW (310)
  AVERAGE WIND SPEED     8.0


SKY COVER
  POSSIBLE SUNSHINE  MM
  AVERAGE SKY COVER 0.2


WEATHER CONDITIONS
 THE FOLLOWING WEATHER WAS RECORDED YESTERDAY.
  NO SIGNIFICANT WEATHER WAS OBSERVED.


RELATIVE HUMIDITY (PERCENT)
 HIGHEST    78           100 AM
 LOWEST     57           100 PM
 AVERAGE    68

..........................................................


THE TOLEDO OH CLIMATE NORMALS FOR TODAY
                         NORMAL    RECORD    YEAR
 MAXIMUM TEMPERATURE (F)   32        64      1995
 MINIMUM TEMPERATURE (F)   18        -8      1964


SUNRISE AND SUNSET
JANUARY 14 2017.......SUNRISE   800 AM EST   SUNSET   529 PM EST
JANUARY 15 2017.......SUNRISE   759 AM EST   SUNSET   530 PM EST


-  INDICATES NEGATIVE NUMBERS.
R  INDICATES RECORD WAS SET OR TIED.
MM INDICATES DATA IS MISSING.
T  INDICATES TRACE AMOUNT.




$$
