000
CDUS41 KCLE 152217
CLITOL


CLIMATE REPORT
NATIONAL WEATHER SERVICE CLEVELAND OH
515 PM EST SUN FEB 15 2015


...................................

...THE TOLEDO OH CLIMATE SUMMARY FOR FEBRUARY 15 2015...
VALID TODAY AS OF 0500 PM LOCAL TIME.

CLIMATE NORMAL PERIOD 1981 TO 2010
CLIMATE RECORD PERIOD 1873 TO 2015


WEATHER ITEM   OBSERVED TIME   RECORD YEAR NORMAL DEPARTURE LAST
                VALUE   (LST)  VALUE       VALUE  FROM      YEAR
                                                  NORMAL
..................................................................
TEMPERATURE (F)
 TODAY
  MAXIMUM          3    459 PM  70    1954  36    -33       20
  MINIMUM         -8R   856 AM  -8    2007  21    -29        7
  AVERAGE         -2                        28    -30       14

PRECIPITATION (IN)
  TODAY            0.00                      0.07  -0.07     0.00
  MONTH TO DATE    1.27                      1.06   0.21     1.73
  SINCE DEC 1      4.41                      5.79  -1.38     8.09
  SINCE JAN 1      3.32                      3.11   0.21     5.02

SNOWFALL (IN)
  TODAY            0.0                       0.4   -0.4      0.0
  MONTH TO DATE   20.4                       5.4   15.0     15.5
  SINCE DEC 1     32.6                      24.4    8.2     66.9
  SINCE JUL 1     35.4                      26.5    8.9     67.4
  SNOW DEPTH       8

DEGREE DAYS
 HEATING
  TODAY           67                        37     30       51
  MONTH TO DATE  709                       573    136      780
  SINCE DEC 1   3064                      2889    175     3441
  SINCE JUL 1   4502                      4122    380     4789

 COOLING
  TODAY            0                         0      0        0
  MONTH TO DATE    0                         0      0        0
  SINCE DEC 1      0                         0      0        0
  SINCE JAN 1      0                         0      0        0
..................................................................


WIND (MPH)
  HIGHEST WIND SPEED    21   HIGHEST WIND DIRECTION    NW (330)
  HIGHEST GUST SPEED    25   HIGHEST GUST DIRECTION    NW (330)


SKY COVER
  POSSIBLE SUNSHINE  MM
  AVERAGE SKY COVER 0.0


WEATHER CONDITIONS
 THE FOLLOWING WEATHER WAS RECORDED TODAY.
  NO SIGNIFICANT WEATHER WAS OBSERVED.


RELATIVE HUMIDITY (PERCENT)
 HIGHEST    62           100 AM
 LOWEST     46           400 PM
 AVERAGE    54

..........................................................


THE TOLEDO OH CLIMATE NORMALS FOR TOMORROW
                         NORMAL    RECORD    YEAR
 MAXIMUM TEMPERATURE (F)   36        65      1883
 MINIMUM TEMPERATURE (F)   21        -8      1963


SUNRISE AND SUNSET
FEBRUARY 15 2015......SUNRISE   731 AM EST   SUNSET   608 PM EST
FEBRUARY 16 2015......SUNRISE   729 AM EST   SUNSET   610 PM EST


-  INDICATES NEGATIVE NUMBERS.
R  INDICATES RECORD WAS SET OR TIED.
MM INDICATES DATA IS MISSING.
T  INDICATES TRACE AMOUNT.




$$
