000
CDUS41 KCLE 080536
CLITOL


CLIMATE REPORT
NATIONAL WEATHER SERVICE CLEVELAND OH
126 AM EDT FRI SEP 8 2017


...................................

...THE TOLEDO OH CLIMATE SUMMARY FOR SEPTEMBER 7 2017...

CLIMATE NORMAL PERIOD 1981 TO 2010
CLIMATE RECORD PERIOD 1873 TO 2017


WEATHER ITEM   OBSERVED TIME   RECORD YEAR NORMAL DEPARTURE LAST
                VALUE   (LST)  VALUE       VALUE  FROM      YEAR
                                                  NORMAL
..................................................................
TEMPERATURE (F)
 YESTERDAY
  MAXIMUM         68    122 PM  99    1939  79    -11       92
  MINIMUM         47    631 AM  38    1988  56     -9       74
  AVERAGE         58                        68    -10       83

PRECIPITATION (IN)
  YESTERDAY        0.24                      0.10   0.14     0.00
  MONTH TO DATE    0.72                      0.67   0.05     0.00
  SINCE SEP 1      0.72                      0.67   0.05     0.00
  SINCE JAN 1     27.52                     23.99   3.53    23.31

SNOWFALL (IN)
  YESTERDAY        0.0                       0.0    0.0      0.0
  MONTH TO DATE    0.0                       0.0    0.0      0.0
  SINCE SEP 1      0.0                       0.0    0.0      0.0
  SINCE JUL 1      0.0                       0.0    0.0      0.0
  SNOW DEPTH       0

DEGREE DAYS
 HEATING
  YESTERDAY        7                         2      5        0
  MONTH TO DATE   28                         8     20        0
  SINCE SEP 1     28                         8     20        0
  SINCE JUL 1     42                        22     20        1

 COOLING
  YESTERDAY        0                         4     -4       18
  MONTH TO DATE    9                        32    -23       41
  SINCE SEP 1      9                        32    -23       41
  SINCE JAN 1    602                       734   -132      930
..................................................................


WIND (MPH)
  HIGHEST WIND SPEED    22   HIGHEST WIND DIRECTION     W (270)
  HIGHEST GUST SPEED    28   HIGHEST GUST DIRECTION     W (270)
  AVERAGE WIND SPEED     7.7


SKY COVER
  POSSIBLE SUNSHINE  MM
  AVERAGE SKY COVER 0.4


WEATHER CONDITIONS
 THE FOLLOWING WEATHER WAS RECORDED YESTERDAY.
  THUNDERSTORM
  RAIN
  LIGHT RAIN
  FOG


RELATIVE HUMIDITY (PERCENT)
 HIGHEST   100          1200 AM
 LOWEST     52           200 PM
 AVERAGE    76

..........................................................


THE TOLEDO OH CLIMATE NORMALS FOR TODAY
                         NORMAL    RECORD    YEAR
 MAXIMUM TEMPERATURE (F)   79        98      1978
 MINIMUM TEMPERATURE (F)   56        37      1986


SUNRISE AND SUNSET
SEPTEMBER  8 2017.....SUNRISE   709 AM EDT   SUNSET   756 PM EDT
SEPTEMBER  9 2017.....SUNRISE   710 AM EDT   SUNSET   754 PM EDT


-  INDICATES NEGATIVE NUMBERS.
R  INDICATES RECORD WAS SET OR TIED.
MM INDICATES DATA IS MISSING.
T  INDICATES TRACE AMOUNT.




$$
