985
CDUS41 KCLE 160538
CLITOL


CLIMATE REPORT
NATIONAL WEATHER SERVICE CLEVELAND OH
137 AM EDT SAT JUL 16 2016


...................................

...THE TOLEDO OH CLIMATE SUMMARY FOR JULY 15 2016...

CLIMATE NORMAL PERIOD 1981 TO 2010
CLIMATE RECORD PERIOD 1873 TO 2016


WEATHER ITEM   OBSERVED TIME   RECORD YEAR NORMAL DEPARTURE LAST
                VALUE   (LST)  VALUE       VALUE  FROM      YEAR
                                                  NORMAL
..................................................................
TEMPERATURE (F)
 YESTERDAY
  MAXIMUM         83    314 PM 101    1995  85     -2       76
                                      1977
  MINIMUM         66   1159 PM  48    1987  63      3       55
                                      1939
  AVERAGE         75                        74      1       66

PRECIPITATION (IN)
  YESTERDAY        0.00                      0.11  -0.11     0.00
  MONTH TO DATE    1.44                      1.51  -0.07     3.41
  SINCE JUN 1      3.06                      5.08  -2.02    10.63
  SINCE JAN 1     16.82                     18.45  -1.63    22.53

SNOWFALL (IN)
  YESTERDAY        0.0                       0.0    0.0      0.0
  MONTH TO DATE    0.0                       0.0    0.0      0.0
  SINCE JUN 1      0.0                       0.0    0.0      0.0
  SINCE JUL 1      0.0                       0.0    0.0      0.0
  SNOW DEPTH       0

DEGREE DAYS
 HEATING
  YESTERDAY        0                         0      0        0
  MONTH TO DATE    1                         0      1        2
  SINCE JUN 1     14                        35    -21       37
  SINCE JUL 1      1                         0      1        2

 COOLING
  YESTERDAY       10                         9      1        1
  MONTH TO DATE  135                       133      2       42
  SINCE JUN 1    325                       303     22      175
  SINCE JAN 1    394                       356     38      268
..................................................................


WIND (MPH)
  HIGHEST WIND SPEED    22   HIGHEST WIND DIRECTION     W (270)
  HIGHEST GUST SPEED    27   HIGHEST GUST DIRECTION     W (270)
  AVERAGE WIND SPEED     9.4


SKY COVER
  POSSIBLE SUNSHINE  MM
  AVERAGE SKY COVER 0.4


WEATHER CONDITIONS
 THE FOLLOWING WEATHER WAS RECORDED YESTERDAY.
  NO SIGNIFICANT WEATHER WAS OBSERVED.


RELATIVE HUMIDITY (PERCENT)
 HIGHEST    87           500 AM
 LOWEST     45           600 PM
 AVERAGE    66

..........................................................


THE TOLEDO OH CLIMATE NORMALS FOR TODAY
                         NORMAL    RECORD    YEAR
 MAXIMUM TEMPERATURE (F)   85        99      1988
 MINIMUM TEMPERATURE (F)   63        44      1945


SUNRISE AND SUNSET
JULY 16 2016..........SUNRISE   615 AM EDT   SUNSET   907 PM EDT
JULY 17 2016..........SUNRISE   616 AM EDT   SUNSET   906 PM EDT


-  INDICATES NEGATIVE NUMBERS.
R  INDICATES RECORD WAS SET OR TIED.
MM INDICATES DATA IS MISSING.
T  INDICATES TRACE AMOUNT.




$$
