000
CDUS41 KCLE 302212
CLITOL


CLIMATE REPORT
NATIONAL WEATHER SERVICE CLEVELAND OH
512 PM EST THU NOV 30 2017


...................................

...THE TOLEDO OH CLIMATE SUMMARY FOR NOVEMBER 30 2017...
VALID TODAY AS OF 0500 PM LOCAL TIME.

CLIMATE NORMAL PERIOD 1981 TO 2010
CLIMATE RECORD PERIOD 1873 TO 2017


WEATHER ITEM   OBSERVED TIME   RECORD YEAR NORMAL DEPARTURE LAST
                VALUE   (LST)  VALUE       VALUE  FROM      YEAR
                                                  NORMAL
..................................................................
TEMPERATURE (F)
 TODAY
  MAXIMUM         52    319 PM  68    1934  42     10       56
  MINIMUM         34    137 AM   2    1958  28      6       37
                                      1947
                                      1929
  AVERAGE         43                        35      8       47

PRECIPITATION (IN)
  TODAY            0.09                      0.10  -0.01     0.00
  MONTH TO DATE    5.18                      2.86   2.32     1.80
  SINCE SEP 1     11.10                      8.24   2.86     8.54
  SINCE JAN 1     37.90                     31.56   6.34    31.85

SNOWFALL (IN)
  TODAY            0.0                       0.1   -0.1      0.0
  MONTH TO DATE    T                         1.9   -1.9       T
  SINCE SEP 1      T                         2.1   -2.1       T
  SINCE JUL 1      T                         2.1   -2.1       T
  SNOW DEPTH       0

DEGREE DAYS
 HEATING
  TODAY           22                        30     -8       18
  MONTH TO DATE  694                       708    -14      580
  SINCE SEP 1   1033                      1219   -186      923
  SINCE JUL 1   1047                      1233   -186      924

 COOLING
  TODAY            0                         0      0        0
  MONTH TO DATE    0                         0      0        4
  SINCE SEP 1    151                        91     60      148
  SINCE JAN 1    744                       793    -49     1037
..................................................................


WIND (MPH)
  HIGHEST WIND SPEED    24   HIGHEST WIND DIRECTION     W (260)
  HIGHEST GUST SPEED    29   HIGHEST GUST DIRECTION     W (250)


SKY COVER
  POSSIBLE SUNSHINE  MM
  AVERAGE SKY COVER 0.6


WEATHER CONDITIONS
 THE FOLLOWING WEATHER WAS RECORDED TODAY.
  LIGHT RAIN
  FOG


RELATIVE HUMIDITY (PERCENT)
 HIGHEST   100          1000 AM
 LOWEST     56           500 PM
 AVERAGE    78

..........................................................


THE TOLEDO OH CLIMATE NORMALS FOR TOMORROW
                         NORMAL    RECORD    YEAR
 MAXIMUM TEMPERATURE (F)   42        65      1970
 MINIMUM TEMPERATURE (F)   28         3      1964


SUNRISE AND SUNSET
NOVEMBER 30 2017......SUNRISE   742 AM EST   SUNSET   506 PM EST
DECEMBER  1 2017......SUNRISE   743 AM EST   SUNSET   506 PM EST


-  INDICATES NEGATIVE NUMBERS.
R  INDICATES RECORD WAS SET OR TIED.
MM INDICATES DATA IS MISSING.
T  INDICATES TRACE AMOUNT.




$$
