000
CDUS41 KCLE 142213
CLITOL


CLIMATE REPORT
NATIONAL WEATHER SERVICE CLEVELAND OH
512 PM EST WED JAN 14 2015


...................................

...THE TOLEDO OH CLIMATE SUMMARY FOR JANUARY 14 2015...
VALID TODAY AS OF 0500 PM LOCAL TIME.

CLIMATE NORMAL PERIOD 1981 TO 2010
CLIMATE RECORD PERIOD 1873 TO 2015


WEATHER ITEM   OBSERVED TIME   RECORD YEAR NORMAL DEPARTURE LAST
                VALUE   (LST)  VALUE       VALUE  FROM      YEAR
                                                  NORMAL
..................................................................
TEMPERATURE (F)
 TODAY
  MAXIMUM         12    348 PM  64    1995  32    -20       40
  MINIMUM         -2    103 AM  -8    1964  18    -20       25
  AVERAGE          5                        25    -20       33

PRECIPITATION (IN)
  TODAY            T                         0.06  -0.06     0.01
  MONTH TO DATE    1.70                      1.01   0.69     2.40
  SINCE DEC 1      2.79                      3.69  -0.90     5.47
  SINCE JAN 1      1.70                      1.01   0.69     2.40

SNOWFALL (IN)
  TODAY            T                         0.4   -0.4      0.0
  MONTH TO DATE   10.0                       4.9    5.1     24.4
  SINCE DEC 1     10.0                      12.3   -2.3     35.6
  SINCE JUL 1     12.8                      14.4   -1.6     36.1
  SNOW DEPTH       4

DEGREE DAYS
 HEATING
  TODAY           60                        40     20       32
  MONTH TO DATE  691                       551    140      646
  SINCE DEC 1   1679                      1643     36     1797
  SINCE JUL 1   3117                      2876    241     3145

 COOLING
  TODAY            0                         0      0        0
  MONTH TO DATE    0                         0      0        0
  SINCE DEC 1      0                         0      0        0
  SINCE JAN 1      0                         0      0        0
..................................................................


WIND (MPH)
  HIGHEST WIND SPEED     9   HIGHEST WIND DIRECTION     W (290)
  HIGHEST GUST SPEED    10   HIGHEST GUST DIRECTION     W (290)


SKY COVER
  POSSIBLE SUNSHINE  MM
  AVERAGE SKY COVER 0.7


WEATHER CONDITIONS
 THE FOLLOWING WEATHER WAS RECORDED TODAY.
  LIGHT SNOW
  FOG
  FOG W/VISIBILITY <= 1/4 MILE


RELATIVE HUMIDITY (PERCENT)
 HIGHEST    95           500 AM
 LOWEST     66           400 PM
 AVERAGE    81

..........................................................


THE TOLEDO OH CLIMATE NORMALS FOR TOMORROW
                         NORMAL    RECORD    YEAR
 MAXIMUM TEMPERATURE (F)   32        63      1932
 MINIMUM TEMPERATURE (F)   18       -12      1972


SUNRISE AND SUNSET
JANUARY 14 2015.......SUNRISE   800 AM EST   SUNSET   529 PM EST
JANUARY 15 2015.......SUNRISE   800 AM EST   SUNSET   530 PM EST


-  INDICATES NEGATIVE NUMBERS.
R  INDICATES RECORD WAS SET OR TIED.
MM INDICATES DATA IS MISSING.
T  INDICATES TRACE AMOUNT.




$$
