000
CDUS41 KCLE 090529
CLITOL


CLIMATE REPORT
NATIONAL WEATHER SERVICE CLEVELAND OH
1228 AM EST TUE DEC 9 2014


...................................

...THE TOLEDO OH CLIMATE SUMMARY FOR DECEMBER 8 2014...

CLIMATE NORMAL PERIOD 1981 TO 2010
CLIMATE RECORD PERIOD 1873 TO 2014


WEATHER ITEM   OBSERVED TIME   RECORD YEAR NORMAL DEPARTURE LAST
                VALUE   (LST)  VALUE       VALUE  FROM      YEAR
                                                  NORMAL
..................................................................
TEMPERATURE (F)
 YESTERDAY
  MAXIMUM         41    258 PM  65    1966  39      2       28
  MINIMUM         25    716 AM  -7    1977  25      0       13
  AVERAGE         33                        32      1       21

PRECIPITATION (IN)
  YESTERDAY        0.09                      0.09   0.00     0.03
  MONTH TO DATE    0.14                      0.73  -0.59     0.03
  SINCE DEC 1      0.14                      0.73  -0.59     0.03
  SINCE JAN 1     30.75                     32.29  -1.54    33.79

SNOWFALL (IN)
  YESTERDAY        0.0                       0.2   -0.2       T
  MONTH TO DATE    T                         1.4   -1.4       T
  SINCE DEC 1      T                         1.4   -1.4       T
  SINCE JUL 1      2.8                       3.5   -0.7      0.5
  SNOW DEPTH       0

DEGREE DAYS
 HEATING
  YESTERDAY       32                        33     -1       44
  MONTH TO DATE  271                       254     17      248
  SINCE DEC 1    271                       254     17      248
  SINCE JUL 1   1709                      1487    222     1596

 COOLING
  YESTERDAY        0                         0      0        0
  MONTH TO DATE    0                         0      0        0
  SINCE DEC 1      0                         0      0        0
  SINCE JAN 1    654                       793   -139      793
..................................................................


WIND (MPH)
  HIGHEST WIND SPEED    13   HIGHEST WIND DIRECTION    SW (210)
  HIGHEST GUST SPEED    16   HIGHEST GUST DIRECTION    SW (210)
  AVERAGE WIND SPEED     4.5


SKY COVER
  POSSIBLE SUNSHINE  MM
  AVERAGE SKY COVER 0.3


WEATHER CONDITIONS
 THE FOLLOWING WEATHER WAS RECORDED YESTERDAY.
  LIGHT RAIN
  FOG


RELATIVE HUMIDITY (PERCENT)
 HIGHEST   100          1000 PM
 LOWEST     54           100 PM
 AVERAGE    77

..........................................................


THE TOLEDO OH CLIMATE NORMALS FOR TODAY
                         NORMAL    RECORD    YEAR
 MAXIMUM TEMPERATURE (F)   38        60      1952
 MINIMUM TEMPERATURE (F)   25        -5      1917


SUNRISE AND SUNSET
DECEMBER  9 2014......SUNRISE   750 AM EST   SUNSET   505 PM EST
DECEMBER 10 2014......SUNRISE   751 AM EST   SUNSET   505 PM EST


-  INDICATES NEGATIVE NUMBERS.
R  INDICATES RECORD WAS SET OR TIED.
MM INDICATES DATA IS MISSING.
T  INDICATES TRACE AMOUNT.




$$
