000
CDUS41 KCLE 280534
CLITOL


CLIMATE REPORT
NATIONAL WEATHER SERVICE CLEVELAND OH
1234 AM EST SAT JAN 28 2017


...................................

...THE TOLEDO OH CLIMATE SUMMARY FOR JANUARY 27 2017...

CLIMATE NORMAL PERIOD 1981 TO 2010
CLIMATE RECORD PERIOD 1873 TO 2017


WEATHER ITEM   OBSERVED TIME   RECORD YEAR NORMAL DEPARTURE LAST
                VALUE   (LST)  VALUE       VALUE  FROM      YEAR
                                                  NORMAL
..................................................................
TEMPERATURE (F)
 YESTERDAY
  MAXIMUM         32    157 PM  66    1916  33     -1       31
  MINIMUM         25   1159 PM  -7    1936  18      7       23
  AVERAGE         29                        25      4       27

PRECIPITATION (IN)
  YESTERDAY        0.01                      0.06  -0.05     0.00
  MONTH TO DATE    4.02                      1.80   2.22     1.41
  SINCE DEC 1      6.50                      4.48   2.02     4.39
  SINCE JAN 1      4.02                      1.80   2.22     1.41

SNOWFALL (IN)
  YESTERDAY        0.1                       0.4   -0.3      0.0
  MONTH TO DATE    1.3                      10.0   -8.7      5.9
  SINCE DEC 1     14.5                      17.4   -2.9      5.9
  SINCE JUL 1     14.5                      19.5   -5.0      9.4
  SNOW DEPTH       0

DEGREE DAYS
 HEATING
  YESTERDAY       36                        40     -4       38
  MONTH TO DATE  883                      1071   -188     1069
  SINCE DEC 1   2041                      2163   -122     1809
  SINCE JUL 1   2965                      3396   -431     2819

 COOLING
  YESTERDAY        0                         0      0        0
  MONTH TO DATE    0                         0      0        0
  SINCE DEC 1      0                         0      0        0
  SINCE JAN 1      0                         0      0        0
..................................................................


WIND (MPH)
  HIGHEST WIND SPEED    28   HIGHEST WIND DIRECTION     W (270)
  HIGHEST GUST SPEED    35   HIGHEST GUST DIRECTION     W (280)
  AVERAGE WIND SPEED    16.5


SKY COVER
  POSSIBLE SUNSHINE  MM
  AVERAGE SKY COVER 1.0


WEATHER CONDITIONS
 THE FOLLOWING WEATHER WAS RECORDED YESTERDAY.
  LIGHT SNOW
  FOG


RELATIVE HUMIDITY (PERCENT)
 HIGHEST    92          1200 AM
 LOWEST     74          1000 PM
 AVERAGE    83

..........................................................


THE TOLEDO OH CLIMATE NORMALS FOR TODAY
                         NORMAL    RECORD    YEAR
 MAXIMUM TEMPERATURE (F)   33        61      2002
 MINIMUM TEMPERATURE (F)   18       -10      2014
                                             1977


SUNRISE AND SUNSET
JANUARY 28 2017.......SUNRISE   751 AM EST   SUNSET   546 PM EST
JANUARY 29 2017.......SUNRISE   750 AM EST   SUNSET   548 PM EST


-  INDICATES NEGATIVE NUMBERS.
R  INDICATES RECORD WAS SET OR TIED.
MM INDICATES DATA IS MISSING.
T  INDICATES TRACE AMOUNT.




$$
