724
CDUS41 KCLE 152115
CLITOL


CLIMATE REPORT
NATIONAL WEATHER SERVICE CLEVELAND OH
513 PM EDT MON MAY 15 2017


...................................

...THE TOLEDO OH CLIMATE SUMMARY FOR MAY 15 2017...
VALID TODAY AS OF 0500 PM LOCAL TIME.

CLIMATE NORMAL PERIOD 1981 TO 2010
CLIMATE RECORD PERIOD 1873 TO 2017


WEATHER ITEM   OBSERVED TIME   RECORD YEAR NORMAL DEPARTURE LAST
                VALUE   (LST)  VALUE       VALUE  FROM      YEAR
                                                  NORMAL
..................................................................
TEMPERATURE (F)
 TODAY
  MAXIMUM         73    354 PM  92    1962  71      2       50
  MINIMUM         42    523 AM  34    1964  48     -6       36
                                      1895
  AVERAGE         58                        59     -1       43

PRECIPITATION (IN)
  TODAY            0.00                      0.11  -0.11      T
  MONTH TO DATE    3.23                      1.65   1.58     1.35
  SINCE MAR 1     10.34                      7.32   3.02    10.45
  SINCE JAN 1     16.11                     11.44   4.67    13.67

SNOWFALL (IN)
  TODAY            0.0                       0.0    0.0      0.0
  MONTH TO DATE    0.0                       0.1   -0.1      0.0
  SINCE MAR 1      5.4                       7.1   -1.7     11.4
  SINCE JUL 1     22.4                      37.6  -15.2     26.4
  SNOW DEPTH       0

DEGREE DAYS
 HEATING
  TODAY            7                         7      0       22
  MONTH TO DATE  199                       129     70      160
  SINCE MAR 1   1409                      1455    -46     1382
  SINCE JUL 1   5254                      6031   -777     5280

 COOLING
  TODAY            0                         1     -1        0
  MONTH TO DATE    0                        12    -12        2
  SINCE MAR 1      8                        20    -12        2
  SINCE JAN 1      8                        20    -12        2
..................................................................


WIND (MPH)
  HIGHEST WIND SPEED    10   HIGHEST WIND DIRECTION     E (80)
  HIGHEST GUST SPEED    16   HIGHEST GUST DIRECTION    SE (140)


SKY COVER
  POSSIBLE SUNSHINE  MM
  AVERAGE SKY COVER 0.0


WEATHER CONDITIONS
 THE FOLLOWING WEATHER WAS RECORDED TODAY.
  NO SIGNIFICANT WEATHER WAS OBSERVED.


RELATIVE HUMIDITY (PERCENT)
 HIGHEST   100           400 AM
 LOWEST     29           300 PM
 AVERAGE    65

..........................................................


THE TOLEDO OH CLIMATE NORMALS FOR TOMORROW
                         NORMAL    RECORD    YEAR
 MAXIMUM TEMPERATURE (F)   71        93      1991
 MINIMUM TEMPERATURE (F)   48        32      1967


SUNRISE AND SUNSET
MAY 15 2017...........SUNRISE   616 AM EDT   SUNSET   848 PM EDT
MAY 16 2017...........SUNRISE   615 AM EDT   SUNSET   849 PM EDT


-  INDICATES NEGATIVE NUMBERS.
R  INDICATES RECORD WAS SET OR TIED.
MM INDICATES DATA IS MISSING.
T  INDICATES TRACE AMOUNT.




$$
