000
CDUS41 KCLE 250530
CLITOL


CLIMATE REPORT
NATIONAL WEATHER SERVICE CLEVELAND OH
126 AM EDT MON JUL 25 2016


...................................

...THE TOLEDO OH CLIMATE SUMMARY FOR JULY 24 2016...

CLIMATE NORMAL PERIOD 1981 TO 2010
CLIMATE RECORD PERIOD 1873 TO 2016


WEATHER ITEM   OBSERVED TIME   RECORD YEAR NORMAL DEPARTURE LAST
                VALUE   (LST)  VALUE       VALUE  FROM      YEAR
                                                  NORMAL
..................................................................
TEMPERATURE (F)
 YESTERDAY
  MAXIMUM         84    628 PM 103    1934  84      0       86
  MINIMUM         70    107 PM  50    1985  62      8       61
  AVERAGE         77                        73      4       74

PRECIPITATION (IN)
  YESTERDAY        0.33                      0.11   0.22     0.00
  MONTH TO DATE    2.84                      2.47   0.37     4.30
  SINCE JUN 1      4.46                      6.04  -1.58    11.52
  SINCE JAN 1     18.22                     19.41  -1.19    23.42

SNOWFALL (IN)
  YESTERDAY        0.0                       0.0    0.0      0.0
  MONTH TO DATE    0.0                       0.0    0.0      0.0
  SINCE JUN 1      0.0                       0.0    0.0      0.0
  SINCE JUL 1      0.0                       0.0    0.0      0.0
  SNOW DEPTH       0

DEGREE DAYS
 HEATING
  YESTERDAY        0                         0      0        0
  MONTH TO DATE    1                         0      1        2
  SINCE JUN 1     14                        35    -21       37
  SINCE JUL 1      1                         0      1        2

 COOLING
  YESTERDAY       12                         8      4        9
  MONTH TO DATE  231                       211     20      112
  SINCE JUN 1    421                       381     40      245
  SINCE JAN 1    490                       434     56      338
..................................................................


WIND (MPH)
  HIGHEST WIND SPEED    21   HIGHEST WIND DIRECTION     W (270)
  HIGHEST GUST SPEED    30   HIGHEST GUST DIRECTION     W (270)
  AVERAGE WIND SPEED     4.6


SKY COVER
  POSSIBLE SUNSHINE  MM
  AVERAGE SKY COVER 0.2


WEATHER CONDITIONS
 THE FOLLOWING WEATHER WAS RECORDED YESTERDAY.
  HEAVY RAIN
  RAIN
  LIGHT RAIN
  FOG


RELATIVE HUMIDITY (PERCENT)
 HIGHEST   100           100 PM
 LOWEST     79           700 PM
 AVERAGE    90

..........................................................


THE TOLEDO OH CLIMATE NORMALS FOR TODAY
                         NORMAL    RECORD    YEAR
 MAXIMUM TEMPERATURE (F)   84        97      1940
                                             1934
 MINIMUM TEMPERATURE (F)   62        50      2014
                                             1953


SUNRISE AND SUNSET
JULY 25 2016..........SUNRISE   623 AM EDT   SUNSET   859 PM EDT
JULY 26 2016..........SUNRISE   624 AM EDT   SUNSET   859 PM EDT


-  INDICATES NEGATIVE NUMBERS.
R  INDICATES RECORD WAS SET OR TIED.
MM INDICATES DATA IS MISSING.
T  INDICATES TRACE AMOUNT.




$$
