000
CDUS41 KCLE 230545
CLITOL


CLIMATE REPORT
NATIONAL WEATHER SERVICE CLEVELAND OH
145 AM EDT SUN APR 23 2017


...................................

...THE TOLEDO OH CLIMATE SUMMARY FOR APRIL 22 2017...

CLIMATE NORMAL PERIOD 1981 TO 2010
CLIMATE RECORD PERIOD 1873 TO 2017


WEATHER ITEM   OBSERVED TIME   RECORD YEAR NORMAL DEPARTURE LAST
                VALUE   (LST)  VALUE       VALUE  FROM      YEAR
                                                  NORMAL
..................................................................
TEMPERATURE (F)
 YESTERDAY
  MAXIMUM         58    357 PM  87    1985  63     -5       60
  MINIMUM         39   1123 PM  22    1875  41     -2       48
  AVERAGE         49                        52     -3       54

PRECIPITATION (IN)
  YESTERDAY        0.00                      0.10  -0.10     0.35
  MONTH TO DATE    2.29                      2.35  -0.06     2.41
  SINCE MAR 1      5.93                      4.83   1.10     7.51
  SINCE JAN 1     11.70                      8.95   2.75    10.73

SNOWFALL (IN)
  YESTERDAY        0.0                       0.0    0.0      0.0
  MONTH TO DATE    0.7                       1.2   -0.5      8.7
  SINCE MAR 1      5.4                       6.9   -1.5     11.4
  SINCE JUL 1     22.4                      37.4  -15.0     26.4
  SNOW DEPTH       0

DEGREE DAYS
 HEATING
  YESTERDAY       16                        14      2       11
  MONTH TO DATE  260                       381   -121      439
  SINCE MAR 1   1132                      1231    -99     1113
  SINCE JUL 1   4977                      5807   -830     5011

 COOLING
  YESTERDAY        0                         0      0        0
  MONTH TO DATE    3                         0      3        0
  SINCE MAR 1      3                         0      3        0
  SINCE JAN 1      3                         0      3        0
..................................................................


WIND (MPH)
  HIGHEST WIND SPEED    18   HIGHEST WIND DIRECTION    NE (60)
  HIGHEST GUST SPEED    24   HIGHEST GUST DIRECTION    NE (50)
  AVERAGE WIND SPEED     7.9


SKY COVER
  POSSIBLE SUNSHINE  MM
  AVERAGE SKY COVER 0.1


WEATHER CONDITIONS
 THE FOLLOWING WEATHER WAS RECORDED YESTERDAY.
  NO SIGNIFICANT WEATHER WAS OBSERVED.


RELATIVE HUMIDITY (PERCENT)
 HIGHEST    86           700 AM
 LOWEST     38           100 PM
 AVERAGE    62

..........................................................


THE TOLEDO OH CLIMATE NORMALS FOR TODAY
                         NORMAL    RECORD    YEAR
 MAXIMUM TEMPERATURE (F)   63        86      1985
                                             1960
 MINIMUM TEMPERATURE (F)   41        21      1986


SUNRISE AND SUNSET
APRIL 23 2017.........SUNRISE   643 AM EDT   SUNSET   825 PM EDT
APRIL 24 2017.........SUNRISE   641 AM EDT   SUNSET   826 PM EDT


-  INDICATES NEGATIVE NUMBERS.
R  INDICATES RECORD WAS SET OR TIED.
MM INDICATES DATA IS MISSING.
T  INDICATES TRACE AMOUNT.




$$
