000
CDUS41 KCLE 250540
CLITOL


CLIMATE REPORT
NATIONAL WEATHER SERVICE CLEVELAND OH
126 AM EDT SUN SEP 25 2016


...................................

...THE TOLEDO OH CLIMATE SUMMARY FOR SEPTEMBER 24 2016...

CLIMATE NORMAL PERIOD 1981 TO 2010
CLIMATE RECORD PERIOD 1873 TO 2016


WEATHER ITEM   OBSERVED TIME   RECORD YEAR NORMAL DEPARTURE LAST
                VALUE   (LST)  VALUE       VALUE  FROM      YEAR
                                                  NORMAL
..................................................................
TEMPERATURE (F)
 YESTERDAY
  MAXIMUM         71    321 PM  92    1891  72     -1       78
  MINIMUM         54   1154 PM  30    1976  49      5       51
  AVERAGE         63                        61      2       65

PRECIPITATION (IN)
  YESTERDAY        0.00                      0.09  -0.09     0.00
  MONTH TO DATE    2.19                      2.25  -0.06     1.18
  SINCE SEP 1      2.19                      2.25  -0.06     1.18
  SINCE JAN 1     25.50                     25.57  -0.07    29.51

SNOWFALL (IN)
  YESTERDAY        0.0                       0.0    0.0      0.0
  MONTH TO DATE    0.0                       0.0    0.0      0.0
  SINCE SEP 1      0.0                       0.0    0.0      0.0
  SINCE JUL 1      0.0                       0.0    0.0      0.0
  SNOW DEPTH       0

DEGREE DAYS
 HEATING
  YESTERDAY        2                         6     -4        0
  MONTH TO DATE    5                        68    -63       40
  SINCE SEP 1      5                        68    -63       40
  SINCE JUL 1      6                        82    -76       52

 COOLING
  YESTERDAY        0                         1     -1        0
  MONTH TO DATE  119                        75     44      123
  SINCE SEP 1    119                        75     44      123
  SINCE JAN 1   1008                       777    231      704
..................................................................


WIND (MPH)
  HIGHEST WIND SPEED    15   HIGHEST WIND DIRECTION    NE (60)
  HIGHEST GUST SPEED    18   HIGHEST GUST DIRECTION     E (70)
  AVERAGE WIND SPEED     7.3


SKY COVER
  POSSIBLE SUNSHINE  MM
  AVERAGE SKY COVER 0.7


WEATHER CONDITIONS
 THE FOLLOWING WEATHER WAS RECORDED YESTERDAY.
  NO SIGNIFICANT WEATHER WAS OBSERVED.


RELATIVE HUMIDITY (PERCENT)
 HIGHEST   100          1000 PM
 LOWEST     63           500 PM
 AVERAGE    82

..........................................................


THE TOLEDO OH CLIMATE NORMALS FOR TODAY
                         NORMAL    RECORD    YEAR
 MAXIMUM TEMPERATURE (F)   72        91      1891
 MINIMUM TEMPERATURE (F)   49        32      1976


SUNRISE AND SUNSET
SEPTEMBER 25 2016.....SUNRISE   726 AM EDT   SUNSET   726 PM EDT
SEPTEMBER 26 2016.....SUNRISE   727 AM EDT   SUNSET   725 PM EDT


-  INDICATES NEGATIVE NUMBERS.
R  INDICATES RECORD WAS SET OR TIED.
MM INDICATES DATA IS MISSING.
T  INDICATES TRACE AMOUNT.




$$
