000
CDUS41 KCLE 220534
CLITOL


CLIMATE REPORT
NATIONAL WEATHER SERVICE CLEVELAND OH
1234 AM EST SAT NOV 22 2014


...................................

...THE TOLEDO OH CLIMATE SUMMARY FOR NOVEMBER 21 2014...

CLIMATE NORMAL PERIOD 1981 TO 2010
CLIMATE RECORD PERIOD 1873 TO 2014


WEATHER ITEM   OBSERVED TIME   RECORD YEAR NORMAL DEPARTURE LAST
                VALUE   (LST)  VALUE       VALUE  FROM      YEAR
                                                  NORMAL
..................................................................
TEMPERATURE (F)
 YESTERDAY
  MAXIMUM         26    354 PM  69    1934  47    -21       45
  MINIMUM         15   1239 AM   9    1880  31    -16       37
  AVERAGE         21                        39    -18       41

PRECIPITATION (IN)
  YESTERDAY        T                         0.10  -0.10     0.39
  MONTH TO DATE    0.57                      1.97  -1.40     1.32
  SINCE SEP 1      8.16                      7.35   0.81     6.93
  SINCE JAN 1     29.35                     30.67  -1.32    33.72

SNOWFALL (IN)
  YESTERDAY        T                         0.0    0.0      0.0
  MONTH TO DATE    2.6                       0.9    1.7      0.5
  SINCE SEP 1      2.6                       1.1    1.5      0.5
  SINCE JUL 1      2.6                       1.1    1.5      0.5
  SNOW DEPTH       2

DEGREE DAYS
 HEATING
  YESTERDAY       44                        26     18       24
  MONTH TO DATE  639                       455    184      480
  SINCE SEP 1   1176                       967    209      988
  SINCE JUL 1   1190                       981    209     1017

 COOLING
  YESTERDAY        0                         0      0        0
  MONTH TO DATE    0                         0      0        0
  SINCE SEP 1     56                        91    -35      111
  SINCE JAN 1    654                       793   -139      793
..................................................................


WIND (MPH)
  HIGHEST WIND SPEED    12   HIGHEST WIND DIRECTION     S (180)
  HIGHEST GUST SPEED    16   HIGHEST GUST DIRECTION     W (250)
  AVERAGE WIND SPEED     5.0


SKY COVER
  POSSIBLE SUNSHINE  MM
  AVERAGE SKY COVER 0.4


WEATHER CONDITIONS
 THE FOLLOWING WEATHER WAS RECORDED YESTERDAY.
  LIGHT SNOW


RELATIVE HUMIDITY (PERCENT)
 HIGHEST    80           700 AM
 LOWEST     54          1100 AM
 AVERAGE    67

..........................................................


THE TOLEDO OH CLIMATE NORMALS FOR TODAY
                         NORMAL    RECORD    YEAR
 MAXIMUM TEMPERATURE (F)   46        72      1913
 MINIMUM TEMPERATURE (F)   31         5      1880


SUNRISE AND SUNSET
NOVEMBER 22 2014......SUNRISE   732 AM EST   SUNSET   510 PM EST
NOVEMBER 23 2014......SUNRISE   734 AM EST   SUNSET   509 PM EST


-  INDICATES NEGATIVE NUMBERS.
R  INDICATES RECORD WAS SET OR TIED.
MM INDICATES DATA IS MISSING.
T  INDICATES TRACE AMOUNT.




$$
