000
CDUS41 KCLE 130526
CLITOL


CLIMATE REPORT
NATIONAL WEATHER SERVICE CLEVELAND OH
1225 AM EST FRI JAN 13 2017


...................................

...THE TOLEDO OH CLIMATE SUMMARY FOR JANUARY 12 2017...

CLIMATE NORMAL PERIOD 1981 TO 2010
CLIMATE RECORD PERIOD 1873 TO 2017


WEATHER ITEM   OBSERVED TIME   RECORD YEAR NORMAL DEPARTURE LAST
                VALUE   (LST)  VALUE       VALUE  FROM      YEAR
                                                  NORMAL
..................................................................
TEMPERATURE (F)
 YESTERDAY
  MAXIMUM         58   1201 AM  64    1898  32     26       28
  MINIMUM         29   1159 PM -15    1918  18     11       11
  AVERAGE         44                        25     19       20

PRECIPITATION (IN)
  YESTERDAY        1.00                      0.07   0.93     0.06
  MONTH TO DATE    2.50                      0.88   1.62     0.96
  SINCE DEC 1      4.98                      3.56   1.42     3.94
  SINCE JAN 1      2.50                      0.88   1.62     0.96

SNOWFALL (IN)
  YESTERDAY        0.0                       0.4   -0.4      1.9
  MONTH TO DATE    1.1                       4.2   -3.1      4.0
  SINCE DEC 1     14.3                      11.6    2.7      4.0
  SINCE JUL 1     14.3                      13.7    0.6      7.5
  SNOW DEPTH       0

DEGREE DAYS
 HEATING
  YESTERDAY       21                        40    -19       45
  MONTH TO DATE  458                       471    -13      450
  SINCE DEC 1   1616                      1563     53     1190
  SINCE JUL 1   2540                      2796   -256     2200

 COOLING
  YESTERDAY        0                         0      0        0
  MONTH TO DATE    0                         0      0        0
  SINCE DEC 1      0                         0      0        0
  SINCE JAN 1      0                         0      0        0
..................................................................


WIND (MPH)
  HIGHEST WIND SPEED    23   HIGHEST WIND DIRECTION    NW (320)
  HIGHEST GUST SPEED    32   HIGHEST GUST DIRECTION    SW (210)
  AVERAGE WIND SPEED    10.2


SKY COVER
  POSSIBLE SUNSHINE  MM
  AVERAGE SKY COVER 1.0


WEATHER CONDITIONS
 THE FOLLOWING WEATHER WAS RECORDED YESTERDAY.
  THUNDERSTORM
  HEAVY RAIN
  RAIN
  LIGHT RAIN
  FOG


RELATIVE HUMIDITY (PERCENT)
 HIGHEST   100           200 AM
 LOWEST     82           700 PM
 AVERAGE    91

..........................................................


THE TOLEDO OH CLIMATE NORMALS FOR TODAY
                         NORMAL    RECORD    YEAR
 MAXIMUM TEMPERATURE (F)   32        71      1890
 MINIMUM TEMPERATURE (F)   18       -15      1977


SUNRISE AND SUNSET
JANUARY 13 2017.......SUNRISE   800 AM EST   SUNSET   528 PM EST
JANUARY 14 2017.......SUNRISE   800 AM EST   SUNSET   529 PM EST


-  INDICATES NEGATIVE NUMBERS.
R  INDICATES RECORD WAS SET OR TIED.
MM INDICATES DATA IS MISSING.
T  INDICATES TRACE AMOUNT.




$$
