000
CDUS41 KCLE 210527
CLITOL


CLIMATE REPORT
NATIONAL WEATHER SERVICE CLEVELAND OH
125 AM EDT THU AUG 21 2014


...................................

...THE TOLEDO OH CLIMATE SUMMARY FOR AUGUST 20 2014...

CLIMATE NORMAL PERIOD 1981 TO 2010
CLIMATE RECORD PERIOD 1873 TO 2014


WEATHER ITEM   OBSERVED TIME   RECORD YEAR NORMAL DEPARTURE LAST
                VALUE   (LST)  VALUE       VALUE  FROM      YEAR
                                                  NORMAL
..................................................................
TEMPERATURE (F)
 YESTERDAY
  MAXIMUM         85    323 PM  99    1916  82      3       86
  MINIMUM         65    321 AM  49    1998  61      4       58
                                      1987
                                      1984
  AVERAGE         75                        71      4       72

PRECIPITATION (IN)
  YESTERDAY        T                         0.10  -0.10     0.00
  MONTH TO DATE    2.47                      2.07   0.40     1.50
  SINCE JUN 1      7.28                      8.87  -1.59    11.79
  SINCE JAN 1     21.13                     22.24  -1.11    26.29

SNOWFALL (IN)
  YESTERDAY        0.0                       0.0    0.0      0.0
  MONTH TO DATE    0.0                       0.0    0.0      0.0
  SINCE JUN 1      0.0                       0.0    0.0      0.0
  SINCE JUL 1      0.0                       0.0    0.0      0.0
  SNOW DEPTH       0

DEGREE DAYS
 HEATING
  YESTERDAY        0                         0      0        0
  MONTH TO DATE    5                         0      5       16
  SINCE JUN 1     30                        38     -8       60
  SINCE JUL 1     14                         3     11       29

 COOLING
  YESTERDAY       10                         7      3        7
  MONTH TO DATE  100                       149    -49       72
  SINCE JUN 1    428                       584   -156      479
  SINCE JAN 1    490                       637   -147      573
..................................................................


WIND (MPH)
  HIGHEST WIND SPEED    21   HIGHEST WIND DIRECTION    SW (240)
  HIGHEST GUST SPEED    25   HIGHEST GUST DIRECTION    SW (230)
  AVERAGE WIND SPEED     6.0


SKY COVER
  POSSIBLE SUNSHINE  MM
  AVERAGE SKY COVER 0.3


WEATHER CONDITIONS
 THE FOLLOWING WEATHER WAS RECORDED YESTERDAY.
  FOG


RELATIVE HUMIDITY (PERCENT)
 HIGHEST   100           100 AM
 LOWEST     51           400 PM
 AVERAGE    76

..........................................................


THE TOLEDO OH CLIMATE NORMALS FOR TODAY
                         NORMAL    RECORD    YEAR
 MAXIMUM TEMPERATURE (F)   82        98      1916
 MINIMUM TEMPERATURE (F)   61        44      1950


SUNRISE AND SUNSET
AUGUST 21 2014........SUNRISE   650 AM EDT   SUNSET   826 PM EDT
AUGUST 22 2014........SUNRISE   651 AM EDT   SUNSET   824 PM EDT


-  INDICATES NEGATIVE NUMBERS.
R  INDICATES RECORD WAS SET OR TIED.
MM INDICATES DATA IS MISSING.
T  INDICATES TRACE AMOUNT.




$$
