211
CDUS41 KCLE 212118
CLITOL


CLIMATE REPORT
NATIONAL WEATHER SERVICE CLEVELAND OH
518 PM EDT SAT OCT 21 2017


...................................

...THE TOLEDO OH CLIMATE SUMMARY FOR OCTOBER 21 2017...
VALID TODAY AS OF 0500 PM LOCAL TIME.

CLIMATE NORMAL PERIOD 1981 TO 2010
CLIMATE RECORD PERIOD 1873 TO 2017


WEATHER ITEM   OBSERVED TIME   RECORD YEAR NORMAL DEPARTURE LAST
                VALUE   (LST)  VALUE       VALUE  FROM      YEAR
                                                  NORMAL
..................................................................
TEMPERATURE (F)
 TODAY
  MAXIMUM         76    238 PM  82    1920  61     15       54
  MINIMUM         49    712 AM  16    1974  40      9       44
  AVERAGE         63                        51     12       49

PRECIPITATION (IN)
  TODAY            0.00                      0.08  -0.08     0.03
  MONTH TO DATE    2.20                      1.78   0.42     1.76
  SINCE SEP 1      4.84                      4.56   0.28     5.73
  SINCE JAN 1     31.64                     27.88   3.76    29.04

SNOWFALL (IN)
  TODAY            0.0                       0.0    0.0      0.0
  MONTH TO DATE    0.0                       0.1   -0.1      0.0
  SINCE SEP 1      0.0                       0.1   -0.1      0.0
  SINCE JUL 1      0.0                       0.1   -0.1      0.0
  SNOW DEPTH       0

DEGREE DAYS
 HEATING
  TODAY            2                        14    -12       16
  MONTH TO DATE   84                       241   -157      142
  SINCE SEP 1    163                       351   -188      180
  SINCE JUL 1    177                       365   -188      181

 COOLING
  TODAY            0                         0      0        0
  MONTH TO DATE   29                         8     21       25
  SINCE SEP 1    151                        90     61      144
  SINCE JAN 1    744                       792    -48     1033
..................................................................


WIND (MPH)
  HIGHEST WIND SPEED    10   HIGHEST WIND DIRECTION    SW (210)
  HIGHEST GUST SPEED    14   HIGHEST GUST DIRECTION     S (160)


SKY COVER
  POSSIBLE SUNSHINE  MM
  AVERAGE SKY COVER 0.0


WEATHER CONDITIONS
 THE FOLLOWING WEATHER WAS RECORDED TODAY.
  NO SIGNIFICANT WEATHER WAS OBSERVED.


RELATIVE HUMIDITY (PERCENT)
 HIGHEST   100           700 AM
 LOWEST     46           300 PM
 AVERAGE    73

..........................................................


THE TOLEDO OH CLIMATE NORMALS FOR TOMORROW
                         NORMAL    RECORD    YEAR
 MAXIMUM TEMPERATURE (F)   61        83      1920
 MINIMUM TEMPERATURE (F)   40        22      1976


SUNRISE AND SUNSET
OCTOBER 21 2017.......SUNRISE   754 AM EDT   SUNSET   645 PM EDT
OCTOBER 22 2017.......SUNRISE   756 AM EDT   SUNSET   643 PM EDT


-  INDICATES NEGATIVE NUMBERS.
R  INDICATES RECORD WAS SET OR TIED.
MM INDICATES DATA IS MISSING.
T  INDICATES TRACE AMOUNT.




$$
