000
CDUS41 KCLE 050540
CLITOL


CLIMATE REPORT
NATIONAL WEATHER SERVICE CLEVELAND OH
1239 AM EST MON DEC 5 2016


...................................

...THE TOLEDO OH CLIMATE SUMMARY FOR DECEMBER 4 2016...

CLIMATE NORMAL PERIOD 1981 TO 2010
CLIMATE RECORD PERIOD 1873 TO 2016


WEATHER ITEM   OBSERVED TIME   RECORD YEAR NORMAL DEPARTURE LAST
                VALUE   (LST)  VALUE       VALUE  FROM      YEAR
                                                  NORMAL
..................................................................
TEMPERATURE (F)
 YESTERDAY
  MAXIMUM         38    440 PM  66    1941  40     -2       44
  MINIMUM         31    633 AM  -1    1966  27      4       28
  AVERAGE         35                        34      1       36

PRECIPITATION (IN)
  YESTERDAY        0.16                      0.09   0.07     0.00
  MONTH TO DATE    0.17                      0.37  -0.20     0.05
  SINCE DEC 1      0.17                      0.37  -0.20     0.05
  SINCE JAN 1     32.02                     31.93   0.09    33.58

SNOWFALL (IN)
  YESTERDAY        0.6                       0.2    0.4      0.0
  MONTH TO DATE    0.6                       0.7   -0.1       T
  SINCE DEC 1      0.6                       0.7   -0.1       T
  SINCE JUL 1      0.6                       2.8   -2.2      3.5
  SNOW DEPTH       0

DEGREE DAYS
 HEATING
  YESTERDAY       30                        32     -2       29
  MONTH TO DATE  113                       124    -11      113
  SINCE DEC 1    113                       124    -11      113
  SINCE JUL 1   1037                      1357   -320     1123

 COOLING
  YESTERDAY        0                         0      0        0
  MONTH TO DATE    0                         0      0        0
  SINCE DEC 1      0                         0      0        0
  SINCE JAN 1   1037                       793    244      719
..................................................................


WIND (MPH)
  HIGHEST WIND SPEED    15   HIGHEST WIND DIRECTION     E (100)
  HIGHEST GUST SPEED    18   HIGHEST GUST DIRECTION     E (100)
  AVERAGE WIND SPEED     5.3


SKY COVER
  POSSIBLE SUNSHINE  MM
  AVERAGE SKY COVER 1.0


WEATHER CONDITIONS
 THE FOLLOWING WEATHER WAS RECORDED YESTERDAY.
  LIGHT SNOW
  FOG


RELATIVE HUMIDITY (PERCENT)
 HIGHEST   100           700 PM
 LOWEST     70          1200 PM
 AVERAGE    85

..........................................................


THE TOLEDO OH CLIMATE NORMALS FOR TODAY
                         NORMAL    RECORD    YEAR
 MAXIMUM TEMPERATURE (F)   40        70      2001
 MINIMUM TEMPERATURE (F)   26        -2      1976


SUNRISE AND SUNSET
DECEMBER  5 2016......SUNRISE   747 AM EST   SUNSET   505 PM EST
DECEMBER  6 2016......SUNRISE   748 AM EST   SUNSET   505 PM EST


-  INDICATES NEGATIVE NUMBERS.
R  INDICATES RECORD WAS SET OR TIED.
MM INDICATES DATA IS MISSING.
T  INDICATES TRACE AMOUNT.




$$
