000
CDUS41 KCLE 070527
CLITOL


CLIMATE REPORT
NATIONAL WEATHER SERVICE CLEVELAND OH
126 AM EDT MON JUL 7 2014


...................................

...THE TOLEDO OH CLIMATE SUMMARY FOR JULY 6 2014...

CLIMATE NORMAL PERIOD 1981 TO 2010
CLIMATE RECORD PERIOD 1873 TO 2014


WEATHER ITEM   OBSERVED TIME   RECORD YEAR NORMAL DEPARTURE LAST
                VALUE   (LST)  VALUE       VALUE  FROM      YEAR
                                                  NORMAL
..................................................................
TEMPERATURE (F)
 YESTERDAY
  MAXIMUM         81    537 PM 100    1988  85     -4       80
  MINIMUM         62    532 AM  43    1972  62      0       67
  AVERAGE         72                        74     -2       74

PRECIPITATION (IN)
  YESTERDAY        0.00                      0.09  -0.09     0.22
  MONTH TO DATE    0.07                      0.59  -0.52     0.39
  SINCE JUN 1      4.05                      4.16  -0.11     6.74
  SINCE JAN 1     17.90                     17.53   0.37    21.24

SNOWFALL (IN)
  YESTERDAY        0.0                       0.0    0.0      0.0
  MONTH TO DATE    0.0                       0.0    0.0      0.0
  SINCE JUN 1      0.0                       0.0    0.0      0.0
  SINCE JUL 1      0.0                       0.0    0.0      0.0
  SNOW DEPTH       0

DEGREE DAYS
 HEATING
  YESTERDAY        0                         0      0        0
  MONTH TO DATE    1                         0      1        1
  SINCE JUN 1     17                        35    -18       32
  SINCE JUL 1      1                         0      1        1

 COOLING
  YESTERDAY        7                         9     -2        9
  MONTH TO DATE   27                        52    -25       38
  SINCE JUN 1    218                       222     -4      200
  SINCE JAN 1    280                       275      5      294
..................................................................


WIND (MPH)
  HIGHEST WIND SPEED    18   HIGHEST WIND DIRECTION    SW (220)
  HIGHEST GUST SPEED    25   HIGHEST GUST DIRECTION     S (190)
  AVERAGE WIND SPEED     8.0


SKY COVER
  POSSIBLE SUNSHINE  MM
  AVERAGE SKY COVER 0.5


WEATHER CONDITIONS
 THE FOLLOWING WEATHER WAS RECORDED YESTERDAY.
  NO SIGNIFICANT WEATHER WAS OBSERVED.


RELATIVE HUMIDITY (PERCENT)
 HIGHEST    74          1000 PM
 LOWEST     47          1100 AM
 AVERAGE    61

..........................................................


THE TOLEDO OH CLIMATE NORMALS FOR TODAY
                         NORMAL    RECORD    YEAR
 MAXIMUM TEMPERATURE (F)   85       103      1988
 MINIMUM TEMPERATURE (F)   62        47      1990
                                             1984
                                             1983


SUNRISE AND SUNSET
JULY  7 2014..........SUNRISE   608 AM EDT   SUNSET   912 PM EDT
JULY  8 2014..........SUNRISE   609 AM EDT   SUNSET   911 PM EDT


-  INDICATES NEGATIVE NUMBERS.
R  INDICATES RECORD WAS SET OR TIED.
MM INDICATES DATA IS MISSING.
T  INDICATES TRACE AMOUNT.




$$
