000
CDUS41 KCLE 190544
CLITOL


CLIMATE REPORT
NATIONAL WEATHER SERVICE CLEVELAND OH
144 AM EDT TUE AUG 19 2014


...................................

...THE TOLEDO OH CLIMATE SUMMARY FOR AUGUST 18 2014...

CLIMATE NORMAL PERIOD 1981 TO 2010
CLIMATE RECORD PERIOD 1873 TO 2014


WEATHER ITEM   OBSERVED TIME   RECORD YEAR NORMAL DEPARTURE LAST
                VALUE   (LST)  VALUE       VALUE  FROM      YEAR
                                                  NORMAL
..................................................................
TEMPERATURE (F)
 YESTERDAY
  MAXIMUM         81    351 PM  94    1947  82     -1       82
  MINIMUM         62   1057 PM  43    1977  61      1       55
  AVERAGE         72                        72      0       69

PRECIPITATION (IN)
  YESTERDAY        0.00                      0.10  -0.10     0.00
  MONTH TO DATE    2.14                      1.87   0.27     1.50
  SINCE JUN 1      6.95                      8.67  -1.72    11.79
  SINCE JAN 1     20.80                     22.04  -1.24    26.29

SNOWFALL (IN)
  YESTERDAY        0.0                       0.0    0.0      0.0
  MONTH TO DATE    0.0                       0.0    0.0      0.0
  SINCE JUN 1      0.0                       0.0    0.0      0.0
  SINCE JUL 1      0.0                       0.0    0.0      0.0
  SNOW DEPTH       0

DEGREE DAYS
 HEATING
  YESTERDAY        0                         0      0        0
  MONTH TO DATE    5                         0      5       16
  SINCE JUN 1     30                        38     -8       60
  SINCE JUL 1     14                         3     11       29

 COOLING
  YESTERDAY        7                         7      0        4
  MONTH TO DATE   81                       135    -54       60
  SINCE JUN 1    409                       570   -161      467
  SINCE JAN 1    471                       623   -152      561
..................................................................


WIND (MPH)
  HIGHEST WIND SPEED    13   HIGHEST WIND DIRECTION    NE (60)
  HIGHEST GUST SPEED    16   HIGHEST GUST DIRECTION     E (100)
  AVERAGE WIND SPEED     5.2


SKY COVER
  POSSIBLE SUNSHINE  MM
  AVERAGE SKY COVER 0.6


WEATHER CONDITIONS
 THE FOLLOWING WEATHER WAS RECORDED YESTERDAY.
  NO SIGNIFICANT WEATHER WAS OBSERVED.


RELATIVE HUMIDITY (PERCENT)
 HIGHEST    93           600 AM
 LOWEST     45           400 PM
 AVERAGE    69

..........................................................


THE TOLEDO OH CLIMATE NORMALS FOR TODAY
                         NORMAL    RECORD    YEAR
 MAXIMUM TEMPERATURE (F)   82        97      1955
 MINIMUM TEMPERATURE (F)   61        46      1977


SUNRISE AND SUNSET
AUGUST 19 2014........SUNRISE   648 AM EDT   SUNSET   829 PM EDT
AUGUST 20 2014........SUNRISE   649 AM EDT   SUNSET   827 PM EDT


-  INDICATES NEGATIVE NUMBERS.
R  INDICATES RECORD WAS SET OR TIED.
MM INDICATES DATA IS MISSING.
T  INDICATES TRACE AMOUNT.




$$
