000
CDUS41 KCLE 170539
CLITOL


CLIMATE REPORT
NATIONAL WEATHER SERVICE CLEVELAND OH
137 AM EDT WED AUG 17 2016


...................................

...THE TOLEDO OH CLIMATE SUMMARY FOR AUGUST 16 2016...

CLIMATE NORMAL PERIOD 1981 TO 2010
CLIMATE RECORD PERIOD 1873 TO 2016


WEATHER ITEM   OBSERVED TIME   RECORD YEAR NORMAL DEPARTURE LAST
                VALUE   (LST)  VALUE       VALUE  FROM      YEAR
                                                  NORMAL
..................................................................
TEMPERATURE (F)
 YESTERDAY
  MAXIMUM         80    545 PM  94    2009  82     -2       86
                                      1987
                                      1922
  MINIMUM         69   1159 PM  44    1979  61      8       62
  AVERAGE         75                        72      3       74

PRECIPITATION (IN)
  YESTERDAY        0.68                      0.11   0.57     0.00
  MONTH TO DATE    2.08                      1.68   0.40     2.07
  SINCE JUN 1      6.74                      8.48  -1.74    15.45
  SINCE JAN 1     20.50                     21.85  -1.35    27.35

SNOWFALL (IN)
  YESTERDAY        0.0                       0.0    0.0      0.0
  MONTH TO DATE    0.0                       0.0    0.0      0.0
  SINCE JUN 1      0.0                       0.0    0.0      0.0
  SINCE JUL 1      0.0                       0.0    0.0      0.0
  SNOW DEPTH       0

DEGREE DAYS
 HEATING
  YESTERDAY        0                         0      0        0
  MONTH TO DATE    0                         0      0        0
  SINCE JUN 1     14                        38    -24       37
  SINCE JUL 1      1                         3     -2        2

 COOLING
  YESTERDAY       10                         7      3        9
  MONTH TO DATE  194                       121     73      104
  SINCE JUN 1    693                       556    137      422
  SINCE JAN 1    762                       609    153      515
..................................................................


WIND (MPH)
  HIGHEST WIND SPEED    20   HIGHEST WIND DIRECTION    SW (240)
  HIGHEST GUST SPEED    27   HIGHEST GUST DIRECTION    SW (220)
  AVERAGE WIND SPEED     8.3


SKY COVER
  POSSIBLE SUNSHINE  MM
  AVERAGE SKY COVER 0.4


WEATHER CONDITIONS
 THE FOLLOWING WEATHER WAS RECORDED YESTERDAY.
  HEAVY RAIN
  RAIN
  LIGHT RAIN
  FOG


RELATIVE HUMIDITY (PERCENT)
 HIGHEST   100           200 AM
 LOWEST     93           700 AM
 AVERAGE    97

..........................................................


THE TOLEDO OH CLIMATE NORMALS FOR TODAY
                         NORMAL    RECORD    YEAR
 MAXIMUM TEMPERATURE (F)   82        96      1988
 MINIMUM TEMPERATURE (F)   61        44      1976


SUNRISE AND SUNSET
AUGUST 17 2016........SUNRISE   646 AM EDT   SUNSET   831 PM EDT
AUGUST 18 2016........SUNRISE   647 AM EDT   SUNSET   830 PM EDT


-  INDICATES NEGATIVE NUMBERS.
R  INDICATES RECORD WAS SET OR TIED.
MM INDICATES DATA IS MISSING.
T  INDICATES TRACE AMOUNT.




$$
