000
CDUS41 KCLE 192121
CLITOL


CLIMATE REPORT
NATIONAL WEATHER SERVICE CLEVELAND OH
519 PM EDT THU MAY 19 2016


...................................

...THE TOLEDO OH CLIMATE SUMMARY FOR MAY 19 2016...
VALID TODAY AS OF 0500 PM LOCAL TIME.

CLIMATE NORMAL PERIOD 1981 TO 2010
CLIMATE RECORD PERIOD 1873 TO 2016


WEATHER ITEM   OBSERVED TIME   RECORD YEAR NORMAL DEPARTURE LAST
                VALUE   (LST)  VALUE       VALUE  FROM      YEAR
                                                  NORMAL
..................................................................
TEMPERATURE (F)
 TODAY
  MAXIMUM         73    251 PM  92    1996  72      1       64
                                      1964
  MINIMUM         40    534 AM  34    1894  49     -9       42
  AVERAGE         57                        61     -4       53

PRECIPITATION (IN)
  TODAY            0.00                      0.12  -0.12     0.00
  MONTH TO DATE    1.41                      2.12  -0.71     1.52
  SINCE MAR 1     10.51                      7.79   2.72     5.55
  SINCE JAN 1     13.73                     11.91   1.82     9.17

SNOWFALL (IN)
  TODAY            0.0                       0.0    0.0      0.0
  MONTH TO DATE    0.0                       0.1   -0.1      0.0
  SINCE MAR 1     11.4                       7.1    4.3      5.4
  SINCE JUL 1     26.4                      37.6  -11.2     45.7
  SNOW DEPTH       0

DEGREE DAYS
 HEATING
  TODAY            8                         6      2       12
  MONTH TO DATE  200                       154     46       78
  SINCE MAR 1   1422                      1480    -58     1551
  SINCE JUL 1   5320                      6056   -736     6807

 COOLING
  TODAY            0                         2     -2        0
  MONTH TO DATE    2                        17    -15       54
  SINCE MAR 1      2                        25    -23       54
  SINCE JAN 1      2                        25    -23       54
..................................................................


WIND (MPH)
  HIGHEST WIND SPEED    13   HIGHEST WIND DIRECTION    NW (330)
  HIGHEST GUST SPEED    16   HIGHEST GUST DIRECTION     N (350)


SKY COVER
  POSSIBLE SUNSHINE  MM
  AVERAGE SKY COVER 0.2


WEATHER CONDITIONS
 THE FOLLOWING WEATHER WAS RECORDED TODAY.
  NO SIGNIFICANT WEATHER WAS OBSERVED.


RELATIVE HUMIDITY (PERCENT)
 HIGHEST    86           300 AM
 LOWEST     26           200 PM
 AVERAGE    56

..........................................................


THE TOLEDO OH CLIMATE NORMALS FOR TOMORROW
                         NORMAL    RECORD    YEAR
 MAXIMUM TEMPERATURE (F)   72        92      1962
 MINIMUM TEMPERATURE (F)   50        33      1981


SUNRISE AND SUNSET
MAY 19 2016...........SUNRISE   612 AM EDT   SUNSET   852 PM EDT
MAY 20 2016...........SUNRISE   611 AM EDT   SUNSET   853 PM EDT


-  INDICATES NEGATIVE NUMBERS.
R  INDICATES RECORD WAS SET OR TIED.
MM INDICATES DATA IS MISSING.
T  INDICATES TRACE AMOUNT.




$$
