000
CDUS41 KCLE 102116
CLITOL


CLIMATE REPORT
NATIONAL WEATHER SERVICE CLEVELAND OH
514 PM EDT THU APR 10 2014


...................................

...THE TOLEDO OH CLIMATE SUMMARY FOR APRIL 10 2014...
VALID TODAY AS OF 0500 PM LOCAL TIME.

CLIMATE NORMAL PERIOD 1981 TO 2010
CLIMATE RECORD PERIOD 1873 TO 2014


WEATHER ITEM   OBSERVED TIME   RECORD YEAR NORMAL DEPARTURE LAST
                VALUE   (LST)  VALUE       VALUE  FROM      YEAR
                                                  NORMAL
..................................................................
TEMPERATURE (F)
 TODAY
  MAXIMUM         72    135 PM  84    2011  58     14       49
  MINIMUM         46    627 AM  18    1989  37      9       41
  AVERAGE         59                        47     12       45

PRECIPITATION (IN)
  TODAY            0.00                      0.11  -0.11     0.74
  MONTH TO DATE    1.82                      1.04   0.78     0.77
  SINCE MAR 1      3.21                      3.52  -0.31     1.50
  SINCE JAN 1     10.39                      7.64   2.75     7.94

SNOWFALL (IN)
  TODAY            0.0                       0.0    0.0      0.0
  MONTH TO DATE    T                         0.7   -0.7       T
  SINCE MAR 1     11.8                       6.4    5.4      1.4
  SINCE JUL 1     85.3                      36.9   48.4     22.1
  SNOW DEPTH       0

DEGREE DAYS
 HEATING
  TODAY            6                        18    -12       20
  MONTH TO DATE  197                       195      2      215
  SINCE MAR 1   1315                      1045    270     1186
  SINCE JUL 1   6641                      5621   1020     5642

 COOLING
  TODAY            0                         0      0        0
  MONTH TO DATE    0                         0      0        0
  SINCE MAR 1      0                         0      0        0
  SINCE JAN 1      0                         0      0        0
..................................................................


WIND (MPH)
  HIGHEST WIND SPEED    36   HIGHEST WIND DIRECTION    SW (240)
  HIGHEST GUST SPEED    45   HIGHEST GUST DIRECTION    SW (230)


SKY COVER
  POSSIBLE SUNSHINE  MM
  AVERAGE SKY COVER 0.1


WEATHER CONDITIONS
 THE FOLLOWING WEATHER WAS RECORDED TODAY.
  NO SIGNIFICANT WEATHER WAS OBSERVED.


RELATIVE HUMIDITY (PERCENT)
 HIGHEST    65           200 AM
 LOWEST     33           200 PM
 AVERAGE    49

..........................................................


THE TOLEDO OH CLIMATE NORMALS FOR TOMORROW
                         NORMAL    RECORD    YEAR
 MAXIMUM TEMPERATURE (F)   58        87      1930
 MINIMUM TEMPERATURE (F)   37        19      1975


SUNRISE AND SUNSET
APRIL 10 2014.........SUNRISE   703 AM EDT   SUNSET   810 PM EDT
APRIL 11 2014.........SUNRISE   702 AM EDT   SUNSET   811 PM EDT


-  INDICATES NEGATIVE NUMBERS.
R  INDICATES RECORD WAS SET OR TIED.
MM INDICATES DATA IS MISSING.
T  INDICATES TRACE AMOUNT.




$$
