000
CDUS41 KCLE 172212
CLITOL


CLIMATE REPORT
NATIONAL WEATHER SERVICE CLEVELAND OH
511 PM EST FRI FEB 17 2017


...................................

...THE TOLEDO OH CLIMATE SUMMARY FOR FEBRUARY 17 2017...
VALID TODAY AS OF 0500 PM LOCAL TIME.

CLIMATE NORMAL PERIOD 1981 TO 2010
CLIMATE RECORD PERIOD 1873 TO 2017


WEATHER ITEM   OBSERVED TIME   RECORD YEAR NORMAL DEPARTURE LAST
                VALUE   (LST)  VALUE       VALUE  FROM      YEAR
                                                  NORMAL
..................................................................
TEMPERATURE (F)
 TODAY
  MAXIMUM         57    459 PM  62    1911  36     21       37
  MINIMUM         27    738 AM -12    1973  21      6       21
  AVERAGE         42                        29     13       29

PRECIPITATION (IN)
  TODAY            0.00                      0.08  -0.08     0.01
  MONTH TO DATE    1.18                      1.21  -0.03     0.51
  SINCE DEC 1      7.81                      5.94   1.87     4.96
  SINCE JAN 1      5.33                      3.26   2.07     1.98

SNOWFALL (IN)
  TODAY            0.0                       0.3   -0.3      0.2
  MONTH TO DATE    1.0                       6.0   -5.0      2.4
  SINCE DEC 1     17.0                      25.0   -8.0      8.3
  SINCE JUL 1     17.0                      27.1  -10.1     11.8
  SNOW DEPTH       0

DEGREE DAYS
 HEATING
  TODAY           23                        36    -13       36
  MONTH TO DATE  536                       646   -110      643
  SINCE DEC 1   2726                      2962   -236     2565
  SINCE JUL 1   3650                      4195   -545     3575

 COOLING
  TODAY            0                         0      0        0
  MONTH TO DATE    0                         0      0        0
  SINCE DEC 1      0                         0      0        0
  SINCE JAN 1      0                         0      0        0
..................................................................


WIND (MPH)
  HIGHEST WIND SPEED    10   HIGHEST WIND DIRECTION    SW (230)
  HIGHEST GUST SPEED    13   HIGHEST GUST DIRECTION    SW (240)


SKY COVER
  POSSIBLE SUNSHINE  MM
  AVERAGE SKY COVER 0.2


WEATHER CONDITIONS
 THE FOLLOWING WEATHER WAS RECORDED TODAY.
  NO SIGNIFICANT WEATHER WAS OBSERVED.


RELATIVE HUMIDITY (PERCENT)
 HIGHEST    78           700 AM
 LOWEST     46           300 PM
 AVERAGE    62

..........................................................


THE TOLEDO OH CLIMATE NORMALS FOR TOMORROW
                         NORMAL    RECORD    YEAR
 MAXIMUM TEMPERATURE (F)   37        59      1961
 MINIMUM TEMPERATURE (F)   21        -9      1936


SUNRISE AND SUNSET
FEBRUARY 17 2017......SUNRISE   727 AM EST   SUNSET   612 PM EST
FEBRUARY 18 2017......SUNRISE   726 AM EST   SUNSET   613 PM EST


-  INDICATES NEGATIVE NUMBERS.
R  INDICATES RECORD WAS SET OR TIED.
MM INDICATES DATA IS MISSING.
T  INDICATES TRACE AMOUNT.




$$
