000
CDUS41 KCLE 220545
CLITOL


CLIMATE REPORT
NATIONAL WEATHER SERVICE CLEVELAND OH
145 AM EDT FRI APR 22 2016


...................................

...THE TOLEDO OH CLIMATE SUMMARY FOR APRIL 21 2016...

CLIMATE NORMAL PERIOD 1981 TO 2010
CLIMATE RECORD PERIOD 1873 TO 2016


WEATHER ITEM   OBSERVED TIME   RECORD YEAR NORMAL DEPARTURE LAST
                VALUE   (LST)  VALUE       VALUE  FROM      YEAR
                                                  NORMAL
..................................................................
TEMPERATURE (F)
 YESTERDAY
  MAXIMUM         63    604 PM  87    1987  62      1       55
  MINIMUM         49    606 AM  22    1875  41      8       40
  AVERAGE         56                        52      4       48

PRECIPITATION (IN)
  YESTERDAY        0.26                      0.12   0.14      T
  MONTH TO DATE    2.06                      2.25  -0.19     2.44
  SINCE MAR 1      7.16                      4.73   2.43     3.78
  SINCE JAN 1     10.38                      8.85   1.53     7.40

SNOWFALL (IN)
  YESTERDAY       MM                         0.0   MM        0.0
  MONTH TO DATE    8.7                       1.2    7.5      0.0
  SINCE MAR 1     11.4                       6.9    4.5      5.4
  SINCE JUL 1     26.4                      37.4  -11.0     45.7
  SNOW DEPTH       0

DEGREE DAYS
 HEATING
  YESTERDAY        9                        14     -5       17
  MONTH TO DATE  428                       367     61      298
  SINCE MAR 1   1102                      1217   -115     1288
  SINCE JUL 1   5000                      5793   -793     6544

 COOLING
  YESTERDAY        0                         0      0        0
  MONTH TO DATE    0                         0      0        0
  SINCE MAR 1      0                         0      0        0
  SINCE JAN 1      0                         0      0        0
..................................................................


WIND (MPH)
  HIGHEST WIND SPEED    18   HIGHEST WIND DIRECTION     W (260)
  HIGHEST GUST SPEED    24   HIGHEST GUST DIRECTION    SW (220)
  AVERAGE WIND SPEED     7.7


SKY COVER
  POSSIBLE SUNSHINE  MM
  AVERAGE SKY COVER 0.8


WEATHER CONDITIONS
 THE FOLLOWING WEATHER WAS RECORDED YESTERDAY.
  RAIN
  LIGHT RAIN
  FOG


RELATIVE HUMIDITY (PERCENT)
 HIGHEST   100          1100 AM
 LOWEST     50          1200 AM
 AVERAGE    75

..........................................................


THE TOLEDO OH CLIMATE NORMALS FOR TODAY
                         NORMAL    RECORD    YEAR
 MAXIMUM TEMPERATURE (F)   63        87      1985
 MINIMUM TEMPERATURE (F)   41        22      1875


SUNRISE AND SUNSET
APRIL 22 2016.........SUNRISE   644 AM EDT   SUNSET   824 PM EDT
APRIL 23 2016.........SUNRISE   642 AM EDT   SUNSET   825 PM EDT


-  INDICATES NEGATIVE NUMBERS.
R  INDICATES RECORD WAS SET OR TIED.
MM INDICATES DATA IS MISSING.
T  INDICATES TRACE AMOUNT.




$$
