000
CDUS41 KCLE 190545
CLITOL


CLIMATE REPORT
NATIONAL WEATHER SERVICE CLEVELAND OH
145 AM EDT TUE SEP 19 2017


...................................

...THE TOLEDO OH CLIMATE SUMMARY FOR SEPTEMBER 18 2017...

CLIMATE NORMAL PERIOD 1981 TO 2010
CLIMATE RECORD PERIOD 1873 TO 2017


WEATHER ITEM   OBSERVED TIME   RECORD YEAR NORMAL DEPARTURE LAST
                VALUE   (LST)  VALUE       VALUE  FROM      YEAR
                                                  NORMAL
..................................................................
TEMPERATURE (F)
 YESTERDAY
  MAXIMUM         75    341 PM  93    1955  75      0       81
  MINIMUM         65   1159 PM  35    1959  52     13       62
  AVERAGE         70                        63      7       72

PRECIPITATION (IN)
  YESTERDAY        0.19                      0.09   0.10     0.00
  MONTH TO DATE    0.99                      1.69  -0.70     2.19
  SINCE SEP 1      0.99                      1.69  -0.70     2.19
  SINCE JAN 1     27.79                     25.01   2.78    25.50

SNOWFALL (IN)
  YESTERDAY        0.0                       0.0    0.0      0.0
  MONTH TO DATE    0.0                       0.0    0.0      0.0
  SINCE SEP 1      0.0                       0.0    0.0      0.0
  SINCE JUL 1      0.0                       0.0    0.0      0.0
  SNOW DEPTH       0

DEGREE DAYS
 HEATING
  YESTERDAY        0                         4     -4        0
  MONTH TO DATE   61                        38     23        3
  SINCE SEP 1     61                        38     23        3
  SINCE JUL 1     75                        52     23        4

 COOLING
  YESTERDAY        5                         2      3        7
  MONTH TO DATE   26                        65    -39       84
  SINCE SEP 1     26                        65    -39       84
  SINCE JAN 1    619                       767   -148      973
..................................................................


WIND (MPH)
  HIGHEST WIND SPEED    12   HIGHEST WIND DIRECTION     E (80)
  HIGHEST GUST SPEED    15   HIGHEST GUST DIRECTION     E (70)
  AVERAGE WIND SPEED     3.8


SKY COVER
  POSSIBLE SUNSHINE  MM
  AVERAGE SKY COVER 1.0


WEATHER CONDITIONS
 THE FOLLOWING WEATHER WAS RECORDED YESTERDAY.
  HEAVY RAIN
  LIGHT RAIN
  FOG
  HAZE


RELATIVE HUMIDITY (PERCENT)
 HIGHEST   100          1200 AM
 LOWEST     87          1200 PM
 AVERAGE    94

..........................................................


THE TOLEDO OH CLIMATE NORMALS FOR TODAY
                         NORMAL    RECORD    YEAR
 MAXIMUM TEMPERATURE (F)   74        93      1955
                                             1895
 MINIMUM TEMPERATURE (F)   51        35      1973


SUNRISE AND SUNSET
SEPTEMBER 19 2017.....SUNRISE   720 AM EDT   SUNSET   737 PM EDT
SEPTEMBER 20 2017.....SUNRISE   721 AM EDT   SUNSET   735 PM EDT


-  INDICATES NEGATIVE NUMBERS.
R  INDICATES RECORD WAS SET OR TIED.
MM INDICATES DATA IS MISSING.
T  INDICATES TRACE AMOUNT.




$$
