790
CDUS41 KCLE 220527
CLITOL


CLIMATE REPORT
NATIONAL WEATHER SERVICE CLEVELAND OH
1226 AM EST WED NOV 22 2017


...................................

...THE TOLEDO OH CLIMATE SUMMARY FOR NOVEMBER 21 2017...

CLIMATE NORMAL PERIOD 1981 TO 2010
CLIMATE RECORD PERIOD 1873 TO 2017


WEATHER ITEM   OBSERVED TIME   RECORD YEAR NORMAL DEPARTURE LAST
                VALUE   (LST)  VALUE       VALUE  FROM      YEAR
                                                  NORMAL
..................................................................
TEMPERATURE (F)
 YESTERDAY
  MAXIMUM         52    124 PM  69    1934  47      5       38
  MINIMUM         37   1159 PM   9    1880  31      6       24
  AVERAGE         45                        39      6       31

PRECIPITATION (IN)
  YESTERDAY        0.07                      0.10  -0.03     0.00
  MONTH TO DATE    5.09                      1.97   3.12     0.65
  SINCE SEP 1     11.01                      7.35   3.66     7.39
  SINCE JAN 1     37.81                     30.67   7.14    30.70

SNOWFALL (IN)
  YESTERDAY        0.0                       0.0    0.0      0.0
  MONTH TO DATE    T                         0.9   -0.9       T
  SINCE SEP 1      T                         1.1   -1.1       T
  SINCE JUL 1      T                         1.1   -1.1       T
  SNOW DEPTH       0

DEGREE DAYS
 HEATING
  YESTERDAY       20                        26     -6       34
  MONTH TO DATE  487                       455     32      357
  SINCE SEP 1    826                       967   -141      700
  SINCE JUL 1    840                       981   -141      701

 COOLING
  YESTERDAY        0                         0      0        0
  MONTH TO DATE    0                         0      0        4
  SINCE SEP 1    151                        91     60      148
  SINCE JAN 1    744                       793    -49     1037
..................................................................


WIND (MPH)
  HIGHEST WIND SPEED    31   HIGHEST WIND DIRECTION     W (250)
  HIGHEST GUST SPEED    37   HIGHEST GUST DIRECTION    SW (230)
  AVERAGE WIND SPEED    15.5


SKY COVER
  POSSIBLE SUNSHINE  MM
  AVERAGE SKY COVER 0.3


WEATHER CONDITIONS
 THE FOLLOWING WEATHER WAS RECORDED YESTERDAY.
  LIGHT RAIN


RELATIVE HUMIDITY (PERCENT)
 HIGHEST    93           700 PM
 LOWEST     50          1200 PM
 AVERAGE    72

..........................................................


THE TOLEDO OH CLIMATE NORMALS FOR TODAY
                         NORMAL    RECORD    YEAR
 MAXIMUM TEMPERATURE (F)   46        72      1913
 MINIMUM TEMPERATURE (F)   31         5      1880


SUNRISE AND SUNSET
NOVEMBER 22 2017......SUNRISE   733 AM EST   SUNSET   510 PM EST
NOVEMBER 23 2017......SUNRISE   734 AM EST   SUNSET   509 PM EST


-  INDICATES NEGATIVE NUMBERS.
R  INDICATES RECORD WAS SET OR TIED.
MM INDICATES DATA IS MISSING.
T  INDICATES TRACE AMOUNT.




$$
