000
CDUS41 KCLE 290538
CLITOL


CLIMATE REPORT
NATIONAL WEATHER SERVICE CLEVELAND OH
128 AM EDT WED MAR 29 2017


...................................

...THE TOLEDO OH CLIMATE SUMMARY FOR MARCH 28 2017...

CLIMATE NORMAL PERIOD 1981 TO 2010
CLIMATE RECORD PERIOD 1873 TO 2017


WEATHER ITEM   OBSERVED TIME   RECORD YEAR NORMAL DEPARTURE LAST
                VALUE   (LST)  VALUE       VALUE  FROM      YEAR
                                                  NORMAL
..................................................................
TEMPERATURE (F)
 YESTERDAY
  MAXIMUM         53   1205 AM  81    1910  52      1       50
  MINIMUM         36   1151 PM  11    1934  32      4       40
  AVERAGE         45                        42      3       45

PRECIPITATION (IN)
  YESTERDAY        0.00                      0.09  -0.09     0.03
  MONTH TO DATE    1.83                      2.20  -0.37     4.09
  SINCE MAR 1      1.83                      2.20  -0.37     4.09
  SINCE JAN 1      7.60                      6.32   1.28     7.31

SNOWFALL (IN)
  YESTERDAY        0.0                       0.1   -0.1      0.0
  MONTH TO DATE    4.7                       5.4   -0.7      2.7
  SINCE MAR 1      4.7                       5.4   -0.7      2.7
  SINCE JUL 1     21.7                      35.9  -14.2     17.7
  SNOW DEPTH       0

DEGREE DAYS
 HEATING
  YESTERDAY       20                        23     -3       20
  MONTH TO DATE  801                       784     17      628
  SINCE MAR 1    801                       784     17      628
  SINCE JUL 1   4646                      5360   -714     4526

 COOLING
  YESTERDAY        0                         0      0        0
  MONTH TO DATE    0                         0      0        0
  SINCE MAR 1      0                         0      0        0
  SINCE JAN 1      0                         0      0        0
..................................................................


WIND (MPH)
  HIGHEST WIND SPEED    14   HIGHEST WIND DIRECTION     N (20)
  HIGHEST GUST SPEED    17   HIGHEST GUST DIRECTION    NE (30)
  AVERAGE WIND SPEED     8.3


SKY COVER
  POSSIBLE SUNSHINE  MM
  AVERAGE SKY COVER 0.9


WEATHER CONDITIONS
 THE FOLLOWING WEATHER WAS RECORDED YESTERDAY.
  FOG


RELATIVE HUMIDITY (PERCENT)
 HIGHEST    93           500 AM
 LOWEST     71           300 PM
 AVERAGE    82

..........................................................


THE TOLEDO OH CLIMATE NORMALS FOR TODAY
                         NORMAL    RECORD    YEAR
 MAXIMUM TEMPERATURE (F)   53        80      1963
                                             1910
 MINIMUM TEMPERATURE (F)   33         8      1887


SUNRISE AND SUNSET
MARCH 29 2017.........SUNRISE   723 AM EDT   SUNSET   758 PM EDT
MARCH 30 2017.........SUNRISE   721 AM EDT   SUNSET   759 PM EDT


-  INDICATES NEGATIVE NUMBERS.
R  INDICATES RECORD WAS SET OR TIED.
MM INDICATES DATA IS MISSING.
T  INDICATES TRACE AMOUNT.




$$
