048
CDUS41 KCLE 310547
CLITOL


CLIMATE REPORT
NATIONAL WEATHER SERVICE CLEVELAND OH
146 AM EDT SUN JUL 31 2016


...................................

...THE TOLEDO OH CLIMATE SUMMARY FOR JULY 30 2016...

CLIMATE NORMAL PERIOD 1981 TO 2010
CLIMATE RECORD PERIOD 1873 TO 2016


WEATHER ITEM   OBSERVED TIME   RECORD YEAR NORMAL DEPARTURE LAST
                VALUE   (LST)  VALUE       VALUE  FROM      YEAR
                                                  NORMAL
..................................................................
TEMPERATURE (F)
 YESTERDAY
  MAXIMUM         80    459 PM 100    1916  84     -4       84
  MINIMUM         65    616 AM  47    1965  62      3       62
  AVERAGE         73                        73      0       73

PRECIPITATION (IN)
  YESTERDAY        0.15                      0.11   0.04     0.00
  MONTH TO DATE    3.04                      3.12  -0.08     6.16
  SINCE JUN 1      4.66                      6.69  -2.03    13.38
  SINCE JAN 1     18.42                     20.06  -1.64    25.28

SNOWFALL (IN)
  YESTERDAY        0.0                       0.0    0.0      0.0
  MONTH TO DATE    0.0                       0.0    0.0      0.0
  SINCE JUN 1      0.0                       0.0    0.0      0.0
  SINCE JUL 1      0.0                       0.0    0.0      0.0
  SNOW DEPTH       0

DEGREE DAYS
 HEATING
  YESTERDAY        0                         0      0        0
  MONTH TO DATE    1                         0      1        2
  SINCE JUN 1     14                        35    -21       37
  SINCE JUL 1      1                         0      1        2

 COOLING
  YESTERDAY        8                         8      0        8
  MONTH TO DATE  299                       259     40      175
  SINCE JUN 1    489                       429     60      308
  SINCE JAN 1    558                       482     76      401
..................................................................


WIND (MPH)
  HIGHEST WIND SPEED    15   HIGHEST WIND DIRECTION    NW (330)
  HIGHEST GUST SPEED    20   HIGHEST GUST DIRECTION    NE (40)
  AVERAGE WIND SPEED     6.6


SKY COVER
  POSSIBLE SUNSHINE  MM
  AVERAGE SKY COVER 0.7


WEATHER CONDITIONS
 THE FOLLOWING WEATHER WAS RECORDED YESTERDAY.
  HEAVY RAIN
  LIGHT RAIN
  FOG


RELATIVE HUMIDITY (PERCENT)
 HIGHEST   100          1100 PM
 LOWEST     74          1100 AM
 AVERAGE    87

..........................................................


THE TOLEDO OH CLIMATE NORMALS FOR TODAY
                         NORMAL    RECORD    YEAR
 MAXIMUM TEMPERATURE (F)   84        97      1995
                                             1917
 MINIMUM TEMPERATURE (F)   62        48      2014
                                             1918


SUNRISE AND SUNSET
JULY 31 2016..........SUNRISE   629 AM EDT   SUNSET   853 PM EDT
AUGUST  1 2016........SUNRISE   630 AM EDT   SUNSET   852 PM EDT


-  INDICATES NEGATIVE NUMBERS.
R  INDICATES RECORD WAS SET OR TIED.
MM INDICATES DATA IS MISSING.
T  INDICATES TRACE AMOUNT.




$$
