000
CDUS41 KCLE 280528
CLITOL


CLIMATE REPORT
NATIONAL WEATHER SERVICE CLEVELAND OH
127 AM EDT FRI AUG 28 2015


...................................

...THE TOLEDO OH CLIMATE SUMMARY FOR AUGUST 27 2015...

CLIMATE NORMAL PERIOD 1981 TO 2010
CLIMATE RECORD PERIOD 1873 TO 2015


WEATHER ITEM   OBSERVED TIME   RECORD YEAR NORMAL DEPARTURE LAST
                VALUE   (LST)  VALUE       VALUE  FROM      YEAR
                                                  NORMAL
..................................................................
TEMPERATURE (F)
 YESTERDAY
  MAXIMUM         73   1245 PM  99    1993  81     -8       83
                                      1948
  MINIMUM         54   1159 PM  48    1969  60     -6       63
  AVERAGE         64                        70     -6       73

PRECIPITATION (IN)
  YESTERDAY        0.00                      0.10  -0.10     0.00
  MONTH TO DATE    2.82                      2.76   0.06     2.53
  SINCE JUN 1     16.20                      9.56   6.64     7.34
  SINCE JAN 1     28.10                     22.93   5.17    21.19

SNOWFALL (IN)
  YESTERDAY        0.0                       0.0    0.0      0.0
  MONTH TO DATE    0.0                       0.0    0.0      0.0
  SINCE JUN 1      0.0                       0.0    0.0      0.0
  SINCE JUL 1      0.0                       0.0    0.0      0.0
  SNOW DEPTH       0

DEGREE DAYS
 HEATING
  YESTERDAY        1                         1      0        0
  MONTH TO DATE    9                         3      6        5
  SINCE JUN 1     46                        41      5       30
  SINCE JUL 1     11                         6      5       14

 COOLING
  YESTERDAY        0                         6     -6        8
  MONTH TO DATE  145                       193    -48      174
  SINCE JUN 1    463                       628   -165      502
  SINCE JAN 1    556                       681   -125      564
..................................................................


WIND (MPH)
  HIGHEST WIND SPEED    10   HIGHEST WIND DIRECTION    NW (330)
  HIGHEST GUST SPEED    13   HIGHEST GUST DIRECTION     N (350)
  AVERAGE WIND SPEED     4.4


SKY COVER
  POSSIBLE SUNSHINE  MM
  AVERAGE SKY COVER 0.6


WEATHER CONDITIONS
 THE FOLLOWING WEATHER WAS RECORDED YESTERDAY.
  NO SIGNIFICANT WEATHER WAS OBSERVED.


RELATIVE HUMIDITY (PERCENT)
 HIGHEST   100          1000 PM
 LOWEST     57          1200 PM
 AVERAGE    79

..........................................................


THE TOLEDO OH CLIMATE NORMALS FOR TODAY
                         NORMAL    RECORD    YEAR
 MAXIMUM TEMPERATURE (F)   81        96      1973
 MINIMUM TEMPERATURE (F)   59        41      1982


SUNRISE AND SUNSET
AUGUST 28 2015........SUNRISE   657 AM EDT   SUNSET   815 PM EDT
AUGUST 29 2015........SUNRISE   658 AM EDT   SUNSET   814 PM EDT


-  INDICATES NEGATIVE NUMBERS.
R  INDICATES RECORD WAS SET OR TIED.
MM INDICATES DATA IS MISSING.
T  INDICATES TRACE AMOUNT.




$$
