000
CDUS41 KCLE 220527
CLITOL


CLIMATE REPORT
NATIONAL WEATHER SERVICE CLEVELAND OH
126 AM EDT SUN MAY 22 2016


...................................

...THE TOLEDO OH CLIMATE SUMMARY FOR MAY 21 2016...

CLIMATE NORMAL PERIOD 1981 TO 2010
CLIMATE RECORD PERIOD 1873 TO 2016


WEATHER ITEM   OBSERVED TIME   RECORD YEAR NORMAL DEPARTURE LAST
                VALUE   (LST)  VALUE       VALUE  FROM      YEAR
                                                  NORMAL
..................................................................
TEMPERATURE (F)
 YESTERDAY
  MAXIMUM         71    546 PM  93    1941  73     -2       63
  MINIMUM         50   1159 PM  32    1967  50      0       46
                                      1964
                                      1883
  AVERAGE         61                        61      0       55

PRECIPITATION (IN)
  YESTERDAY        0.02                      0.12  -0.10      T
  MONTH TO DATE    1.43                      2.36  -0.93     1.54
  SINCE MAR 1     10.53                      8.03   2.50     5.57
  SINCE JAN 1     13.75                     12.15   1.60     9.19

SNOWFALL (IN)
  YESTERDAY        0.0                       0.0    0.0      0.0
  MONTH TO DATE    0.0                       0.1   -0.1      0.0
  SINCE MAR 1     11.4                       7.1    4.3      5.4
  SINCE JUL 1     26.4                      37.6  -11.2     45.7
  SNOW DEPTH       0

DEGREE DAYS
 HEATING
  YESTERDAY        4                         5     -1       10
  MONTH TO DATE  214                       165     49      107
  SINCE MAR 1   1436                      1491    -55     1580
  SINCE JUL 1   5334                      6067   -733     6836

 COOLING
  YESTERDAY        0                         2     -2        0
  MONTH TO DATE    2                        21    -19       54
  SINCE MAR 1      2                        29    -27       54
  SINCE JAN 1      2                        29    -27       54
..................................................................


WIND (MPH)
  HIGHEST WIND SPEED    16   HIGHEST WIND DIRECTION     N (10)
  HIGHEST GUST SPEED    21   HIGHEST GUST DIRECTION     N (10)
  AVERAGE WIND SPEED     5.8


SKY COVER
  POSSIBLE SUNSHINE  MM
  AVERAGE SKY COVER 0.7


WEATHER CONDITIONS
 THE FOLLOWING WEATHER WAS RECORDED YESTERDAY.
  LIGHT RAIN


RELATIVE HUMIDITY (PERCENT)
 HIGHEST    89           400 AM
 LOWEST     33           700 PM
 AVERAGE    61

..........................................................


THE TOLEDO OH CLIMATE NORMALS FOR TODAY
                         NORMAL    RECORD    YEAR
 MAXIMUM TEMPERATURE (F)   73        91      1964
 MINIMUM TEMPERATURE (F)   50        33      2002
                                             1883


SUNRISE AND SUNSET
MAY 22 2016...........SUNRISE   609 AM EDT   SUNSET   855 PM EDT
MAY 23 2016...........SUNRISE   609 AM EDT   SUNSET   856 PM EDT


-  INDICATES NEGATIVE NUMBERS.
R  INDICATES RECORD WAS SET OR TIED.
MM INDICATES DATA IS MISSING.
T  INDICATES TRACE AMOUNT.




$$
