189
CDUS41 KCLE 200545
CLITOL


CLIMATE REPORT
NATIONAL WEATHER SERVICE CLEVELAND OH
145 AM EDT TUE JUN 20 2017


...................................

...THE TOLEDO OH CLIMATE SUMMARY FOR JUNE 19 2017...

CLIMATE NORMAL PERIOD 1981 TO 2010
CLIMATE RECORD PERIOD 1873 TO 2017


WEATHER ITEM   OBSERVED TIME   RECORD YEAR NORMAL DEPARTURE LAST
                VALUE   (LST)  VALUE       VALUE  FROM      YEAR
                                                  NORMAL
..................................................................
TEMPERATURE (F)
 YESTERDAY
  MAXIMUM         80    127 PM  98    1995  82     -2       91
  MINIMUM         58   1159 PM  44    1970  60     -2       59
  AVERAGE         69                        71     -2       75

PRECIPITATION (IN)
  YESTERDAY        0.22                      0.12   0.10     0.00
  MONTH TO DATE    0.69                      2.34  -1.65     0.69
  SINCE JUN 1      0.69                      2.34  -1.65     0.69
  SINCE JAN 1     18.55                     15.71   2.84    14.45

SNOWFALL (IN)
  YESTERDAY        0.0                       0.0    0.0      0.0
  MONTH TO DATE    0.0                       0.0    0.0      0.0
  SINCE JUN 1      0.0                       0.0    0.0      0.0
  SINCE JUL 1     22.4                      37.6  -15.2     26.4
  SNOW DEPTH       0

DEGREE DAYS
 HEATING
  YESTERDAY        0                         1     -1        0
  MONTH TO DATE   12                        32    -20       13
  SINCE JUN 1     12                        32    -20       13
  SINCE JUL 1   5306                      6142   -836     5357

 COOLING
  YESTERDAY        4                         6     -2       10
  MONTH TO DATE  135                        87     48      115
  SINCE JUN 1    135                        87     48      115
  SINCE JAN 1    180                       140     40      184
..................................................................


WIND (MPH)
  HIGHEST WIND SPEED    28   HIGHEST WIND DIRECTION     W (250)
  HIGHEST GUST SPEED    35   HIGHEST GUST DIRECTION    NW (300)
  AVERAGE WIND SPEED    10.1


SKY COVER
  POSSIBLE SUNSHINE  MM
  AVERAGE SKY COVER 0.4


WEATHER CONDITIONS
 THE FOLLOWING WEATHER WAS RECORDED YESTERDAY.
  THUNDERSTORM
  RAIN
  LIGHT RAIN
  FOG


RELATIVE HUMIDITY (PERCENT)
 HIGHEST    93          1100 PM
 LOWEST     46          1200 PM
 AVERAGE    70

..........................................................


THE TOLEDO OH CLIMATE NORMALS FOR TODAY
                         NORMAL    RECORD    YEAR
 MAXIMUM TEMPERATURE (F)   82        98      1953
 MINIMUM TEMPERATURE (F)   60        39      1970


SUNRISE AND SUNSET
JUNE 20 2017..........SUNRISE   601 AM EDT   SUNSET   913 PM EDT
JUNE 21 2017..........SUNRISE   601 AM EDT   SUNSET   913 PM EDT


-  INDICATES NEGATIVE NUMBERS.
R  INDICATES RECORD WAS SET OR TIED.
MM INDICATES DATA IS MISSING.
T  INDICATES TRACE AMOUNT.




$$
