000
CDUS41 KCLE 221119
CLITOL


CLIMATE REPORT
NATIONAL WEATHER SERVICE CLEVELAND OH
719 AM EDT SUN MAR 22 2015


...................................

...THE TOLEDO OH CLIMATE SUMMARY FOR MARCH 21 2015...

CLIMATE NORMAL PERIOD 1981 TO 2010
CLIMATE RECORD PERIOD 1873 TO 2015


WEATHER ITEM   OBSERVED TIME   RECORD YEAR NORMAL DEPARTURE LAST
                VALUE   (LST)  VALUE       VALUE  FROM      YEAR
                                                  NORMAL
..................................................................
TEMPERATURE (F)
 YESTERDAY
  MAXIMUM         51    421 PM  85    2012  49      2       47
  MINIMUM         31   1159 PM   0    1885  30      1       22
  AVERAGE         41                        39      2       35

PRECIPITATION (IN)
  YESTERDAY        0.00                      0.08  -0.08      T
  MONTH TO DATE    0.41                      1.60  -1.19     1.22
  SINCE MAR 1      0.41                      1.60  -1.19     1.22
  SINCE JAN 1      4.03                      5.72  -1.69     8.40

SNOWFALL (IN)
  YESTERDAY        0.0                       0.1   -0.1       T
  MONTH TO DATE    4.3                       4.4   -0.1     11.3
  SINCE MAR 1      4.3                       4.4   -0.1     11.3
  SINCE JUL 1     44.6                      34.9    9.7     84.8
  SNOW DEPTH       0

DEGREE DAYS
 HEATING
  YESTERDAY       24                        26     -2       30
  MONTH TO DATE  672                       616     56      803
  SINCE MAR 1    672                       616     56      803
  SINCE JUL 1   5928                      5192    736     6129

 COOLING
  YESTERDAY        0                         0      0        0
  MONTH TO DATE    0                         0      0        0
  SINCE MAR 1      0                         0      0        0
  SINCE JAN 1      0                         0      0        0
..................................................................


WIND (MPH)
  HIGHEST WIND SPEED    20   HIGHEST WIND DIRECTION     W (250)
  HIGHEST GUST SPEED    28   HIGHEST GUST DIRECTION     W (250)
  AVERAGE WIND SPEED    11.6


SKY COVER
  POSSIBLE SUNSHINE  MM
  AVERAGE SKY COVER 0.6


WEATHER CONDITIONS
 THE FOLLOWING WEATHER WAS RECORDED YESTERDAY.
  FOG
  HAZE


RELATIVE HUMIDITY (PERCENT)
 HIGHEST    86           900 AM
 LOWEST     31           700 PM
 AVERAGE    59

..........................................................


THE TOLEDO OH CLIMATE NORMALS FOR TODAY
                         NORMAL    RECORD    YEAR
 MAXIMUM TEMPERATURE (F)   50        85      2012
 MINIMUM TEMPERATURE (F)   30         4      1888


SUNRISE AND SUNSET
MARCH 22 2015.........SUNRISE   736 AM EDT   SUNSET   749 PM EDT
MARCH 23 2015.........SUNRISE   734 AM EDT   SUNSET   750 PM EDT


-  INDICATES NEGATIVE NUMBERS.
R  INDICATES RECORD WAS SET OR TIED.
MM INDICATES DATA IS MISSING.
T  INDICATES TRACE AMOUNT.




$$
