000
CDUS41 KCLE 100527
CLITOL


CLIMATE REPORT
NATIONAL WEATHER SERVICE CLEVELAND OH
127 AM EDT THU APR 10 2014


...................................

...THE TOLEDO OH CLIMATE SUMMARY FOR APRIL 9 2014...

CLIMATE NORMAL PERIOD 1981 TO 2010
CLIMATE RECORD PERIOD 1873 TO 2014


WEATHER ITEM   OBSERVED TIME   RECORD YEAR NORMAL DEPARTURE LAST
                VALUE   (LST)  VALUE       VALUE  FROM      YEAR
                                                  NORMAL
..................................................................
TEMPERATURE (F)
 YESTERDAY
  MAXIMUM         58    448 PM  80    1967  58      0       66
  MINIMUM         36    641 AM  15    1972  37     -1       45
                                      1957
  AVERAGE         47                        47      0       56

PRECIPITATION (IN)
  YESTERDAY        0.00                      0.11  -0.11      T
  MONTH TO DATE    1.82                      0.93   0.89     0.03
  SINCE MAR 1      3.21                      3.41  -0.20     0.76
  SINCE JAN 1     10.39                      7.53   2.86     7.20

SNOWFALL (IN)
  YESTERDAY        0.0                       0.1   -0.1      0.0
  MONTH TO DATE    T                         0.7   -0.7       T
  SINCE MAR 1     11.8                       6.4    5.4      1.4
  SINCE JUL 1     85.3                      36.9   48.4     22.1
  SNOW DEPTH       0

DEGREE DAYS
 HEATING
  YESTERDAY       18                        18      0        9
  MONTH TO DATE  191                       177     14      195
  SINCE MAR 1   1309                      1027    282     1166
  SINCE JUL 1   6635                      5603   1032     5622

 COOLING
  YESTERDAY        0                         0      0        0
  MONTH TO DATE    0                         0      0        0
  SINCE MAR 1      0                         0      0        0
  SINCE JAN 1      0                         0      0        0
..................................................................


WIND (MPH)
  HIGHEST WIND SPEED    20   HIGHEST WIND DIRECTION    NW (330)
  HIGHEST GUST SPEED    25   HIGHEST GUST DIRECTION     W (260)
  AVERAGE WIND SPEED     8.5


SKY COVER
  POSSIBLE SUNSHINE  MM
  AVERAGE SKY COVER 0.1


WEATHER CONDITIONS
 THE FOLLOWING WEATHER WAS RECORDED YESTERDAY.
  NO SIGNIFICANT WEATHER WAS OBSERVED.


RELATIVE HUMIDITY (PERCENT)
 HIGHEST    76           400 AM
 LOWEST     32           100 PM
 AVERAGE    54

..........................................................


THE TOLEDO OH CLIMATE NORMALS FOR TODAY
                         NORMAL    RECORD    YEAR
 MAXIMUM TEMPERATURE (F)   58        84      2011
 MINIMUM TEMPERATURE (F)   37        18      1989


SUNRISE AND SUNSET
APRIL 10 2014.........SUNRISE   703 AM EDT   SUNSET   810 PM EDT
APRIL 11 2014.........SUNRISE   702 AM EDT   SUNSET   811 PM EDT


-  INDICATES NEGATIVE NUMBERS.
R  INDICATES RECORD WAS SET OR TIED.
MM INDICATES DATA IS MISSING.
T  INDICATES TRACE AMOUNT.




$$
