447
CDUS41 KCLE 150531
CLITOL


CLIMATE REPORT
NATIONAL WEATHER SERVICE CLEVELAND OH
1230 AM EST THU FEB 15 2018


...................................

...THE TOLEDO OH CLIMATE SUMMARY FOR FEBRUARY 14 2018...

CLIMATE NORMAL PERIOD 1981 TO 2010
CLIMATE RECORD PERIOD 1873 TO 2018


WEATHER ITEM   OBSERVED TIME   RECORD YEAR NORMAL DEPARTURE LAST
                VALUE   (LST)  VALUE       VALUE  FROM      YEAR
                                                  NORMAL
..................................................................
TEMPERATURE (F)
 YESTERDAY
  MAXIMUM         44   1159 PM  60    1918  36      8       49
  MINIMUM         23   1217 AM -14    1905  20      3       32
  AVERAGE         34                        28      6       41

PRECIPITATION (IN)
  YESTERDAY        0.00                      0.08  -0.08      T
  MONTH TO DATE    0.86                      0.99  -0.13     1.18
  SINCE DEC 1      3.11                      5.72  -2.61     7.81
  SINCE JAN 1      1.99                      3.04  -1.05     5.33

SNOWFALL (IN)
  YESTERDAY        0.0                       0.3   -0.3      0.0
  MONTH TO DATE    9.2                       5.0    4.2      1.0
  SINCE DEC 1     29.7                      24.0    5.7     17.0
  SINCE JUL 1     29.7                      26.1    3.6     17.0
  SNOW DEPTH       4

DEGREE DAYS
 HEATING
  YESTERDAY       31                        37     -6       24
  MONTH TO DATE  621                       536     85      445
  SINCE DEC 1   3044                      2852    192     2635
  SINCE JUL 1   4092                      4085      7     3559

 COOLING
  YESTERDAY        0                         0      0        0
  MONTH TO DATE    0                         0      0        0
  SINCE DEC 1      0                         0      0        0
  SINCE JAN 1      0                         0      0        0
..................................................................


WIND (MPH)
  HIGHEST WIND SPEED    17   HIGHEST WIND DIRECTION    SW (230)
  HIGHEST GUST SPEED    22   HIGHEST GUST DIRECTION    SW (230)
  AVERAGE WIND SPEED     8.3


SKY COVER
  POSSIBLE SUNSHINE  MM
  AVERAGE SKY COVER 0.5


WEATHER CONDITIONS
 THE FOLLOWING WEATHER WAS RECORDED YESTERDAY.
  FOG
  FOG W/VISIBILITY <= 1/4 MILE


RELATIVE HUMIDITY (PERCENT)
 HIGHEST   100           800 AM
 LOWEST     67           100 PM
 AVERAGE    84

..........................................................


THE TOLEDO OH CLIMATE NORMALS FOR TODAY
                         NORMAL    RECORD    YEAR
 MAXIMUM TEMPERATURE (F)   36        70      1954
 MINIMUM TEMPERATURE (F)   21        -8      2015
                                             2007


SUNRISE AND SUNSET
FEBRUARY 15 2018......SUNRISE   730 AM EST   SUNSET   609 PM EST
FEBRUARY 16 2018......SUNRISE   729 AM EST   SUNSET   610 PM EST


-  INDICATES NEGATIVE NUMBERS.
R  INDICATES RECORD WAS SET OR TIED.
MM INDICATES DATA IS MISSING.
T  INDICATES TRACE AMOUNT.




$$
