000
CDUS41 KCLE 260531
CLITOL


CLIMATE REPORT
NATIONAL WEATHER SERVICE CLEVELAND OH
130 AM EDT TUE AUG 26 2014


...................................

...THE TOLEDO OH CLIMATE SUMMARY FOR AUGUST 25 2014...

CLIMATE NORMAL PERIOD 1981 TO 2010
CLIMATE RECORD PERIOD 1873 TO 2014


WEATHER ITEM   OBSERVED TIME   RECORD YEAR NORMAL DEPARTURE LAST
                VALUE   (LST)  VALUE       VALUE  FROM      YEAR
                                                  NORMAL
..................................................................
TEMPERATURE (F)
 YESTERDAY
  MAXIMUM         88    357 PM  95    1993  82      6       88
                                      1948
  MINIMUM         67    630 AM  46    1977  60      7       54
                                      1944
  AVERAGE         78                        71      7       71

PRECIPITATION (IN)
  YESTERDAY        0.00                      0.10  -0.10     0.00
  MONTH TO DATE    2.53                      2.56  -0.03     1.55
  SINCE JUN 1      7.34                      9.36  -2.02    11.84
  SINCE JAN 1     21.19                     22.73  -1.54    26.34

SNOWFALL (IN)
  YESTERDAY        0.0                       0.0    0.0      0.0
  MONTH TO DATE    0.0                       0.0    0.0      0.0
  SINCE JUN 1      0.0                       0.0    0.0      0.0
  SINCE JUL 1      0.0                       0.0    0.0      0.0
  SNOW DEPTH       0

DEGREE DAYS
 HEATING
  YESTERDAY        0                         1     -1        0
  MONTH TO DATE    5                         1      4       16
  SINCE JUN 1     30                        39     -9       60
  SINCE JUL 1     14                         4     10       29

 COOLING
  YESTERDAY       13                         6      7        6
  MONTH TO DATE  151                       181    -30      108
  SINCE JUN 1    479                       616   -137      515
  SINCE JAN 1    541                       669   -128      609
..................................................................


WIND (MPH)
  HIGHEST WIND SPEED     8   HIGHEST WIND DIRECTION     S (180)
  HIGHEST GUST SPEED    23   HIGHEST GUST DIRECTION     E (100)
  AVERAGE WIND SPEED     2.9


SKY COVER
  POSSIBLE SUNSHINE  MM
  AVERAGE SKY COVER 0.4


WEATHER CONDITIONS
 THE FOLLOWING WEATHER WAS RECORDED YESTERDAY.
  FOG


RELATIVE HUMIDITY (PERCENT)
 HIGHEST   100           600 AM
 LOWEST     55           200 PM
 AVERAGE    78

..........................................................


THE TOLEDO OH CLIMATE NORMALS FOR TODAY
                         NORMAL    RECORD    YEAR
 MAXIMUM TEMPERATURE (F)   81        97      1993
 MINIMUM TEMPERATURE (F)   60        45      1964
                                             1945
                                             1944


SUNRISE AND SUNSET
AUGUST 26 2014........SUNRISE   655 AM EDT   SUNSET   818 PM EDT
AUGUST 27 2014........SUNRISE   656 AM EDT   SUNSET   816 PM EDT


-  INDICATES NEGATIVE NUMBERS.
R  INDICATES RECORD WAS SET OR TIED.
MM INDICATES DATA IS MISSING.
T  INDICATES TRACE AMOUNT.




$$
