000
CDUS41 KCLE 162112
CLITOL


CLIMATE REPORT
NATIONAL WEATHER SERVICE CLEVELAND OH
510 PM EDT SUN APR 16 2017


...................................

...THE TOLEDO OH CLIMATE SUMMARY FOR APRIL 16 2017...
VALID TODAY AS OF 0500 PM LOCAL TIME.

CLIMATE NORMAL PERIOD 1981 TO 2010
CLIMATE RECORD PERIOD 1873 TO 2017


WEATHER ITEM   OBSERVED TIME   RECORD YEAR NORMAL DEPARTURE LAST
                VALUE   (LST)  VALUE       VALUE  FROM      YEAR
                                                  NORMAL
..................................................................
TEMPERATURE (F)
 TODAY
  MAXIMUM         74    113 PM  88    2002  60     14       72
  MINIMUM         64    606 AM  19    2014  39     25       40
  AVERAGE         69                        50     19       56

PRECIPITATION (IN)
  TODAY            0.00                      0.11  -0.11     0.00
  MONTH TO DATE    1.05                      1.69  -0.64     1.80
  SINCE MAR 1      4.69                      4.17   0.52     6.90
  SINCE JAN 1     10.46                      8.29   2.17    10.12

SNOWFALL (IN)
  TODAY            0.0                       0.0    0.0      0.0
  MONTH TO DATE    0.7                       1.0   -0.3      8.7
  SINCE MAR 1      5.4                       6.7   -1.3     11.4
  SINCE JUL 1     22.4                      37.2  -14.8     26.4
  SNOW DEPTH       0

DEGREE DAYS
 HEATING
  TODAY            0                        16    -16        9
  MONTH TO DATE  212                       294    -82      390
  SINCE MAR 1   1084                      1144    -60     1064
  SINCE JUL 1   4929                      5720   -791     4962

 COOLING
  TODAY            4                         0      4        0
  MONTH TO DATE    6                         0      6        0
  SINCE MAR 1      6                         0      6        0
  SINCE JAN 1      6                         0      6        0
..................................................................


WIND (MPH)
  HIGHEST WIND SPEED    29   HIGHEST WIND DIRECTION     W (260)
  HIGHEST GUST SPEED    36   HIGHEST GUST DIRECTION     W (260)


SKY COVER
  POSSIBLE SUNSHINE  MM
  AVERAGE SKY COVER 0.3


WEATHER CONDITIONS
 THE FOLLOWING WEATHER WAS RECORDED TODAY.
  NO SIGNIFICANT WEATHER WAS OBSERVED.


RELATIVE HUMIDITY (PERCENT)
 HIGHEST    63           700 AM
 LOWEST     45           200 AM
 AVERAGE    54

..........................................................


THE TOLEDO OH CLIMATE NORMALS FOR TOMORROW
                         NORMAL    RECORD    YEAR
 MAXIMUM TEMPERATURE (F)   61        86      2002
                                             1896
 MINIMUM TEMPERATURE (F)   39        14      1875


SUNRISE AND SUNSET
APRIL 16 2017.........SUNRISE   653 AM EDT   SUNSET   817 PM EDT
APRIL 17 2017.........SUNRISE   652 AM EDT   SUNSET   818 PM EDT


-  INDICATES NEGATIVE NUMBERS.
R  INDICATES RECORD WAS SET OR TIED.
MM INDICATES DATA IS MISSING.
T  INDICATES TRACE AMOUNT.




$$
