000
CDUS41 KCLE 200530
CLITOL


CLIMATE REPORT
NATIONAL WEATHER SERVICE CLEVELAND OH
1229 AM EST THU NOV 20 2014


...................................

...THE TOLEDO OH CLIMATE SUMMARY FOR NOVEMBER 19 2014...

CLIMATE NORMAL PERIOD 1981 TO 2010
CLIMATE RECORD PERIOD 1873 TO 2014


WEATHER ITEM   OBSERVED TIME   RECORD YEAR NORMAL DEPARTURE LAST
                VALUE   (LST)  VALUE       VALUE  FROM      YEAR
                                                  NORMAL
..................................................................
TEMPERATURE (F)
 YESTERDAY
  MAXIMUM         33    522 PM  70    1953  48    -15       41
                                      1941
  MINIMUM         12    248 AM   7    1880  32    -20       27
  AVERAGE         23                        40    -17       34

PRECIPITATION (IN)
  YESTERDAY        0.05                      0.10  -0.05     0.00
  MONTH TO DATE    0.57                      1.77  -1.20     0.93
  SINCE SEP 1      8.16                      7.15   1.01     6.54
  SINCE JAN 1     29.35                     30.47  -1.12    33.33

SNOWFALL (IN)
  YESTERDAY        0.5                       0.1    0.4      0.0
  MONTH TO DATE    2.6                       0.8    1.8      0.5
  SINCE SEP 1      2.6                       1.0    1.6      0.5
  SINCE JUL 1      2.6                       1.0    1.6      0.5
  SNOW DEPTH       1

DEGREE DAYS
 HEATING
  YESTERDAY       42                        25     17       31
  MONTH TO DATE  552                       404    148      425
  SINCE SEP 1   1089                       916    173      933
  SINCE JUL 1   1103                       930    173      962

 COOLING
  YESTERDAY        0                         0      0        0
  MONTH TO DATE    0                         0      0        0
  SINCE SEP 1     56                        91    -35      111
  SINCE JAN 1    654                       793   -139      793
..................................................................


WIND (MPH)
  HIGHEST WIND SPEED    30   HIGHEST WIND DIRECTION     W (260)
  HIGHEST GUST SPEED    37   HIGHEST GUST DIRECTION     W (270)
  AVERAGE WIND SPEED    14.5


SKY COVER
  POSSIBLE SUNSHINE  MM
  AVERAGE SKY COVER 0.8


WEATHER CONDITIONS
 THE FOLLOWING WEATHER WAS RECORDED YESTERDAY.
  SNOW
  LIGHT SNOW
  FOG
  FOG W/VISIBILITY <= 1/4 MILE
  HAZE


RELATIVE HUMIDITY (PERCENT)
 HIGHEST    84          1100 AM
 LOWEST     64           100 AM
 AVERAGE    74

..........................................................


THE TOLEDO OH CLIMATE NORMALS FOR TODAY
                         NORMAL    RECORD    YEAR
 MAXIMUM TEMPERATURE (F)   48        71      1953
 MINIMUM TEMPERATURE (F)   32        13      1951


SUNRISE AND SUNSET
NOVEMBER 20 2014......SUNRISE   730 AM EST   SUNSET   511 PM EST
NOVEMBER 21 2014......SUNRISE   731 AM EST   SUNSET   511 PM EST


-  INDICATES NEGATIVE NUMBERS.
R  INDICATES RECORD WAS SET OR TIED.
MM INDICATES DATA IS MISSING.
T  INDICATES TRACE AMOUNT.




$$
