000
CDUS41 KCLE 210536
CLITOL


CLIMATE REPORT
NATIONAL WEATHER SERVICE CLEVELAND OH
135 AM EDT SAT MAR 21 2015


...................................

...THE TOLEDO OH CLIMATE SUMMARY FOR MARCH 20 2015...

CLIMATE NORMAL PERIOD 1981 TO 2010
CLIMATE RECORD PERIOD 1873 TO 2015


WEATHER ITEM   OBSERVED TIME   RECORD YEAR NORMAL DEPARTURE LAST
                VALUE   (LST)  VALUE       VALUE  FROM      YEAR
                                                  NORMAL
..................................................................
TEMPERATURE (F)
 YESTERDAY
  MAXIMUM         48    339 PM  82    2012  49     -1       44
  MINIMUM         31    719 AM  -2    1885  30      1       26
  AVERAGE         40                        39      1       35

PRECIPITATION (IN)
  YESTERDAY        0.00                      0.08  -0.08      T
  MONTH TO DATE    0.41                      1.52  -1.11     1.22
  SINCE MAR 1      0.41                      1.52  -1.11     1.22
  SINCE JAN 1      4.03                      5.64  -1.61     8.40

SNOWFALL (IN)
  YESTERDAY        0.0                       0.2   -0.2      0.0
  MONTH TO DATE    4.3                       4.3    0.0     11.3
  SINCE MAR 1      4.3                       4.3    0.0     11.3
  SINCE JUL 1     44.6                      34.8    9.8     84.8
  SNOW DEPTH       0

DEGREE DAYS
 HEATING
  YESTERDAY       25                        26     -1       30
  MONTH TO DATE  648                       590     58      773
  SINCE MAR 1    648                       590     58      773
  SINCE JUL 1   5904                      5166    738     6099

 COOLING
  YESTERDAY        0                         0      0        0
  MONTH TO DATE    0                         0      0        0
  SINCE MAR 1      0                         0      0        0
  SINCE JAN 1      0                         0      0        0
..................................................................


WIND (MPH)
  HIGHEST WIND SPEED    17   HIGHEST WIND DIRECTION     W (250)
  HIGHEST GUST SPEED    22   HIGHEST GUST DIRECTION     W (270)
  AVERAGE WIND SPEED     6.5


SKY COVER
  POSSIBLE SUNSHINE  MM
  AVERAGE SKY COVER 1.0


WEATHER CONDITIONS
 THE FOLLOWING WEATHER WAS RECORDED YESTERDAY.
  NO SIGNIFICANT WEATHER WAS OBSERVED.


RELATIVE HUMIDITY (PERCENT)
 HIGHEST    76           700 PM
 LOWEST     45           200 PM
 AVERAGE    61

..........................................................


THE TOLEDO OH CLIMATE NORMALS FOR TODAY
                         NORMAL    RECORD    YEAR
 MAXIMUM TEMPERATURE (F)   49        85      2012
 MINIMUM TEMPERATURE (F)   30         0      1885


SUNRISE AND SUNSET
MARCH 21 2015.........SUNRISE   737 AM EDT   SUNSET   748 PM EDT
MARCH 22 2015.........SUNRISE   736 AM EDT   SUNSET   749 PM EDT


-  INDICATES NEGATIVE NUMBERS.
R  INDICATES RECORD WAS SET OR TIED.
MM INDICATES DATA IS MISSING.
T  INDICATES TRACE AMOUNT.




$$
