000
CDUS41 KCLE 120538
CLITOL


CLIMATE REPORT
NATIONAL WEATHER SERVICE CLEVELAND OH
135 AM EDT SAT APR 12 2014


...................................

...THE TOLEDO OH CLIMATE SUMMARY FOR APRIL 11 2014...

CLIMATE NORMAL PERIOD 1981 TO 2010
CLIMATE RECORD PERIOD 1873 TO 2014


WEATHER ITEM   OBSERVED TIME   RECORD YEAR NORMAL DEPARTURE LAST
                VALUE   (LST)  VALUE       VALUE  FROM      YEAR
                                                  NORMAL
..................................................................
TEMPERATURE (F)
 YESTERDAY
  MAXIMUM         66    506 PM  87    1930  58      8       42
  MINIMUM         43   1144 PM  19    1975  37      6       37
  AVERAGE         55                        48      7       40

PRECIPITATION (IN)
  YESTERDAY        0.00                      0.11  -0.11     1.16
  MONTH TO DATE    1.88                      1.15   0.73     1.93
  SINCE MAR 1      3.27                      3.63  -0.36     2.66
  SINCE JAN 1     10.45                      7.75   2.70     9.10

SNOWFALL (IN)
  YESTERDAY        0.0                       0.1   -0.1      0.0
  MONTH TO DATE    T                         0.8   -0.8       T
  SINCE MAR 1     11.8                       6.5    5.3      1.4
  SINCE JUL 1     85.3                      37.0   48.3     22.1
  SNOW DEPTH       0

DEGREE DAYS
 HEATING
  YESTERDAY       10                        17     -7       25
  MONTH TO DATE  207                       212     -5      240
  SINCE MAR 1   1325                      1062    263     1211
  SINCE JUL 1   6651                      5638   1013     5667

 COOLING
  YESTERDAY        0                         0      0        0
  MONTH TO DATE    0                         0      0        0
  SINCE MAR 1      0                         0      0        0
  SINCE JAN 1      0                         0      0        0
..................................................................


WIND (MPH)
  HIGHEST WIND SPEED    20   HIGHEST WIND DIRECTION     W (250)
  HIGHEST GUST SPEED    22   HIGHEST GUST DIRECTION     W (250)
  AVERAGE WIND SPEED     4.5


SKY COVER
  POSSIBLE SUNSHINE  MM
  AVERAGE SKY COVER 0.3


WEATHER CONDITIONS
 THE FOLLOWING WEATHER WAS RECORDED YESTERDAY.
  FOG
  FOG W/VISIBILITY <= 1/4 MILE


RELATIVE HUMIDITY (PERCENT)
 HIGHEST   100           500 AM
 LOWEST     26           500 PM
 AVERAGE    63

..........................................................


THE TOLEDO OH CLIMATE NORMALS FOR TODAY
                         NORMAL    RECORD    YEAR
 MAXIMUM TEMPERATURE (F)   59        85      1977
 MINIMUM TEMPERATURE (F)   38        17      1976


SUNRISE AND SUNSET
APRIL 12 2014.........SUNRISE   700 AM EDT   SUNSET   813 PM EDT
APRIL 13 2014.........SUNRISE   659 AM EDT   SUNSET   814 PM EDT


-  INDICATES NEGATIVE NUMBERS.
R  INDICATES RECORD WAS SET OR TIED.
MM INDICATES DATA IS MISSING.
T  INDICATES TRACE AMOUNT.




$$
