000
CDUS41 KCLE 140547
CLITOL


CLIMATE REPORT
NATIONAL WEATHER SERVICE CLEVELAND OH
127 AM EDT SUN SEP 14 2014


...................................

...THE TOLEDO OH CLIMATE SUMMARY FOR SEPTEMBER 13 2014...

CLIMATE NORMAL PERIOD 1981 TO 2010
CLIMATE RECORD PERIOD 1873 TO 2014


WEATHER ITEM   OBSERVED TIME   RECORD YEAR NORMAL DEPARTURE LAST
                VALUE   (LST)  VALUE       VALUE  FROM      YEAR
                                                  NORMAL
..................................................................
TEMPERATURE (F)
 YESTERDAY
  MAXIMUM         62    410 PM  96    1952  77    -15       63
  MINIMUM         43   1159 PM  35    1975  54    -11       44
  AVERAGE         53                        65    -12       54

PRECIPITATION (IN)
  YESTERDAY        0.07                      0.10  -0.03     0.00
  MONTH TO DATE    4.74                      1.23   3.51     1.13
  SINCE SEP 1      4.74                      1.23   3.51     1.13
  SINCE JAN 1     25.93                     24.55   1.38    27.92

SNOWFALL (IN)
  YESTERDAY        0.0                       0.0    0.0      0.0
  MONTH TO DATE    0.0                       0.0    0.0      0.0
  SINCE SEP 1      0.0                       0.0    0.0      0.0
  SINCE JUL 1      0.0                       0.0    0.0      0.0
  SNOW DEPTH       0

DEGREE DAYS
 HEATING
  YESTERDAY       12                         3      9       11
  MONTH TO DATE   23                        21      2       16
  SINCE SEP 1     23                        21      2       16
  SINCE JUL 1     37                        35      2       45

 COOLING
  YESTERDAY        0                         3     -3        0
  MONTH TO DATE   55                        53      2       73
  SINCE SEP 1     55                        53      2       73
  SINCE JAN 1    653                       755   -102      755
..................................................................


WIND (MPH)
  HIGHEST WIND SPEED    17   HIGHEST WIND DIRECTION     N (340)
  HIGHEST GUST SPEED    28   HIGHEST GUST DIRECTION     W (280)
  AVERAGE WIND SPEED     7.2


SKY COVER
  POSSIBLE SUNSHINE  MM
  AVERAGE SKY COVER 0.5


WEATHER CONDITIONS
 THE FOLLOWING WEATHER WAS RECORDED YESTERDAY.
  LIGHT RAIN
  FOG


RELATIVE HUMIDITY (PERCENT)
 HIGHEST    93           200 AM
 LOWEST     47           400 PM
 AVERAGE    70

..........................................................


THE TOLEDO OH CLIMATE NORMALS FOR TODAY
                         NORMAL    RECORD    YEAR
 MAXIMUM TEMPERATURE (F)   76        98      1939
 MINIMUM TEMPERATURE (F)   54        31      1975


SUNRISE AND SUNSET
SEPTEMBER 14 2014.....SUNRISE   714 AM EDT   SUNSET   746 PM EDT
SEPTEMBER 15 2014.....SUNRISE   715 AM EDT   SUNSET   745 PM EDT


-  INDICATES NEGATIVE NUMBERS.
R  INDICATES RECORD WAS SET OR TIED.
MM INDICATES DATA IS MISSING.
T  INDICATES TRACE AMOUNT.




$$
