000
CDUS41 KCLE 270529
CLITOL


CLIMATE REPORT
NATIONAL WEATHER SERVICE CLEVELAND OH
1226 AM EST SUN NOV 27 2016


...................................

...THE TOLEDO OH CLIMATE SUMMARY FOR NOVEMBER 26 2016...

CLIMATE NORMAL PERIOD 1981 TO 2010
CLIMATE RECORD PERIOD 1873 TO 2016


WEATHER ITEM   OBSERVED TIME   RECORD YEAR NORMAL DEPARTURE LAST
                VALUE   (LST)  VALUE       VALUE  FROM      YEAR
                                                  NORMAL
..................................................................
TEMPERATURE (F)
 YESTERDAY
  MAXIMUM         42    151 PM  68    1896  44     -2       61
  MINIMUM         32   1159 PM  10    1974  30      2       46
  AVERAGE         37                        37      0       54

PRECIPITATION (IN)
  YESTERDAY        T                         0.09  -0.09      T
  MONTH TO DATE    1.09                      2.46  -1.37     1.18
  SINCE SEP 1      7.83                      7.84  -0.01     4.63
  SINCE JAN 1     31.14                     31.16  -0.02    32.96

SNOWFALL (IN)
  YESTERDAY        0.0                       0.1   -0.1      0.0
  MONTH TO DATE    T                         1.4   -1.4      3.5
  SINCE SEP 1      T                         1.6   -1.6      3.5
  SINCE JUL 1      T                         1.6   -1.6      3.5
  SNOW DEPTH       0

DEGREE DAYS
 HEATING
  YESTERDAY       28                        28      0       11
  MONTH TO DATE  501                       591    -90      488
  SINCE SEP 1    844                      1103   -259      891
  SINCE JUL 1    845                      1117   -272      903

 COOLING
  YESTERDAY        0                         0      0        0
  MONTH TO DATE    4                         0      4        0
  SINCE SEP 1    148                        91     57      138
  SINCE JAN 1   1037                       793    244      719
..................................................................


WIND (MPH)
  HIGHEST WIND SPEED    16   HIGHEST WIND DIRECTION     W (250)
  HIGHEST GUST SPEED    21   HIGHEST GUST DIRECTION     W (250)
  AVERAGE WIND SPEED     8.9


SKY COVER
  POSSIBLE SUNSHINE  MM
  AVERAGE SKY COVER 0.8


WEATHER CONDITIONS
 THE FOLLOWING WEATHER WAS RECORDED YESTERDAY.
  LIGHT RAIN


RELATIVE HUMIDITY (PERCENT)
 HIGHEST   100           200 AM
 LOWEST     65          1200 PM
 AVERAGE    83

..........................................................


THE TOLEDO OH CLIMATE NORMALS FOR TODAY
                         NORMAL    RECORD    YEAR
 MAXIMUM TEMPERATURE (F)   44        69      1990
 MINIMUM TEMPERATURE (F)   29         7      1930


SUNRISE AND SUNSET
NOVEMBER 27 2016......SUNRISE   739 AM EST   SUNSET   507 PM EST
NOVEMBER 28 2016......SUNRISE   740 AM EST   SUNSET   507 PM EST


-  INDICATES NEGATIVE NUMBERS.
R  INDICATES RECORD WAS SET OR TIED.
MM INDICATES DATA IS MISSING.
T  INDICATES TRACE AMOUNT.




$$
