000
CDUS41 KCLE 120527
CLITOL


CLIMATE REPORT
NATIONAL WEATHER SERVICE CLEVELAND OH
1227 AM EST FRI DEC 12 2014


...................................

...THE TOLEDO OH CLIMATE SUMMARY FOR DECEMBER 11 2014...

CLIMATE NORMAL PERIOD 1981 TO 2010
CLIMATE RECORD PERIOD 1873 TO 2014


WEATHER ITEM   OBSERVED TIME   RECORD YEAR NORMAL DEPARTURE LAST
                VALUE   (LST)  VALUE       VALUE  FROM      YEAR
                                                  NORMAL
..................................................................
TEMPERATURE (F)
 YESTERDAY
  MAXIMUM         39    302 PM  64    1931  37      2       24
  MINIMUM         18    333 AM -12    1977  24     -6        8
  AVERAGE         29                        31     -2       16

PRECIPITATION (IN)
  YESTERDAY        0.00                      0.08  -0.08     0.06
  MONTH TO DATE    0.15                      0.99  -0.84     0.10
  SINCE DEC 1      0.15                      0.99  -0.84     0.10
  SINCE JAN 1     30.76                     32.55  -1.79    33.86

SNOWFALL (IN)
  YESTERDAY        0.0                       0.3   -0.3      0.6
  MONTH TO DATE    T                         2.1   -2.1      0.6
  SINCE DEC 1      T                         2.1   -2.1      0.6
  SINCE JUL 1      2.8                       4.2   -1.4      1.1
  SNOW DEPTH       0

DEGREE DAYS
 HEATING
  YESTERDAY       36                        34      2       49
  MONTH TO DATE  374                       355     19      384
  SINCE DEC 1    374                       355     19      384
  SINCE JUL 1   1812                      1588    224     1732

 COOLING
  YESTERDAY        0                         0      0        0
  MONTH TO DATE    0                         0      0        0
  SINCE DEC 1      0                         0      0        0
  SINCE JAN 1    654                       793   -139      793
..................................................................


WIND (MPH)
  HIGHEST WIND SPEED    20   HIGHEST WIND DIRECTION     W (270)
  HIGHEST GUST SPEED    26   HIGHEST GUST DIRECTION     W (280)
  AVERAGE WIND SPEED    11.5


SKY COVER
  POSSIBLE SUNSHINE  MM
  AVERAGE SKY COVER 0.0


WEATHER CONDITIONS
 THE FOLLOWING WEATHER WAS RECORDED YESTERDAY.
  FOG
  HAZE


RELATIVE HUMIDITY (PERCENT)
 HIGHEST    92          1200 AM
 LOWEST     44           200 PM
 AVERAGE    68

..........................................................


THE TOLEDO OH CLIMATE NORMALS FOR TODAY
                         NORMAL    RECORD    YEAR
 MAXIMUM TEMPERATURE (F)   37        63      1949
 MINIMUM TEMPERATURE (F)   24        -9      1962


SUNRISE AND SUNSET
DECEMBER 12 2014......SUNRISE   753 AM EST   SUNSET   505 PM EST
DECEMBER 13 2014......SUNRISE   753 AM EST   SUNSET   505 PM EST


-  INDICATES NEGATIVE NUMBERS.
R  INDICATES RECORD WAS SET OR TIED.
MM INDICATES DATA IS MISSING.
T  INDICATES TRACE AMOUNT.




$$
