000
CDUS41 KCLE 150527
CLITOL


CLIMATE REPORT
NATIONAL WEATHER SERVICE CLEVELAND OH
127 AM EDT FRI MAY 15 2015


...................................

...THE TOLEDO OH CLIMATE SUMMARY FOR MAY 14 2015...

CLIMATE NORMAL PERIOD 1981 TO 2010
CLIMATE RECORD PERIOD 1873 TO 2015


WEATHER ITEM   OBSERVED TIME   RECORD YEAR NORMAL DEPARTURE LAST
                VALUE   (LST)  VALUE       VALUE  FROM      YEAR
                                                  NORMAL
..................................................................
TEMPERATURE (F)
 YESTERDAY
  MAXIMUM         62   1258 PM  92    1991  70     -8       62
  MINIMUM         37    542 AM  29    1973  48    -11       52
  AVERAGE         50                        59     -9       57

PRECIPITATION (IN)
  YESTERDAY        T                         0.12  -0.12     0.46
  MONTH TO DATE    1.01                      1.54  -0.53     1.31
  SINCE MAR 1      5.04                      7.21  -2.17     6.01
  SINCE JAN 1      8.66                     11.33  -2.67    13.19

SNOWFALL (IN)
  YESTERDAY        0.0                       0.0    0.0      0.0
  MONTH TO DATE    0.0                       0.1   -0.1      0.0
  SINCE MAR 1      5.4                       7.1   -1.7     12.8
  SINCE JUL 1     45.7                      37.6    8.1     86.3
  SNOW DEPTH       0

DEGREE DAYS
 HEATING
  YESTERDAY       15                         7      8        8
  MONTH TO DATE   65                       122    -57      112
  SINCE MAR 1   1538                      1448     90     1711
  SINCE JUL 1   6794                      6024    770     7037

 COOLING
  YESTERDAY        0                         1     -1        0
  MONTH TO DATE   34                        11     23       24
  SINCE MAR 1     34                        19     15       26
  SINCE JAN 1     34                        19     15       26
..................................................................


WIND (MPH)
  HIGHEST WIND SPEED    15   HIGHEST WIND DIRECTION     E (100)
  HIGHEST GUST SPEED    18   HIGHEST GUST DIRECTION     E (90)
  AVERAGE WIND SPEED     4.6


SKY COVER
  POSSIBLE SUNSHINE  MM
  AVERAGE SKY COVER 0.0


WEATHER CONDITIONS
 THE FOLLOWING WEATHER WAS RECORDED YESTERDAY.
  FOG


RELATIVE HUMIDITY (PERCENT)
 HIGHEST   100           600 AM
 LOWEST     33          1100 AM
 AVERAGE    67

..........................................................


THE TOLEDO OH CLIMATE NORMALS FOR TODAY
                         NORMAL    RECORD    YEAR
 MAXIMUM TEMPERATURE (F)   71        92      1962
 MINIMUM TEMPERATURE (F)   48        34      1964
                                             1895


SUNRISE AND SUNSET
MAY 15 2015...........SUNRISE   616 AM EDT   SUNSET   848 PM EDT
MAY 16 2015...........SUNRISE   615 AM EDT   SUNSET   849 PM EDT


-  INDICATES NEGATIVE NUMBERS.
R  INDICATES RECORD WAS SET OR TIED.
MM INDICATES DATA IS MISSING.
T  INDICATES TRACE AMOUNT.




$$
