000
CDUS41 KCLE 052111
CLITOL


CLIMATE REPORT
NATIONAL WEATHER SERVICE CLEVELAND OH
511 PM EDT SAT JUL 5 2014


...................................

...THE TOLEDO OH CLIMATE SUMMARY FOR JULY 5 2014...
VALID TODAY AS OF 0500 PM LOCAL TIME.

CLIMATE NORMAL PERIOD 1981 TO 2010
CLIMATE RECORD PERIOD 1873 TO 2014


WEATHER ITEM   OBSERVED TIME   RECORD YEAR NORMAL DEPARTURE LAST
                VALUE   (LST)  VALUE       VALUE  FROM      YEAR
                                                  NORMAL
..................................................................
TEMPERATURE (F)
 TODAY
  MAXIMUM         78    142 PM  99    1988  85     -7       83
                                      1949
  MINIMUM         50    425 AM  46    1979  62    -12       68
                                      1972
  AVERAGE         64                        74    -10       76

PRECIPITATION (IN)
  TODAY            0.00                      0.09  -0.09     0.03
  MONTH TO DATE    0.07                      0.50  -0.43     0.17
  SINCE JUN 1      4.05                      4.07  -0.02     6.52
  SINCE JAN 1     17.90                     17.44   0.46    21.02

SNOWFALL (IN)
  TODAY            0.0                       0.0    0.0      0.0
  MONTH TO DATE    0.0                       0.0    0.0      0.0
  SINCE JUN 1      0.0                       0.0    0.0      0.0
  SINCE JUL 1      0.0                       0.0    0.0      0.0
  SNOW DEPTH       0

DEGREE DAYS
 HEATING
  TODAY            1                         0      1        0
  MONTH TO DATE    1                         0      1        1
  SINCE JUN 1     17                        35    -18       32
  SINCE JUL 1      1                         0      1        1

 COOLING
  TODAY            0                         9     -9       11
  MONTH TO DATE   20                        43    -23       29
  SINCE JUN 1    211                       213     -2      191
  SINCE JAN 1    273                       266      7      285
..................................................................


WIND (MPH)
  HIGHEST WIND SPEED    14   HIGHEST WIND DIRECTION    SW (240)
  HIGHEST GUST SPEED    24   HIGHEST GUST DIRECTION     S (200)


SKY COVER
  POSSIBLE SUNSHINE  MM
  AVERAGE SKY COVER 0.0


WEATHER CONDITIONS
 THE FOLLOWING WEATHER WAS RECORDED TODAY.
  NO SIGNIFICANT WEATHER WAS OBSERVED.


RELATIVE HUMIDITY (PERCENT)
 HIGHEST    93           300 AM
 LOWEST     36          1100 AM
 AVERAGE    65

..........................................................


THE TOLEDO OH CLIMATE NORMALS FOR TOMORROW
                         NORMAL    RECORD    YEAR
 MAXIMUM TEMPERATURE (F)   85       100      1988
 MINIMUM TEMPERATURE (F)   62        43      1972


SUNRISE AND SUNSET
JULY  5 2014..........SUNRISE   607 AM EDT   SUNSET   912 PM EDT
JULY  6 2014..........SUNRISE   608 AM EDT   SUNSET   912 PM EDT


-  INDICATES NEGATIVE NUMBERS.
R  INDICATES RECORD WAS SET OR TIED.
MM INDICATES DATA IS MISSING.
T  INDICATES TRACE AMOUNT.




$$
