000
CDUS41 KCLE 260527
CLITOL


CLIMATE REPORT
NATIONAL WEATHER SERVICE CLEVELAND OH
1227 AM EST SUN FEB 26 2017


...................................

...THE TOLEDO OH CLIMATE SUMMARY FOR FEBRUARY 25 2017...

CLIMATE NORMAL PERIOD 1981 TO 2010
CLIMATE RECORD PERIOD 1873 TO 2017


WEATHER ITEM   OBSERVED TIME   RECORD YEAR NORMAL DEPARTURE LAST
                VALUE   (LST)  VALUE       VALUE  FROM      YEAR
                                                  NORMAL
..................................................................
TEMPERATURE (F)
 YESTERDAY
  MAXIMUM         49   1204 AM  70    2000  39     10       34
                                      1930
  MINIMUM         25   1159 PM  -6    1963  23      2       26
  AVERAGE         37                        31      6       30

PRECIPITATION (IN)
  YESTERDAY        T                         0.08  -0.08     0.28
  MONTH TO DATE    1.47                      1.83  -0.36     1.64
  SINCE DEC 1      8.10                      6.56   1.54     6.09
  SINCE JAN 1      5.62                      3.88   1.74     3.11

SNOWFALL (IN)
  YESTERDAY        T                         0.3   -0.3      2.8
  MONTH TO DATE    1.0                       8.6   -7.6      5.6
  SINCE DEC 1     17.0                      27.6  -10.6     11.5
  SINCE JUL 1     17.0                      29.7  -12.7     15.0
  SNOW DEPTH       0

DEGREE DAYS
 HEATING
  YESTERDAY       28                        34     -6       35
  MONTH TO DATE  656                       927   -271      869
  SINCE DEC 1   2846                      3243   -397     2791
  SINCE JUL 1   3770                      4476   -706     3801

 COOLING
  YESTERDAY        0                         0      0        0
  MONTH TO DATE    0                         0      0        0
  SINCE DEC 1      0                         0      0        0
  SINCE JAN 1      0                         0      0        0
..................................................................


WIND (MPH)
  HIGHEST WIND SPEED    29   HIGHEST WIND DIRECTION     W (280)
  HIGHEST GUST SPEED    38   HIGHEST GUST DIRECTION     W (250)
  AVERAGE WIND SPEED    17.4


SKY COVER
  POSSIBLE SUNSHINE  MM
  AVERAGE SKY COVER 0.9


WEATHER CONDITIONS
 THE FOLLOWING WEATHER WAS RECORDED YESTERDAY.
  LIGHT SNOW
  FOG
  HAZE


RELATIVE HUMIDITY (PERCENT)
 HIGHEST    92           200 AM
 LOWEST     63           200 PM
 AVERAGE    78

..........................................................


THE TOLEDO OH CLIMATE NORMALS FOR TODAY
                         NORMAL    RECORD    YEAR
 MAXIMUM TEMPERATURE (F)   39        71      2000
                                             1944
 MINIMUM TEMPERATURE (F)   23        -8      1963


SUNRISE AND SUNSET
FEBRUARY 26 2017......SUNRISE   714 AM EST   SUNSET   622 PM EST
FEBRUARY 27 2017......SUNRISE   713 AM EST   SUNSET   624 PM EST


-  INDICATES NEGATIVE NUMBERS.
R  INDICATES RECORD WAS SET OR TIED.
MM INDICATES DATA IS MISSING.
T  INDICATES TRACE AMOUNT.




$$
