000
CDUS41 KCLE 062212
CLITOL


CLIMATE REPORT
NATIONAL WEATHER SERVICE CLEVELAND OH
512 PM EST FRI MAR 6 2015


...................................

...THE TOLEDO OH CLIMATE SUMMARY FOR MARCH 6 2015...
VALID TODAY AS OF 0500 PM LOCAL TIME.

CLIMATE NORMAL PERIOD 1981 TO 2010
CLIMATE RECORD PERIOD 1873 TO 2015


WEATHER ITEM   OBSERVED TIME   RECORD YEAR NORMAL DEPARTURE LAST
                VALUE   (LST)  VALUE       VALUE  FROM      YEAR
                                                  NORMAL
..................................................................
TEMPERATURE (F)
 TODAY
  MAXIMUM         22    459 PM  73    1973  43    -21       25
  MINIMUM         -5R   739 AM   2    1901  25    -30       14
  AVERAGE          9                        34    -25       20

PRECIPITATION (IN)
  TODAY            0.00                      0.07  -0.07     0.00
  MONTH TO DATE    0.40                      0.45  -0.05     0.26
  SINCE MAR 1      0.40                      0.45  -0.05     0.26
  SINCE JAN 1      4.02                      4.57  -0.55     7.44

SNOWFALL (IN)
  TODAY            0.0                       0.2   -0.2      0.0
  MONTH TO DATE    4.3                       1.4    2.9      3.0
  SINCE MAR 1      4.3                       1.4    2.9      3.0
  SINCE JUL 1     44.6                      31.9   12.7     76.5
  SNOW DEPTH       0

DEGREE DAYS
 HEATING
  TODAY           56                        31     25       45
  MONTH TO DATE  282                       193     89      301
  SINCE MAR 1    282                       193     89      301
  SINCE JUL 1   5538                      4769    769     5627

 COOLING
  TODAY            0                         0      0        0
  MONTH TO DATE    0                         0      0        0
  SINCE MAR 1      0                         0      0        0
  SINCE JAN 1      0                         0      0        0
..................................................................


WIND (MPH)
  HIGHEST WIND SPEED    21   HIGHEST WIND DIRECTION    SW (230)
  HIGHEST GUST SPEED    29   HIGHEST GUST DIRECTION    SW (230)


SKY COVER
  POSSIBLE SUNSHINE  MM
  AVERAGE SKY COVER 0.0


WEATHER CONDITIONS
 THE FOLLOWING WEATHER WAS RECORDED TODAY.
  FOG
  HAZE


RELATIVE HUMIDITY (PERCENT)
 HIGHEST    86           200 AM
 LOWEST     51           200 PM
 AVERAGE    69

..........................................................


THE TOLEDO OH CLIMATE NORMALS FOR TOMORROW
                         NORMAL    RECORD    YEAR
 MAXIMUM TEMPERATURE (F)   43        75      2000
 MINIMUM TEMPERATURE (F)   25        -1      1943


SUNRISE AND SUNSET
MARCH  6 2015.........SUNRISE   702 AM EST   SUNSET   631 PM EST
MARCH  7 2015.........SUNRISE   701 AM EST   SUNSET   632 PM EST


-  INDICATES NEGATIVE NUMBERS.
R  INDICATES RECORD WAS SET OR TIED.
MM INDICATES DATA IS MISSING.
T  INDICATES TRACE AMOUNT.




$$
