000
CDUS41 KCLE 200530
CLITOL


CLIMATE REPORT
NATIONAL WEATHER SERVICE CLEVELAND OH
126 AM EDT WED SEP 20 2017


...................................

...THE TOLEDO OH CLIMATE SUMMARY FOR SEPTEMBER 19 2017...

CLIMATE NORMAL PERIOD 1981 TO 2010
CLIMATE RECORD PERIOD 1873 TO 2017


WEATHER ITEM   OBSERVED TIME   RECORD YEAR NORMAL DEPARTURE LAST
                VALUE   (LST)  VALUE       VALUE  FROM      YEAR
                                                  NORMAL
..................................................................
TEMPERATURE (F)
 YESTERDAY
  MAXIMUM         71    437 PM  93    1955  74     -3       84
                                      1895
  MINIMUM         65   1042 AM  35    1973  51     14       58
  AVERAGE         68                        63      5       71

PRECIPITATION (IN)
  YESTERDAY        1.65                      0.09   1.56     0.00
  MONTH TO DATE    2.64                      1.78   0.86     2.19
  SINCE SEP 1      2.64                      1.78   0.86     2.19
  SINCE JAN 1     29.44                     25.10   4.34    25.50

SNOWFALL (IN)
  YESTERDAY        0.0                       0.0    0.0      0.0
  MONTH TO DATE    0.0                       0.0    0.0      0.0
  SINCE SEP 1      0.0                       0.0    0.0      0.0
  SINCE JUL 1      0.0                       0.0    0.0      0.0
  SNOW DEPTH       0

DEGREE DAYS
 HEATING
  YESTERDAY        0                         4     -4        0
  MONTH TO DATE   61                        42     19        3
  SINCE SEP 1     61                        42     19        3
  SINCE JUL 1     75                        56     19        4

 COOLING
  YESTERDAY        3                         2      1        6
  MONTH TO DATE   29                        67    -38       90
  SINCE SEP 1     29                        67    -38       90
  SINCE JAN 1    622                       769   -147      979
..................................................................


WIND (MPH)
  HIGHEST WIND SPEED    13   HIGHEST WIND DIRECTION     E (70)
  HIGHEST GUST SPEED    15   HIGHEST GUST DIRECTION     W (280)
  AVERAGE WIND SPEED     4.6


SKY COVER
  POSSIBLE SUNSHINE  MM
  AVERAGE SKY COVER 0.9


WEATHER CONDITIONS
 THE FOLLOWING WEATHER WAS RECORDED YESTERDAY.
  THUNDERSTORM
  HEAVY RAIN
  RAIN
  LIGHT RAIN
  FOG
  HAZE


RELATIVE HUMIDITY (PERCENT)
 HIGHEST   100           100 PM
 LOWEST    100           100 PM
 AVERAGE   100

..........................................................


THE TOLEDO OH CLIMATE NORMALS FOR TODAY
                         NORMAL    RECORD    YEAR
 MAXIMUM TEMPERATURE (F)   74        93      1895
 MINIMUM TEMPERATURE (F)   51        33      1962
                                             1956


SUNRISE AND SUNSET
SEPTEMBER 20 2017.....SUNRISE   721 AM EDT   SUNSET   735 PM EDT
SEPTEMBER 21 2017.....SUNRISE   722 AM EDT   SUNSET   734 PM EDT


-  INDICATES NEGATIVE NUMBERS.
R  INDICATES RECORD WAS SET OR TIED.
MM INDICATES DATA IS MISSING.
T  INDICATES TRACE AMOUNT.




$$
