000
CDUS41 KCLE 020538
CLITOL


CLIMATE REPORT
NATIONAL WEATHER SERVICE CLEVELAND OH
126 AM EDT SUN AUG 2 2015


...................................

...THE TOLEDO OH CLIMATE SUMMARY FOR AUGUST 1 2015...

CLIMATE NORMAL PERIOD 1981 TO 2010
CLIMATE RECORD PERIOD 1873 TO 2015


WEATHER ITEM   OBSERVED TIME   RECORD YEAR NORMAL DEPARTURE LAST
                VALUE   (LST)  VALUE       VALUE  FROM      YEAR
                                                  NORMAL
..................................................................
TEMPERATURE (F)
 YESTERDAY
  MAXIMUM         83    420 PM  98    1935  83      0       84
  MINIMUM         60    606 AM  46    1971  62     -2       58
  AVERAGE         72                        73     -1       71

PRECIPITATION (IN)
  YESTERDAY        0.00                      0.11  -0.11     0.02
  MONTH TO DATE    0.00                      0.11  -0.11     0.02
  SINCE JUN 1     13.38                      6.91   6.47     4.83
  SINCE JAN 1     25.28                     20.28   5.00    18.68

SNOWFALL (IN)
  YESTERDAY        0.0                       0.0    0.0      0.0
  MONTH TO DATE    0.0                       0.0    0.0      0.0
  SINCE JUN 1      0.0                       0.0    0.0      0.0
  SINCE JUL 1      0.0                       0.0    0.0      0.0
  SNOW DEPTH       0

DEGREE DAYS
 HEATING
  YESTERDAY        0                         0      0        0
  MONTH TO DATE    0                         0      0        0
  SINCE JUN 1     37                        38     -1       25
  SINCE JUL 1      2                         3     -1        9

 COOLING
  YESTERDAY        7                         8     -1        6
  MONTH TO DATE    7                         8     -1        6
  SINCE JUN 1    325                       443   -118      334
  SINCE JAN 1    418                       496    -78      396
..................................................................


WIND (MPH)
  HIGHEST WIND SPEED    18   HIGHEST WIND DIRECTION     W (260)
  HIGHEST GUST SPEED    23   HIGHEST GUST DIRECTION     W (280)
  AVERAGE WIND SPEED     8.4


SKY COVER
  POSSIBLE SUNSHINE  MM
  AVERAGE SKY COVER 0.1


WEATHER CONDITIONS
 THE FOLLOWING WEATHER WAS RECORDED YESTERDAY.
  NO SIGNIFICANT WEATHER WAS OBSERVED.


RELATIVE HUMIDITY (PERCENT)
 HIGHEST    78           400 AM
 LOWEST     34           300 PM
 AVERAGE    56

..........................................................


THE TOLEDO OH CLIMATE NORMALS FOR TODAY
                         NORMAL    RECORD    YEAR
 MAXIMUM TEMPERATURE (F)   83        98      1987
                                             1964
 MINIMUM TEMPERATURE (F)   62        47      1927


SUNRISE AND SUNSET
AUGUST  2 2015........SUNRISE   630 AM EDT   SUNSET   852 PM EDT
AUGUST  3 2015........SUNRISE   631 AM EDT   SUNSET   851 PM EDT


-  INDICATES NEGATIVE NUMBERS.
R  INDICATES RECORD WAS SET OR TIED.
MM INDICATES DATA IS MISSING.
T  INDICATES TRACE AMOUNT.




$$
