000
CDUS41 KCLE 050526
CLITOL


CLIMATE REPORT
NATIONAL WEATHER SERVICE CLEVELAND OH
126 AM EDT SAT JUL 5 2014


...................................

...THE TOLEDO OH CLIMATE SUMMARY FOR JULY 4 2014...

CLIMATE NORMAL PERIOD 1981 TO 2010
CLIMATE RECORD PERIOD 1873 TO 2014


WEATHER ITEM   OBSERVED TIME   RECORD YEAR NORMAL DEPARTURE LAST
                VALUE   (LST)  VALUE       VALUE  FROM      YEAR
                                                  NORMAL
..................................................................
TEMPERATURE (F)
 YESTERDAY
  MAXIMUM         78    216 PM 100    2012  85     -7       80
  MINIMUM         52    320 AM  45    1968  62    -10       67
  AVERAGE         65                        74     -9       74

PRECIPITATION (IN)
  YESTERDAY        0.00                      0.10  -0.10     0.03
  MONTH TO DATE    0.07                      0.41  -0.34     0.14
  SINCE JUN 1      4.05                      3.98   0.07     6.49
  SINCE JAN 1     17.90                     17.35   0.55    20.99

SNOWFALL (IN)
  YESTERDAY        0.0                       0.0    0.0      0.0
  MONTH TO DATE    0.0                       0.0    0.0      0.0
  SINCE JUN 1      0.0                       0.0    0.0      0.0
  SINCE JUL 1      0.0                       0.0    0.0      0.0
  SNOW DEPTH       0

DEGREE DAYS
 HEATING
  YESTERDAY        0                         0      0        0
  MONTH TO DATE    0                         0      0        1
  SINCE JUN 1     16                        35    -19       32
  SINCE JUL 1      0                         0      0        1

 COOLING
  YESTERDAY        0                         9     -9        9
  MONTH TO DATE   20                        34    -14       18
  SINCE JUN 1    211                       204      7      180
  SINCE JAN 1    273                       257     16      274
..................................................................


WIND (MPH)
  HIGHEST WIND SPEED    17   HIGHEST WIND DIRECTION     N (360)
  HIGHEST GUST SPEED    22   HIGHEST GUST DIRECTION     N (10)
  AVERAGE WIND SPEED     6.4


SKY COVER
  POSSIBLE SUNSHINE  MM
  AVERAGE SKY COVER 0.0


WEATHER CONDITIONS
 THE FOLLOWING WEATHER WAS RECORDED YESTERDAY.
  NO SIGNIFICANT WEATHER WAS OBSERVED.


RELATIVE HUMIDITY (PERCENT)
 HIGHEST    83           500 AM
 LOWEST     28           200 PM
 AVERAGE    56

..........................................................


THE TOLEDO OH CLIMATE NORMALS FOR TODAY
                         NORMAL    RECORD    YEAR
 MAXIMUM TEMPERATURE (F)   85        99      1988
                                             1949
 MINIMUM TEMPERATURE (F)   62        46      1979
                                             1972


SUNRISE AND SUNSET
JULY  5 2014..........SUNRISE   607 AM EDT   SUNSET   912 PM EDT
JULY  6 2014..........SUNRISE   608 AM EDT   SUNSET   912 PM EDT


-  INDICATES NEGATIVE NUMBERS.
R  INDICATES RECORD WAS SET OR TIED.
MM INDICATES DATA IS MISSING.
T  INDICATES TRACE AMOUNT.




$$
