000
CDUS41 KCLE 240525
CLITOL


CLIMATE REPORT
NATIONAL WEATHER SERVICE CLEVELAND OH
125 AM EDT WED JUN 24 2015


...................................

...THE TOLEDO OH CLIMATE SUMMARY FOR JUNE 23 2015...

CLIMATE NORMAL PERIOD 1981 TO 2010
CLIMATE RECORD PERIOD 1873 TO 2015


WEATHER ITEM   OBSERVED TIME   RECORD YEAR NORMAL DEPARTURE LAST
                VALUE   (LST)  VALUE       VALUE  FROM      YEAR
                                                  NORMAL
..................................................................
TEMPERATURE (F)
 YESTERDAY
  MAXIMUM         80    512 PM  96    1911  83     -3       85
  MINIMUM         64   1159 PM  41    1963  61      3       61
  AVERAGE         72                        72      0       73

PRECIPITATION (IN)
  YESTERDAY        0.02                      0.11  -0.09     0.64
  MONTH TO DATE    3.65                      2.80   0.85     3.81
  SINCE JUN 1      3.65                      2.80   0.85     3.81
  SINCE JAN 1     15.55                     16.17  -0.62    17.66

SNOWFALL (IN)
  YESTERDAY        0.0                       0.0    0.0      0.0
  MONTH TO DATE    0.0                       0.0    0.0      0.0
  SINCE JUN 1      0.0                       0.0    0.0      0.0
  SINCE JUL 1     45.7                      37.6    8.1     86.3
  SNOW DEPTH       0

DEGREE DAYS
 HEATING
  YESTERDAY        0                         0      0        0
  MONTH TO DATE   27                        35     -8       16
  SINCE JUN 1     27                        35     -8       16
  SINCE JUL 1   6888                      6145    743     7132

 COOLING
  YESTERDAY        7                         7      0        8
  MONTH TO DATE  123                       115      8      117
  SINCE JUN 1    123                       115      8      117
  SINCE JAN 1    216                       168     48      179
..................................................................


WIND (MPH)
  HIGHEST WIND SPEED    20   HIGHEST WIND DIRECTION    SW (210)
  HIGHEST GUST SPEED    28   HIGHEST GUST DIRECTION    SW (210)
  AVERAGE WIND SPEED    10.6


SKY COVER
  POSSIBLE SUNSHINE  MM
  AVERAGE SKY COVER 0.4


WEATHER CONDITIONS
 THE FOLLOWING WEATHER WAS RECORDED YESTERDAY.
  LIGHT RAIN


RELATIVE HUMIDITY (PERCENT)
 HIGHEST    82           500 AM
 LOWEST     42           300 PM
 AVERAGE    62

..........................................................


THE TOLEDO OH CLIMATE NORMALS FOR TODAY
                         NORMAL    RECORD    YEAR
 MAXIMUM TEMPERATURE (F)   83        95      2005
                                             1998
                                             1952
 MINIMUM TEMPERATURE (F)   61        44      1974
                                             1961


SUNRISE AND SUNSET
JUNE 24 2015..........SUNRISE   602 AM EDT   SUNSET   913 PM EDT
JUNE 25 2015..........SUNRISE   602 AM EDT   SUNSET   913 PM EDT


-  INDICATES NEGATIVE NUMBERS.
R  INDICATES RECORD WAS SET OR TIED.
MM INDICATES DATA IS MISSING.
T  INDICATES TRACE AMOUNT.




$$
