425
CDUS41 KCLE 112113
CLITOL


CLIMATE REPORT
NATIONAL WEATHER SERVICE CLEVELAND OH
512 PM EDT MON SEP 11 2017


...................................

...THE TOLEDO OH CLIMATE SUMMARY FOR SEPTEMBER 11 2017...
VALID TODAY AS OF 0500 PM LOCAL TIME.

CLIMATE NORMAL PERIOD 1981 TO 2010
CLIMATE RECORD PERIOD 1873 TO 2017


WEATHER ITEM   OBSERVED TIME   RECORD YEAR NORMAL DEPARTURE LAST
                VALUE   (LST)  VALUE       VALUE  FROM      YEAR
                                                  NORMAL
..................................................................
TEMPERATURE (F)
 TODAY
  MAXIMUM         72    158 PM  95    2013  78     -6       73
                                      1931
  MINIMUM         46    636 AM  35    1967  55     -9       53
  AVERAGE         59                        66     -7       63

PRECIPITATION (IN)
  TODAY            0.00                      0.09  -0.09     0.00
  MONTH TO DATE    0.72                      1.04  -0.32     0.87
  SINCE SEP 1      0.72                      1.04  -0.32     0.87
  SINCE JAN 1     27.52                     24.36   3.16    24.18

SNOWFALL (IN)
  TODAY            0.0                       0.0    0.0      0.0
  MONTH TO DATE    0.0                       0.0    0.0      0.0
  SINCE SEP 1      0.0                       0.0    0.0      0.0
  SINCE JUL 1      0.0                       0.0    0.0      0.0
  SNOW DEPTH       0

DEGREE DAYS
 HEATING
  TODAY            6                         2      4        2
  MONTH TO DATE   60                        16     44        2
  SINCE SEP 1     60                        16     44        2
  SINCE JUL 1     74                        30     44        3

 COOLING
  TODAY            0                         3     -3        0
  MONTH TO DATE    9                        47    -38       67
  SINCE SEP 1      9                        47    -38       67
  SINCE JAN 1    602                       749   -147      956
..................................................................


WIND (MPH)
  HIGHEST WIND SPEED    14   HIGHEST WIND DIRECTION     E (70)
  HIGHEST GUST SPEED    17   HIGHEST GUST DIRECTION     E (70)


SKY COVER
  POSSIBLE SUNSHINE  MM
  AVERAGE SKY COVER 0.0


WEATHER CONDITIONS
 THE FOLLOWING WEATHER WAS RECORDED TODAY.
  NO SIGNIFICANT WEATHER WAS OBSERVED.


RELATIVE HUMIDITY (PERCENT)
 HIGHEST   100          1200 AM
 LOWEST     47          1200 PM
 AVERAGE    74

..........................................................


THE TOLEDO OH CLIMATE NORMALS FOR TOMORROW
                         NORMAL    RECORD    YEAR
 MAXIMUM TEMPERATURE (F)   77        97      1952
 MINIMUM TEMPERATURE (F)   54        37      1967


SUNRISE AND SUNSET
SEPTEMBER 11 2017.....SUNRISE   712 AM EDT   SUNSET   751 PM EDT
SEPTEMBER 12 2017.....SUNRISE   713 AM EDT   SUNSET   749 PM EDT


-  INDICATES NEGATIVE NUMBERS.
R  INDICATES RECORD WAS SET OR TIED.
MM INDICATES DATA IS MISSING.
T  INDICATES TRACE AMOUNT.




$$
