000
CDUS41 KCLE 020535
CLITOL


CLIMATE REPORT
NATIONAL WEATHER SERVICE CLEVELAND OH
1234 AM EST TUE FEB 2 2016


...................................

...THE TOLEDO OH CLIMATE SUMMARY FOR FEBRUARY 1 2016...

CLIMATE NORMAL PERIOD 1981 TO 2010
CLIMATE RECORD PERIOD 1873 TO 2016


WEATHER ITEM   OBSERVED TIME   RECORD YEAR NORMAL DEPARTURE LAST
                VALUE   (LST)  VALUE       VALUE  FROM      YEAR
                                                  NORMAL
..................................................................
TEMPERATURE (F)
 YESTERDAY
  MAXIMUM         45    344 PM  58    1968  33     12       31
  MINIMUM         27   1154 PM  -7    1971  19      8       18
  AVERAGE         36                        26     10       25

PRECIPITATION (IN)
  YESTERDAY        0.00                      0.06  -0.06     0.67
  MONTH TO DATE    0.00                      0.06  -0.06     0.67
  SINCE DEC 1      4.45                      4.79  -0.34     3.81
  SINCE JAN 1      1.47                      2.11  -0.64     2.72

SNOWFALL (IN)
  YESTERDAY        0.0                       0.4   -0.4     10.0
  MONTH TO DATE    0.0                       0.4   -0.4     10.0
  SINCE DEC 1      5.9                      19.4  -13.5     22.2
  SINCE JUL 1      9.4                      21.5  -12.1     25.0
  SNOW DEPTH       0

DEGREE DAYS
 HEATING
  YESTERDAY       29                        39    -10       40
  MONTH TO DATE   29                        39    -10       40
  SINCE DEC 1   1951                      2355   -404     2395
  SINCE JUL 1   2961                      3588   -627     3833

 COOLING
  YESTERDAY        0                         0      0        0
  MONTH TO DATE    0                         0      0        0
  SINCE DEC 1      0                         0      0        0
  SINCE JAN 1      0                         0      0        0
..................................................................


WIND (MPH)
  HIGHEST WIND SPEED    25   HIGHEST WIND DIRECTION     W (270)
  HIGHEST GUST SPEED    34   HIGHEST GUST DIRECTION     W (270)
  AVERAGE WIND SPEED     6.0


SKY COVER
  POSSIBLE SUNSHINE  MM
  AVERAGE SKY COVER 0.5


WEATHER CONDITIONS
 THE FOLLOWING WEATHER WAS RECORDED YESTERDAY.
  NO SIGNIFICANT WEATHER WAS OBSERVED.


RELATIVE HUMIDITY (PERCENT)
 HIGHEST    92           800 PM
 LOWEST     58           300 PM
 AVERAGE    75

..........................................................


THE TOLEDO OH CLIMATE NORMALS FOR TODAY
                         NORMAL    RECORD    YEAR
 MAXIMUM TEMPERATURE (F)   33        56      1903
 MINIMUM TEMPERATURE (F)   19       -11      1951


SUNRISE AND SUNSET
FEBRUARY  2 2016......SUNRISE   747 AM EST   SUNSET   552 PM EST
FEBRUARY  3 2016......SUNRISE   745 AM EST   SUNSET   553 PM EST


-  INDICATES NEGATIVE NUMBERS.
R  INDICATES RECORD WAS SET OR TIED.
MM INDICATES DATA IS MISSING.
T  INDICATES TRACE AMOUNT.




$$
