000
CDUS41 KCLE 020525
CLITOL


CLIMATE REPORT
NATIONAL WEATHER SERVICE CLEVELAND OH
1225 AM EST MON JAN 2 2017


...................................

...THE TOLEDO OH CLIMATE SUMMARY FOR JANUARY 1 2017...

CLIMATE NORMAL PERIOD 1981 TO 2010
CLIMATE RECORD PERIOD 1873 TO 2017


WEATHER ITEM   OBSERVED TIME   RECORD YEAR NORMAL DEPARTURE LAST
                VALUE   (LST)  VALUE       VALUE  FROM      YEAR
                                                  NORMAL
..................................................................
TEMPERATURE (F)
 YESTERDAY
  MAXIMUM         39    415 PM  66    1876  33      6       29
  MINIMUM         23    838 AM -15    1879  19      4       24
  AVERAGE         31                        26      5       27

PRECIPITATION (IN)
  YESTERDAY        0.00                      0.08  -0.08      T
  MONTH TO DATE    0.00                      0.08  -0.08      T
  SINCE DEC 1      2.48                      2.76  -0.28     2.98
  SINCE JAN 1      0.00                      0.08  -0.08      T

SNOWFALL (IN)
  YESTERDAY        0.0                       0.3   -0.3       T
  MONTH TO DATE    0.0                       0.3   -0.3       T
  SINCE DEC 1     13.2                       7.7    5.5       T
  SINCE JUL 1     13.2                       9.8    3.4      3.5
  SNOW DEPTH       0

DEGREE DAYS
 HEATING
  YESTERDAY       34                        39     -5       38
  MONTH TO DATE   34                        39     -5       38
  SINCE DEC 1   1192                      1131     61      778
  SINCE JUL 1   2116                      2364   -248     1788

 COOLING
  YESTERDAY        0                         0      0        0
  MONTH TO DATE    0                         0      0        0
  SINCE DEC 1      0                         0      0        0
  SINCE JAN 1      0                         0      0        0
..................................................................


WIND (MPH)
  HIGHEST WIND SPEED    13   HIGHEST WIND DIRECTION     S (180)
  HIGHEST GUST SPEED    16   HIGHEST GUST DIRECTION     S (180)
  AVERAGE WIND SPEED     3.5


SKY COVER
  POSSIBLE SUNSHINE  MM
  AVERAGE SKY COVER 0.1


WEATHER CONDITIONS
 THE FOLLOWING WEATHER WAS RECORDED YESTERDAY.
  NO SIGNIFICANT WEATHER WAS OBSERVED.


RELATIVE HUMIDITY (PERCENT)
 HIGHEST    96           700 AM
 LOWEST     54           300 PM
 AVERAGE    75

..........................................................


THE TOLEDO OH CLIMATE NORMALS FOR TODAY
                         NORMAL    RECORD    YEAR
 MAXIMUM TEMPERATURE (F)   33        59      1876
 MINIMUM TEMPERATURE (F)   19        -9      1879


SUNRISE AND SUNSET
JANUARY  2 2017.......SUNRISE   802 AM EST   SUNSET   517 PM EST
JANUARY  3 2017.......SUNRISE   802 AM EST   SUNSET   518 PM EST


-  INDICATES NEGATIVE NUMBERS.
R  INDICATES RECORD WAS SET OR TIED.
MM INDICATES DATA IS MISSING.
T  INDICATES TRACE AMOUNT.




$$
