000
CDUS41 KCLE 210539
CLITOL


CLIMATE REPORT
NATIONAL WEATHER SERVICE CLEVELAND OH
127 AM EDT THU MAY 21 2015


...................................

...THE TOLEDO OH CLIMATE SUMMARY FOR MAY 20 2015...

CLIMATE NORMAL PERIOD 1981 TO 2010
CLIMATE RECORD PERIOD 1873 TO 2015


WEATHER ITEM   OBSERVED TIME   RECORD YEAR NORMAL DEPARTURE LAST
                VALUE   (LST)  VALUE       VALUE  FROM      YEAR
                                                  NORMAL
..................................................................
TEMPERATURE (F)
 YESTERDAY
  MAXIMUM         55    418 PM  92    1962  72    -17       80
  MINIMUM         37    553 AM  33    1981  50    -13       53
  AVERAGE         46                        61    -15       67

PRECIPITATION (IN)
  YESTERDAY        0.02                      0.12  -0.10     0.04
  MONTH TO DATE    1.54                      2.24  -0.70     1.62
  SINCE MAR 1      5.57                      7.91  -2.34     6.32
  SINCE JAN 1      9.19                     12.03  -2.84    13.50

SNOWFALL (IN)
  YESTERDAY        0.0                       0.0    0.0      0.0
  MONTH TO DATE    0.0                       0.1   -0.1      0.0
  SINCE MAR 1      5.4                       7.1   -1.7     12.8
  SINCE JUL 1     45.7                      37.6    8.1     86.3
  SNOW DEPTH       0

DEGREE DAYS
 HEATING
  YESTERDAY       19                         6     13        0
  MONTH TO DATE   97                       160    -63      185
  SINCE MAR 1   1570                      1486     84     1784
  SINCE JUL 1   6826                      6062    764     7110

 COOLING
  YESTERDAY        0                         2     -2        2
  MONTH TO DATE   54                        19     35       26
  SINCE MAR 1     54                        27     27       28
  SINCE JAN 1     54                        27     27       28
..................................................................


WIND (MPH)
  HIGHEST WIND SPEED    14   HIGHEST WIND DIRECTION    NE (50)
  HIGHEST GUST SPEED    21   HIGHEST GUST DIRECTION    NE (30)
  AVERAGE WIND SPEED     6.4


SKY COVER
  POSSIBLE SUNSHINE  MM
  AVERAGE SKY COVER 0.3


WEATHER CONDITIONS
 THE FOLLOWING WEATHER WAS RECORDED YESTERDAY.
  LIGHT RAIN


RELATIVE HUMIDITY (PERCENT)
 HIGHEST    76           200 AM
 LOWEST     38           400 PM
 AVERAGE    57

..........................................................


THE TOLEDO OH CLIMATE NORMALS FOR TODAY
                         NORMAL    RECORD    YEAR
 MAXIMUM TEMPERATURE (F)   73        91      1887
 MINIMUM TEMPERATURE (F)   50        32      1967
                                             1964
                                             1883


SUNRISE AND SUNSET
MAY 21 2015...........SUNRISE   611 AM EDT   SUNSET   853 PM EDT
MAY 22 2015...........SUNRISE   610 AM EDT   SUNSET   854 PM EDT


-  INDICATES NEGATIVE NUMBERS.
R  INDICATES RECORD WAS SET OR TIED.
MM INDICATES DATA IS MISSING.
T  INDICATES TRACE AMOUNT.




$$
