000
CDUS41 KCLE 080530
CLITOL


CLIMATE REPORT
NATIONAL WEATHER SERVICE CLEVELAND OH
129 AM EDT SUN OCT 8 2017


...................................

...THE TOLEDO OH CLIMATE SUMMARY FOR OCTOBER 7 2017...

CLIMATE NORMAL PERIOD 1981 TO 2010
CLIMATE RECORD PERIOD 1873 TO 2017


WEATHER ITEM   OBSERVED TIME   RECORD YEAR NORMAL DEPARTURE LAST
                VALUE   (LST)  VALUE       VALUE  FROM      YEAR
                                                  NORMAL
..................................................................
TEMPERATURE (F)
 YESTERDAY
  MAXIMUM         84    342 PM  91    1963  66     18       82
  MINIMUM         63   1159 PM  23    1964  44     19       55
  AVERAGE         74                        55     19       69

PRECIPITATION (IN)
  YESTERDAY        0.19                      0.09   0.10     0.00
  MONTH TO DATE    1.52                      0.62   0.90     0.23
  SINCE SEP 1      4.16                      3.40   0.76     4.20
  SINCE JAN 1     30.96                     26.72   4.24    27.51

SNOWFALL (IN)
  YESTERDAY        0.0                       0.0    0.0      0.0
  MONTH TO DATE    0.0                       0.0    0.0      0.0
  SINCE SEP 1      0.0                       0.0    0.0      0.0
  SINCE JUL 1      0.0                       0.0    0.0      0.0
  SNOW DEPTH       0

DEGREE DAYS
 HEATING
  YESTERDAY        0                        10    -10        0
  MONTH TO DATE   15                        65    -50       20
  SINCE SEP 1     94                       175    -81       58
  SINCE JUL 1    108                       189    -81       59

 COOLING
  YESTERDAY        9                         1      8        4
  MONTH TO DATE   21                         7     14       14
  SINCE SEP 1    143                        89     54      133
  SINCE JAN 1    736                       791    -55     1022
..................................................................


WIND (MPH)
  HIGHEST WIND SPEED    40   HIGHEST WIND DIRECTION     W (260)
  HIGHEST GUST SPEED    48   HIGHEST GUST DIRECTION     W (270)
  AVERAGE WIND SPEED    10.6


SKY COVER
  POSSIBLE SUNSHINE  MM
  AVERAGE SKY COVER 0.5


WEATHER CONDITIONS
 THE FOLLOWING WEATHER WAS RECORDED YESTERDAY.
  HEAVY RAIN
  RAIN
  LIGHT RAIN
  FOG


RELATIVE HUMIDITY (PERCENT)
 HIGHEST    93           200 AM
 LOWEST     51           200 PM
 AVERAGE    72

..........................................................


THE TOLEDO OH CLIMATE NORMALS FOR TODAY
                         NORMAL    RECORD    YEAR
 MAXIMUM TEMPERATURE (F)   66        92      1939
 MINIMUM TEMPERATURE (F)   44        26      1889


SUNRISE AND SUNSET
OCTOBER  8 2017.......SUNRISE   740 AM EDT   SUNSET   705 PM EDT
OCTOBER  9 2017.......SUNRISE   741 AM EDT   SUNSET   703 PM EDT


-  INDICATES NEGATIVE NUMBERS.
R  INDICATES RECORD WAS SET OR TIED.
MM INDICATES DATA IS MISSING.
T  INDICATES TRACE AMOUNT.




$$
