515
CDUS41 KCLE 250530
CLITOL


CLIMATE REPORT
NATIONAL WEATHER SERVICE CLEVELAND OH
129 AM EDT MON APR 25 2016


...................................

...THE TOLEDO OH CLIMATE SUMMARY FOR APRIL 24 2016...

CLIMATE NORMAL PERIOD 1981 TO 2010
CLIMATE RECORD PERIOD 1873 TO 2016


WEATHER ITEM   OBSERVED TIME   RECORD YEAR NORMAL DEPARTURE LAST
                VALUE   (LST)  VALUE       VALUE  FROM      YEAR
                                                  NORMAL
..................................................................
TEMPERATURE (F)
 YESTERDAY
  MAXIMUM         70    513 PM  88    1925  64      6       59
  MINIMUM         33    613 AM  23    2015  42     -9       23
  AVERAGE         52                        53     -1       41

PRECIPITATION (IN)
  YESTERDAY        0.00                      0.10  -0.10      T
  MONTH TO DATE    2.41                      2.56  -0.15     2.44
  SINCE MAR 1      7.51                      5.04   2.47     3.78
  SINCE JAN 1     10.73                      9.16   1.57     7.40

SNOWFALL (IN)
  YESTERDAY        0.0                       0.0    0.0      0.0
  MONTH TO DATE    8.7                       1.2    7.5      0.0
  SINCE MAR 1     11.4                       6.9    4.5      5.4
  SINCE JUL 1     26.4                      37.4  -11.0     45.7
  SNOW DEPTH       0

DEGREE DAYS
 HEATING
  YESTERDAY       13                        13      0       24
  MONTH TO DATE  468                       407     61      377
  SINCE MAR 1   1142                      1257   -115     1367
  SINCE JUL 1   5040                      5833   -793     6623

 COOLING
  YESTERDAY        0                         0      0        0
  MONTH TO DATE    0                         0      0        0
  SINCE MAR 1      0                         0      0        0
  SINCE JAN 1      0                         0      0        0
..................................................................


WIND (MPH)
  HIGHEST WIND SPEED    15   HIGHEST WIND DIRECTION    NE (60)
  HIGHEST GUST SPEED    18   HIGHEST GUST DIRECTION     E (100)
  AVERAGE WIND SPEED     4.9


SKY COVER
  POSSIBLE SUNSHINE  MM
  AVERAGE SKY COVER 0.0


WEATHER CONDITIONS
 THE FOLLOWING WEATHER WAS RECORDED YESTERDAY.
  NO SIGNIFICANT WEATHER WAS OBSERVED.


RELATIVE HUMIDITY (PERCENT)
 HIGHEST    89           600 AM
 LOWEST     35           500 PM
 AVERAGE    62

..........................................................


THE TOLEDO OH CLIMATE NORMALS FOR TODAY
                         NORMAL    RECORD    YEAR
 MAXIMUM TEMPERATURE (F)   64        88      1990
 MINIMUM TEMPERATURE (F)   42        21      1974


SUNRISE AND SUNSET
APRIL 25 2016.........SUNRISE   640 AM EDT   SUNSET   827 PM EDT
APRIL 26 2016.........SUNRISE   638 AM EDT   SUNSET   828 PM EDT


-  INDICATES NEGATIVE NUMBERS.
R  INDICATES RECORD WAS SET OR TIED.
MM INDICATES DATA IS MISSING.
T  INDICATES TRACE AMOUNT.




$$
