000
CDUS41 KCLE 282113
CLITOL


CLIMATE REPORT
NATIONAL WEATHER SERVICE CLEVELAND OH
512 PM EDT SUN JUN 28 2015


...................................

...THE TOLEDO OH CLIMATE SUMMARY FOR JUNE 28 2015...
VALID TODAY AS OF 0500 PM LOCAL TIME.

CLIMATE NORMAL PERIOD 1981 TO 2010
CLIMATE RECORD PERIOD 1873 TO 2015


WEATHER ITEM   OBSERVED TIME   RECORD YEAR NORMAL DEPARTURE LAST
                VALUE   (LST)  VALUE       VALUE  FROM      YEAR
                                                  NORMAL
..................................................................
TEMPERATURE (F)
 TODAY
  MAXIMUM         76    357 PM 103    2012  84     -8       88
  MINIMUM         59    533 AM  47    1970  62     -3       64
  AVERAGE         68                        73     -5       76

PRECIPITATION (IN)
  TODAY            0.00                      0.11  -0.11     0.01
  MONTH TO DATE    7.22                      3.35   3.87     3.98
  SINCE JUN 1      7.22                      3.35   3.87     3.98
  SINCE JAN 1     19.12                     16.72   2.40    17.83

SNOWFALL (IN)
  TODAY            0.0                       0.0    0.0      0.0
  MONTH TO DATE    0.0                       0.0    0.0      0.0
  SINCE JUN 1      0.0                       0.0    0.0      0.0
  SINCE JUL 1     45.7                      37.6    8.1     86.3
  SNOW DEPTH       0

DEGREE DAYS
 HEATING
  TODAY            0                         0      0        0
  MONTH TO DATE   32                        35     -3       16
  SINCE JUN 1     32                        35     -3       16
  SINCE JUL 1   6893                      6145    748     7132

 COOLING
  TODAY            3                         8     -5       11
  MONTH TO DATE  131                       154    -23      163
  SINCE JUN 1    131                       154    -23      163
  SINCE JAN 1    224                       207     17      225
..................................................................


WIND (MPH)
  HIGHEST WIND SPEED    22   HIGHEST WIND DIRECTION     N (340)
  HIGHEST GUST SPEED    27   HIGHEST GUST DIRECTION     N (350)


SKY COVER
  POSSIBLE SUNSHINE  MM
  AVERAGE SKY COVER 0.6


WEATHER CONDITIONS
 THE FOLLOWING WEATHER WAS RECORDED TODAY.
  NO SIGNIFICANT WEATHER WAS OBSERVED.


RELATIVE HUMIDITY (PERCENT)
 HIGHEST    90          1200 AM
 LOWEST     43           400 PM
 AVERAGE    67

..........................................................


THE TOLEDO OH CLIMATE NORMALS FOR TOMORROW
                         NORMAL    RECORD    YEAR
 MAXIMUM TEMPERATURE (F)   84       100      1952
 MINIMUM TEMPERATURE (F)   62        47      1943


SUNRISE AND SUNSET
JUNE 28 2015..........SUNRISE   603 AM EDT   SUNSET   913 PM EDT
JUNE 29 2015..........SUNRISE   604 AM EDT   SUNSET   913 PM EDT


-  INDICATES NEGATIVE NUMBERS.
R  INDICATES RECORD WAS SET OR TIED.
MM INDICATES DATA IS MISSING.
T  INDICATES TRACE AMOUNT.




$$
