000
CDUS41 KCLE 142212
CLITOL


CLIMATE REPORT
NATIONAL WEATHER SERVICE CLEVELAND OH
511 PM EST SUN DEC 14 2014


...................................

...THE TOLEDO OH CLIMATE SUMMARY FOR DECEMBER 14 2014...
VALID TODAY AS OF 0500 PM LOCAL TIME.

CLIMATE NORMAL PERIOD 1981 TO 2010
CLIMATE RECORD PERIOD 1873 TO 2014


WEATHER ITEM   OBSERVED TIME   RECORD YEAR NORMAL DEPARTURE LAST
                VALUE   (LST)  VALUE       VALUE  FROM      YEAR
                                                  NORMAL
..................................................................
TEMPERATURE (F)
 TODAY
  MAXIMUM         53    336 PM  65    1975  36     17       27
  MINIMUM         44    904 AM  -1    1914  23     21       20
  AVERAGE         49                        30     19       24

PRECIPITATION (IN)
  TODAY            0.00                      0.08  -0.08     0.53
  MONTH TO DATE    0.15                      1.24  -1.09     0.63
  SINCE DEC 1      0.15                      1.24  -1.09     0.63
  SINCE JAN 1     30.76                     32.80  -2.04    34.39

SNOWFALL (IN)
  TODAY            0.0                       0.3   -0.3      7.4
  MONTH TO DATE    T                         2.8   -2.8      8.0
  SINCE DEC 1      T                         2.8   -2.8      8.0
  SINCE JUL 1      2.8                       4.9   -2.1      8.5
  SNOW DEPTH       0

DEGREE DAYS
 HEATING
  TODAY           16                        35    -19       41
  MONTH TO DATE  452                       459     -7      522
  SINCE DEC 1    452                       459     -7      522
  SINCE JUL 1   1890                      1692    198     1870

 COOLING
  TODAY            0                         0      0        0
  MONTH TO DATE    0                         0      0        0
  SINCE DEC 1      0                         0      0        0
  SINCE JAN 1    654                       793   -139      793
..................................................................


WIND (MPH)
  HIGHEST WIND SPEED    15   HIGHEST WIND DIRECTION     W (280)
  HIGHEST GUST SPEED    18   HIGHEST GUST DIRECTION    SW (240)


SKY COVER
  POSSIBLE SUNSHINE  MM
  AVERAGE SKY COVER 1.0


WEATHER CONDITIONS
 THE FOLLOWING WEATHER WAS RECORDED TODAY.
  FOG
  HAZE


RELATIVE HUMIDITY (PERCENT)
 HIGHEST    92          1000 AM
 LOWEST     77           200 PM
 AVERAGE    85

..........................................................


THE TOLEDO OH CLIMATE NORMALS FOR TOMORROW
                         NORMAL    RECORD    YEAR
 MAXIMUM TEMPERATURE (F)   36        65      1933
 MINIMUM TEMPERATURE (F)   23        -5      1914


SUNRISE AND SUNSET
DECEMBER 14 2014......SUNRISE   754 AM EST   SUNSET   506 PM EST
DECEMBER 15 2014......SUNRISE   755 AM EST   SUNSET   506 PM EST


-  INDICATES NEGATIVE NUMBERS.
R  INDICATES RECORD WAS SET OR TIED.
MM INDICATES DATA IS MISSING.
T  INDICATES TRACE AMOUNT.




$$
