000
CDUS41 KCLE 172113
CLITOL


CLIMATE REPORT
NATIONAL WEATHER SERVICE CLEVELAND OH
513 PM EDT THU JUL 17 2014


...................................

...THE TOLEDO OH CLIMATE SUMMARY FOR JULY 17 2014...
VALID TODAY AS OF 0500 PM LOCAL TIME.

CLIMATE NORMAL PERIOD 1981 TO 2010
CLIMATE RECORD PERIOD 1873 TO 2014


WEATHER ITEM   OBSERVED TIME   RECORD YEAR NORMAL DEPARTURE LAST
                VALUE   (LST)  VALUE       VALUE  FROM      YEAR
                                                  NORMAL
..................................................................
TEMPERATURE (F)
 TODAY
  MAXIMUM         78    359 PM 100    2012  85     -7       93
  MINIMUM         54    530 AM  47    1967  63     -9       71
  AVERAGE         66                        74     -8       82

PRECIPITATION (IN)
  TODAY            0.00                      0.11  -0.11     0.00
  MONTH TO DATE    0.29                      1.72  -1.43     1.97
  SINCE JUN 1      4.27                      5.29  -1.02     8.32
  SINCE JAN 1     18.12                     18.66  -0.54    22.82

SNOWFALL (IN)
  TODAY            0.0                       0.0    0.0      0.0
  MONTH TO DATE    0.0                       0.0    0.0      0.0
  SINCE JUN 1      0.0                       0.0    0.0      0.0
  SINCE JUL 1      0.0                       0.0    0.0      0.0
  SNOW DEPTH       0

DEGREE DAYS
 HEATING
  TODAY            0                         0      0        0
  MONTH TO DATE    5                         0      5        1
  SINCE JUN 1     21                        35    -14       32
  SINCE JUL 1      5                         0      5        1

 COOLING
  TODAY            1                         9     -8       17
  MONTH TO DATE   92                       151    -59      158
  SINCE JUN 1    283                       321    -38      320
  SINCE JAN 1    345                       374    -29      414
..................................................................


WIND (MPH)
  HIGHEST WIND SPEED    12   HIGHEST WIND DIRECTION    SW (220)
  HIGHEST GUST SPEED    14   HIGHEST GUST DIRECTION     W (250)


SKY COVER
  POSSIBLE SUNSHINE  MM
  AVERAGE SKY COVER 0.4


WEATHER CONDITIONS
 THE FOLLOWING WEATHER WAS RECORDED TODAY.
  NO SIGNIFICANT WEATHER WAS OBSERVED.


RELATIVE HUMIDITY (PERCENT)
 HIGHEST    93           300 AM
 LOWEST     30           300 PM
 AVERAGE    62

..........................................................


THE TOLEDO OH CLIMATE NORMALS FOR TOMORROW
                         NORMAL    RECORD    YEAR
 MAXIMUM TEMPERATURE (F)   85        96      2011
                                             1942
                                             1930
 MINIMUM TEMPERATURE (F)   63        47      1971


SUNRISE AND SUNSET
JULY 17 2014..........SUNRISE   616 AM EDT   SUNSET   906 PM EDT
JULY 18 2014..........SUNRISE   617 AM EDT   SUNSET   906 PM EDT


-  INDICATES NEGATIVE NUMBERS.
R  INDICATES RECORD WAS SET OR TIED.
MM INDICATES DATA IS MISSING.
T  INDICATES TRACE AMOUNT.




$$
