000
CDUS41 KCLE 030527
CLITOL


CLIMATE REPORT
NATIONAL WEATHER SERVICE CLEVELAND OH
126 AM EDT THU APR 3 2014


...................................

...THE TOLEDO OH CLIMATE SUMMARY FOR APRIL 2 2014...

CLIMATE NORMAL PERIOD 1981 TO 2010
CLIMATE RECORD PERIOD 1873 TO 2014


WEATHER ITEM   OBSERVED TIME   RECORD YEAR NORMAL DEPARTURE LAST
                VALUE   (LST)  VALUE       VALUE  FROM      YEAR
                                                  NORMAL
..................................................................
TEMPERATURE (F)
 YESTERDAY
  MAXIMUM         55    311 PM  82    1963  54      1       43
  MINIMUM         35    620 AM  19    1881  34      1       21
  AVERAGE         45                        44      1       32

PRECIPITATION (IN)
  YESTERDAY        T                         0.10  -0.10      T
  MONTH TO DATE    0.01                      0.20  -0.19      T
  SINCE MAR 1      1.40                      2.68  -1.28     0.73
  SINCE JAN 1      8.58                      6.80   1.78     7.17

SNOWFALL (IN)
  YESTERDAY       MM                         0.1   MM        0.0
  MONTH TO DATE    0.0                       0.2   -0.2       T
  SINCE MAR 1     11.8                       5.9    5.9      1.4
  SINCE JUL 1     85.3                      36.4   48.9     22.1
  SNOW DEPTH       0

DEGREE DAYS
 HEATING
  YESTERDAY       20                        21     -1       33
  MONTH TO DATE   33                        42     -9       64
  SINCE MAR 1   1151                       892    259     1035
  SINCE JUL 1   6477                      5468   1009     5491

 COOLING
  YESTERDAY        0                         0      0        0
  MONTH TO DATE    0                         0      0        0
  SINCE MAR 1      0                         0      0        0
  SINCE JAN 1      0                         0      0        0
..................................................................


WIND (MPH)
  HIGHEST WIND SPEED    20   HIGHEST WIND DIRECTION     E (70)
  HIGHEST GUST SPEED    23   HIGHEST GUST DIRECTION     E (70)
  AVERAGE WIND SPEED     5.4


SKY COVER
  POSSIBLE SUNSHINE  MM
  AVERAGE SKY COVER 0.4


WEATHER CONDITIONS
 THE FOLLOWING WEATHER WAS RECORDED YESTERDAY.
  LIGHT RAIN
  HAZE


RELATIVE HUMIDITY (PERCENT)
 HIGHEST    70           700 AM
 LOWEST     35           600 PM
 AVERAGE    53

..........................................................


THE TOLEDO OH CLIMATE NORMALS FOR TODAY
                         NORMAL    RECORD    YEAR
 MAXIMUM TEMPERATURE (F)   55        79      2007
 MINIMUM TEMPERATURE (F)   34        15      1879


SUNRISE AND SUNSET
APRIL  3 2014.........SUNRISE   715 AM EDT   SUNSET   803 PM EDT
APRIL  4 2014.........SUNRISE   713 AM EDT   SUNSET   804 PM EDT


-  INDICATES NEGATIVE NUMBERS.
R  INDICATES RECORD WAS SET OR TIED.
MM INDICATES DATA IS MISSING.
T  INDICATES TRACE AMOUNT.




$$
