000
CDUS41 KCLE 110526
CLITOL


CLIMATE REPORT
NATIONAL WEATHER SERVICE CLEVELAND OH
126 AM EDT WED MAY 11 2016


...................................

...THE TOLEDO OH CLIMATE SUMMARY FOR MAY 10 2016...

CLIMATE NORMAL PERIOD 1981 TO 2010
CLIMATE RECORD PERIOD 1873 TO 2016


WEATHER ITEM   OBSERVED TIME   RECORD YEAR NORMAL DEPARTURE LAST
                VALUE   (LST)  VALUE       VALUE  FROM      YEAR
                                                  NORMAL
..................................................................
TEMPERATURE (F)
 YESTERDAY
  MAXIMUM         58    133 PM  90    1936  69    -11       81
  MINIMUM         47    222 AM  27    1966  47      0       62
  AVERAGE         53                        58     -5       72

PRECIPITATION (IN)
  YESTERDAY        0.23                      0.11   0.12     0.34
  MONTH TO DATE    0.71                      1.09  -0.38     0.66
  SINCE MAR 1      9.81                      6.76   3.05     4.69
  SINCE JAN 1     13.03                     10.88   2.15     8.31

SNOWFALL (IN)
  YESTERDAY        0.0                       0.0    0.0      0.0
  MONTH TO DATE    0.0                       0.1   -0.1      0.0
  SINCE MAR 1     11.4                       7.1    4.3      5.4
  SINCE JUL 1     26.4                      37.6  -11.2     45.7
  SNOW DEPTH       0

DEGREE DAYS
 HEATING
  YESTERDAY       12                         8      4        0
  MONTH TO DATE  114                        92     22       26
  SINCE MAR 1   1336                      1418    -82     1499
  SINCE JUL 1   5234                      5994   -760     6755

 COOLING
  YESTERDAY        0                         1     -1        7
  MONTH TO DATE    0                         7     -7       25
  SINCE MAR 1      0                        15    -15       25
  SINCE JAN 1      0                        15    -15       25
..................................................................


WIND (MPH)
  HIGHEST WIND SPEED    20   HIGHEST WIND DIRECTION     E (90)
  HIGHEST GUST SPEED    28   HIGHEST GUST DIRECTION     E (100)
  AVERAGE WIND SPEED    10.9


SKY COVER
  POSSIBLE SUNSHINE  MM
  AVERAGE SKY COVER 1.0


WEATHER CONDITIONS
 THE FOLLOWING WEATHER WAS RECORDED YESTERDAY.
  LIGHT RAIN
  FOG


RELATIVE HUMIDITY (PERCENT)
 HIGHEST    89           400 PM
 LOWEST     77           200 PM
 AVERAGE    83

..........................................................


THE TOLEDO OH CLIMATE NORMALS FOR TODAY
                         NORMAL    RECORD    YEAR
 MAXIMUM TEMPERATURE (F)   69        89      1979
 MINIMUM TEMPERATURE (F)   47        29      1945


SUNRISE AND SUNSET
MAY 11 2016...........SUNRISE   619 AM EDT   SUNSET   844 PM EDT
MAY 12 2016...........SUNRISE   618 AM EDT   SUNSET   845 PM EDT


-  INDICATES NEGATIVE NUMBERS.
R  INDICATES RECORD WAS SET OR TIED.
MM INDICATES DATA IS MISSING.
T  INDICATES TRACE AMOUNT.




$$
